MONTHLY CLIMATOLOGICAL SUMMARY for SEP. 2017 NAME: Estensemeteo CITY: Ferrara STATE: Italy ELEV: 11 LAT: 044:48:49 LONG: -011:41:15 TEMPERATURE ( °C), RAIN (mm), WIND SPEED (kmh) HEAT COOL AVG MEAN DEG DEG WIND DOM DAY TEMP HIGH TIME LOW TIME DAYS DAYS RAIN SPEED HIGH TIME DIR -------------------------------------------------------------------------------------------------------- 01 24.2 31.3 16:32 18.6 00:00 00.0 05.9 08.6 05.9 31.4 18:01 SSE 02 18.7 26.8 12:29 14.4 23:58 00.0 00.4 03.8 05.9 44.4 14:00 W 03 18.5 24.8 18:03 13.9 07:35 00.0 00.2 06.3 07.1 25.9 02:29 W 04 19.7 26.3 16:52 12.4 05:31 00.0 01.4 00.0 03.5 18.5 13:16 ESE 05 21.7 28.3 18:14 15.8 06:57 00.0 03.4 00.0 02.5 18.5 19:45 ENE 06 22.4 28.8 17:29 16.1 07:28 00.0 04.1 00.0 03.1 24.1 18:07 SSE 07 21.4 27.3 13:17 16.2 23:45 00.0 03.1 65.3 05.4 35.1 21:22 E 08 19.8 25.6 17:08 16.1 07:13 00.0 01.5 01.3 03.0 22.2 19:03 E 09 21.3 27.9 17:04 15.6 07:00 00.0 03.0 03.6 04.4 31.4 16:24 SSE 10 18.6 21.9 16:52 16.9 00:21 00.0 00.3 41.7 08.4 29.6 13:48 ESE 11 18.6 20.6 16:35 17.5 07:32 00.0 00.3 07.9 03.7 20.4 13:17 NW 12 17.3 22.4 10:24 13.5 00:00 01.0 00.0 04.1 05.5 37.0 15:50 ENE 13 17.9 24.4 18:13 11.8 07:19 00.4 00.0 00.0 02.4 18.5 15:38 S 14 21.1 27.4 15:57 15.3 04:56 00.0 02.8 00.8 07.3 55.5 18:37 SSW 15 18.0 21.2 14:41 15.4 22:33 00.3 00.0 01.3 05.0 27.8 16:05 NNE 16 16.5 19.8 17:35 14.3 07:40 01.8 00.0 08.4 03.1 33.3 00:11 N 17 18.0 22.9 17:54 13.8 07:55 00.3 00.0 00.0 05.2 29.6 15:10 WSW 18 15.6 20.1 11:38 12.0 05:47 02.7 00.0 07.4 02.2 16.6 01:33 ENE 19 13.1 15.3 16:54 11.8 09:40 05.2 00.0 11.9 07.3 27.8 11:26 NNW 20 16.1 22.6 16:47 11.4 06:06 02.2 00.0 00.0 04.9 20.4 13:18 WSW 21 16.3 22.7 16:43 09.8 07:47 02.0 00.0 00.0 02.1 14.8 11:55 WSW 22 16.9 23.9 16:27 10.8 06:07 01.4 00.0 00.0 01.6 14.8 14:13 W 23 17.6 23.6 15:13 12.1 07:17 00.7 00.0 00.0 01.7 14.8 20:18 SW 24 15.8 18.9 17:31 14.0 05:27 02.5 00.0 21.3 03.0 24.1 19:47 NNE 25 16.2 21.2 14:33 12.8 07:50 02.1 00.0 00.0 05.4 22.2 14:57 N 26 16.6 21.8 16:15 11.9 08:03 01.7 00.0 00.0 03.8 18.5 16:39 N 27 17.7 23.7 16:20 12.6 07:24 00.6 00.0 00.0 02.8 14.8 15:06 NNW 28 18.2 23.5 14:55 13.4 07:33 00.1 00.0 00.0 03.9 20.4 15:30 NNE 29 17.2 22.2 15:57 12.6 07:26 01.1 00.0 00.0 03.7 25.9 12:53 NNE 30 16.7 21.3 15:32 12.6 08:02 01.6 00.0 00.0 03.4 20.4 13:28 NE -------------------------------------------------------------------------------------------------------- 18.3 (18.7) 31.3 day 01 09.8 day 21 027.6 026.3 193.5 04.2 55.5 day 14 N Max >= 30: 1 Max Rain: 65.3 ON 7-09-17 Days of Rain: 15 (> .2mm) 12 (> 2mm) 3 (> 20mm)