MONTHLY CLIMATOLOGICAL SUMMARY for SEP. 2009 NAME: Estensemeteo CITY: Ferrara STATE: Italy ELEV: 11 LAT: 044:48:49 LONG: -011:41:15 TEMPERATURE ( °C), RAIN (mm), WIND SPEED (kmh) HEAT COOL AVG MEAN DEG DEG WIND DOM DAY TEMP HIGH TIME LOW TIME DAYS DAYS RAIN SPEED HIGH TIME DIR ---------------------------------------------------------------------------------------------------------------------------------------------------------- 01 23.6 31.9 16:56 16.2 05:41 00.0 05.3 00.0 02.9 18.5 20:16 W 02 25.0 31.7 17:26 18.8 06:51 00.0 06.7 00.0 03.8 18.5 20:36 NNW 03 26.0 32.3 16:41 20.2 06:56 00.0 07.7 00.0 03.3 18.5 16:51 N 04 26.8 33.2 14:56 19.8 07:06 00.0 08.5 00.0 08.6 48.1 14:16 N 05 22.5 26.1 15:06 17.7 00:00 00.0 04.2 00.0 10.1 42.5 13:46 S 06 19.9 25.0 16:16 13.4 06:41 00.0 01.6 00.0 07.1 33.3 12:56 SSW 07 19.4 25.7 16:41 12.9 07:06 00.0 01.1 00.0 04.3 27.8 15:21 SSW 08 20.2 26.3 16:06 13.9 07:21 00.0 01.9 00.0 05.2 29.6 13:46 SSW 09 20.4 25.2 15:06 15.3 07:01 00.0 02.1 00.0 06.0 31.4 11:06 S 10 21.6 27.9 16:11 16.1 08:11 00.0 03.3 00.0 04.7 25.9 15:36 SSE 11 22.1 28.9 15:56 17.2 04:46 00.0 03.8 00.0 06.3 37.0 15:21 S 12 21.9 26.6 13:01 17.5 06:16 00.0 03.6 00.0 05.9 31.4 13:01 SSW 13 20.2 28.1 15:46 15.1 07:36 00.0 01.9 06.9 04.0 35.1 16:16 WNW 14 16.3 18.5 00:11 15.1 11:16 02.0 00.0 06.1 08.2 37.0 03:01 SSE 15 18.3 22.8 16:56 14.3 05:46 00.0 00.0 22.9 05.2 27.8 22:56 SSW 16 19.1 21.0 14:06 17.7 21:46 00.0 00.8 03.0 06.5 22.2 05:51 SSE 17 20.6 25.2 18:11 17.9 07:16 00.0 02.3 02.3 03.2 22.2 12:53 E 18 22.3 32.1 16:51 17.8 08:01 00.0 04.0 01.3 00.6 09.3 23:01 SE 19 21.6 26.8 14:51 17.6 07:46 00.0 03.3 00.5 02.6 14.8 05:01 ENE 20 21.4 27.0 16:01 17.1 07:21 00.0 03.1 00.0 04.4 18.5 16:51 ESE 21 20.5 24.6 17:31 17.6 07:01 00.0 02.2 00.0 05.8 24.1 13:51 E 22 21.3 27.7 16:26 16.5 07:01 00.0 03.0 00.0 03.3 16.6 15:26 ESE 23 21.0 27.8 17:26 15.1 07:51 00.0 02.7 00.0 03.0 18.5 14:11 ENE 24 20.1 27.1 17:41 15.1 08:21 00.0 01.8 00.0 02.5 14.8 16:31 S 25 20.5 26.9 14:51 14.9 03:36 00.0 02.2 00.0 04.2 24.1 14:21 SW 26 20.3 25.4 14:51 16.1 07:56 00.0 02.0 00.0 03.9 20.4 15:16 S 27 19.7 25.7 17:01 14.3 07:31 00.0 01.4 00.0 03.6 16.6 17:41 SE 28 20.0 26.0 15:41 14.4 07:51 00.0 01.7 00.0 02.0 12.9 13:21 ENE 29 20.7 27.3 16:56 14.4 06:11 00.0 02.4 00.0 03.7 18.5 17:31 NNE 30 20.1 26.1 16:46 14.8 05:21 00.0 01.8 00.0 02.5 22.2 15:21 NE ---------------------------------------------------------------------------------------------------------------------------------------------------------- 21.1 (21.5) 33.2 day 04 12.9 day 07 002.0 086.1 000.0 04.6 48.1 day 04 S Max >= 30: 5 Min <= 30: 30 Max Rain: 22.9 ON 15-09-14 Days of Rain: 7 (> .2mm) 5 (> 2mm) 1 (> 20mm)