MONTHLY CLIMATOLOGICAL SUMMARY for AUG. 2021

NAME: Estensemeteo   CITY: Ferrara STATE: Italy
ELEV: 11 LAT: 044:48:49 LONG: -011:41:15

                            TEMPERATURE ( C), RAIN (mm), WIND SPEED (kmh)

                                               HEAT     COOL           AVG
      MEAN                                     DEG      DEG            WIND                       DOM
DAY   TEMP    HIGH   TIME     LOW    TIME      DAYS     DAYS    RAIN   SPEED    HIGH    TIME      DIR
--------------------------------------------------------------------------------------------------------
01    26.4    32.2   16:37    20.0   00:00     00.0     08.1    01.0   07.3     33.3    20:24     WSW
02    22.9    30.2   15:28    17.4   07:04     00.0     04.6    00.0   03.5     25.9    19:16      SW
03    24.1    31.1   15:50    18.0   04:47     00.0     05.8    00.0   04.1     18.5    22:11     NNE
04    24.5    29.5   14:46    20.2   06:43     00.0     06.2    00.0   04.1     22.2    16:11     ESE
05    24.9    31.1   17:53    19.6   06:45     00.0     06.6    00.0   09.8     40.7    10:23      W 
06    24.8    33.1   17:08    17.6   06:39     00.0     06.5    00.0   05.2     25.9    18:27      S 
07    25.8    34.1   16:07    19.0   04:29     00.0     07.5    00.0   07.4     42.5    18:20     SSE
08    27.7    34.4   16:28    20.2   06:08     00.0     09.4    00.0   04.6     31.4    16:45     WSW
09    25.7    33.2   15:20    16.7   06:26     00.0     07.4    00.0   04.9     25.9    18:47     ENE
10    26.2    33.9   17:11    19.2   06:26     00.0     07.9    00.0   04.1     20.4    18:08      E 
11    27.7    34.8   18:09    20.4   06:50     00.0     09.4    00.0   03.5     20.4    14:10     NNW
12    28.1    35.4   16:26    20.9   06:53     00.0     09.8    00.0   04.6     29.6    15:31      E 
13    28.1    36.1   16:42    22.3   07:17     00.0     09.8    00.0   03.0     14.8    22:28     ESE
14    29.2    37.4   17:01    21.8   06:33     00.0     10.9    00.0   04.2     24.1    18:53      SE
15    29.1    38.3   16:32    22.4   05:16     00.0     10.8    00.0   04.0     29.6    15:00     ESE
16    28.5    36.4   16:03    23.4   07:08     00.0     10.2    00.0   05.7     42.5    21:43     NNE
17    24.9    30.3   16:07    19.7   05:07     00.0     06.6    00.0   05.4     29.6    16:02     ENE
18    23.4    28.4   17:10    17.7   06:06     00.0     05.1    00.0   06.8     27.8    12:30      NE
19    24.0    30.8   16:13    17.9   03:33     00.0     05.7    00.0   05.1     27.8    16:40      E 
20    24.7    32.0   16:10    17.9   06:07     00.0     06.4    00.0   04.8     22.2    18:18      E 
21    25.6    34.1   17:28    18.3   06:40     00.0     07.3    00.0   03.7     33.3    18:33     ESE
22    26.7    35.3   16:05    19.6   06:52     00.0     08.4    00.0   04.7     27.8    17:39      SE
23    22.8    25.6   00:44    19.5   00:00     00.0     04.5    03.6   05.6     33.3    13:28     NNE
24    22.7    29.2   15:30    17.1   04:48     00.0     04.4    00.0   05.5     29.6    15:18     NNE
25    23.3    28.2   16:25    19.0   06:56     00.0     05.0    00.0   06.4     27.8    16:32     ENE
26    22.7    30.9   17:15    14.6   05:55     00.0     04.4    00.0   04.0     29.6    18:38      SE
27    19.3    22.4   18:06    16.7   09:57     00.0     01.0    09.6   07.6     35.1    06:57      E 
28    19.1    25.2   16:50    14.5   06:04     00.0     00.8    00.0   04.8     27.8    12:50     NNE
29    20.1    26.4   17:25    14.2   06:48     00.0     01.8    00.0   05.1     20.4    19:04     NNW
30    19.9    26.9   16:06    13.5   07:00     00.0     01.6    02.6   05.2     27.8    18:53      E 
31    19.2    25.1   14:59    15.1   06:59     00.0     00.9    00.0   04.8     35.1    16:59      E 
--------------------------------------------------------------------------------------------------------
24.6 (24.9)   38.3  day 15     13.5  day 30   000.0    195.3   016.8   05.1     42.6   day 23      E 
Max >=  30: 21
Max Rain: 9.6 ON 27-08-21
Days of Rain: 4 (> .2mm) 3 (> 2mm) 0 (> 20mm)