MONTHLY CLIMATOLOGICAL SUMMARY for AUG. 2019 NAME: Estensemeteo CITY: Ferrara STATE: Italy ELEV: 11 LAT: 044:48:49 LONG: -011:41:15 TEMPERATURE ( °C), RAIN (mm), WIND SPEED (kmh) HEAT COOL AVG MEAN DEG DEG WIND DOM DAY TEMP HIGH TIME LOW TIME DAYS DAYS RAIN SPEED HIGH TIME DIR -------------------------------------------------------------------------------------------------------- 01 27.4 34.6 16:55 21.8 06:23 00.0 09.1 00.0 03.7 20.4 19:14 ESE 02 23.5 30.6 14:39 17.8 17:37 00.0 05.2 11.7 06.4 74.0 17:23 ENE 03 24.1 31.7 16:52 17.3 06:34 00.0 05.8 00.0 04.0 18.5 23:39 S 04 25.0 31.1 15:53 18.8 06:24 00.0 06.7 00.0 06.6 29.6 17:57 ESE 05 25.9 33.8 16:03 19.4 06:51 00.0 07.6 00.0 04.2 22.2 19:27 ESE 06 25.0 33.5 17:25 20.9 06:40 00.0 06.7 00.0 03.9 25.9 17:47 E 07 25.9 32.1 15:54 19.7 06:50 00.0 07.6 00.0 06.8 29.6 16:48 ENE 08 26.1 31.9 15:47 20.9 06:11 00.0 07.8 00.0 04.5 22.2 00:49 NW 09 27.3 34.1 16:01 21.4 06:51 00.0 09.0 00.0 03.9 22.2 19:06 E 10 28.6 35.9 15:47 22.5 06:37 00.0 10.3 00.0 04.2 25.9 17:20 ESE 11 28.6 34.8 14:32 23.6 03:49 00.0 10.3 00.0 05.6 27.8 12:46 E 12 27.5 33.6 14:54 22.9 06:48 00.0 09.2 00.3 04.7 25.9 15:38 NE 13 25.2 32.7 16:35 20.8 22:15 00.0 06.9 06.3 04.6 24.1 20:28 NW 14 23.5 27.7 16:14 20.3 23:52 00.0 05.2 00.0 07.6 37.0 10:47 NE 15 23.5 29.9 16:48 17.6 06:30 00.0 05.2 00.0 03.7 25.9 18:04 ESE 16 23.5 29.2 16:19 17.5 07:00 00.0 05.2 00.0 05.6 48.1 02:06 E 17 24.0 31.6 16:45 16.3 05:55 00.0 05.7 00.0 03.9 29.6 17:37 ESE 18 25.3 32.5 16:33 18.7 05:26 00.0 07.0 00.0 04.0 25.9 18:47 ESE 19 26.5 34.0 16:36 20.5 05:58 00.0 08.2 00.0 03.9 22.2 19:01 ESE 20 27.0 33.8 16:03 21.7 06:34 00.0 08.7 00.0 04.8 24.1 18:43 E 21 26.6 32.8 16:53 22.3 04:19 00.0 08.3 00.0 05.2 22.2 23:15 NNE 22 23.7 26.9 14:41 20.9 07:43 00.0 05.4 00.8 04.8 24.1 00:24 NNE 23 24.0 28.4 16:22 21.0 05:24 00.0 05.7 00.3 03.8 25.9 15:05 NNE 24 25.8 31.6 16:24 20.8 06:21 00.0 07.5 00.0 04.8 25.9 21:22 NNW 25 25.4 32.2 16:35 19.9 06:54 00.0 07.1 00.0 04.2 20.4 14:22 NNW 26 26.4 31.6 16:26 21.3 07:04 00.0 08.1 00.0 03.6 22.2 16:00 NNE 27 26.4 33.3 16:47 20.5 06:06 00.0 08.1 00.0 03.1 18.5 19:16 E 28 25.6 33.2 16:08 21.2 06:23 00.0 07.3 00.5 03.6 29.6 18:20 W 29 26.0 33.4 16:59 20.2 04:32 00.0 07.7 00.0 05.0 20.4 09:32 W 30 27.0 32.7 15:29 21.4 07:00 00.0 08.7 00.0 04.2 24.1 14:42 N 31 26.8 33.5 16:26 22.0 07:01 00.0 08.5 00.0 03.4 29.6 18:58 N -------------------------------------------------------------------------------------------------------- 25.7 (26.3) 35.9 day 10 16.3 day 17 000.0 229.9 019.8 04.6 74.0 day 02 ENE Max >= 30: 26 Max Rain: 11.7 ON 2-08-19 Days of Rain: 6 (> .2mm) 2 (> 2mm) 0 (> 20mm)