MONTHLY CLIMATOLOGICAL SUMMARY for AUG. 2013 NAME: Estensemeteo CITY: Ferrara STATE: Italy ELEV: 11 LAT: 044:48:49 LONG: -011:41:15 TEMPERATURE ( °C), RAIN (mm), WIND SPEED (kmh) HEAT COOL AVG MEAN DEG DEG WIND DOM DAY TEMP HIGH TIME LOW TIME DAYS DAYS RAIN SPEED HIGH TIME DIR ---------------------------------------------------------------------------------------------------------------------------------------------------------- 01 27.8 34.5 19:51 20.6 06:11 00.0 09.5 00.0 02.3 16.6 15:31 SE 02 28.9 36.2 18:21 21.6 07:06 00.0 10.6 00.0 02.6 12.9 16:06 SSW 03 29.8 37.6 16:41 21.4 06:31 00.0 11.5 00.0 03.5 18.5 11:26 WSW 04 30.8 37.4 17:56 25.3 07:51 00.0 12.5 00.0 03.7 16.6 04:21 W 05 30.2 37.1 17:31 23.5 07:06 00.0 11.9 00.0 03.1 18.5 15:36 ESE 06 30.0 37.2 17:16 23.8 06:36 00.0 11.7 00.0 02.6 18.5 19:41 ESE 07 28.9 36.7 15:26 22.5 07:21 00.0 10.6 00.0 03.6 22.2 17:16 E 08 28.5 35.8 16:11 21.4 07:16 00.0 10.2 00.3 05.3 38.9 17:56 NW 09 26.0 30.1 16:46 19.6 07:01 00.0 07.7 00.0 04.8 25.9 11:26 NE 10 27.1 31.2 19:26 19.1 06:19 00.0 08.8 00.0 03.7 20.4 13:21 E 11 26.2 33.5 18:21 19.0 06:51 00.0 07.9 01.0 03.0 20.4 16:36 E 12 28.5 34.5 18:16 20.7 06:19 00.0 10.2 00.0 04.6 22.2 18:31 E 13 20.8 24.8 00:01 18.2 09:51 00.0 02.5 20.6 09.9 42.5 08:41 NE 14 22.5 27.3 18:01 15.8 06:51 00.0 04.2 00.0 05.3 24.1 10:11 NNE 15 23.2 28.8 19:01 16.6 06:36 00.0 04.9 00.0 04.0 18.5 15:46 N 16 26.0 31.4 17:46 17.7 06:54 00.0 07.7 00.0 03.3 16.6 12:51 NNE 17 26.1 32.7 18:56 18.9 07:21 00.0 07.8 00.5 01.4 16.6 14:51 ENE 18 28.0 32.8 18:36 22.4 22:36 00.0 09.7 00.4 02.4 18.5 15:41 ENE 19 25.4 32.6 18:11 18.6 06:36 00.0 07.1 09.9 04.0 44.4 21:01 NE 20 20.4 23.1 18:11 17.7 06:24 00.0 02.1 00.7 09.2 38.9 12:51 NE 21 21.7 26.9 17:51 16.2 06:56 00.0 03.4 00.0 06.9 29.6 13:51 NE 22 22.5 28.3 17:31 16.7 07:11 00.0 04.2 00.0 05.8 22.2 15:11 NE 23 23.2 29.9 16:56 16.7 06:36 00.0 04.9 00.5 03.2 14.8 23:16 E 24 23.6 29.8 17:11 18.2 06:11 00.0 05.3 00.1 04.4 24.1 19:01 ESE 25 22.2 27.1 15:51 18.3 07:31 00.0 03.9 02.5 06.8 35.1 00:11 E 26 20.8 28.4 17:50 16.4 08:06 00.0 02.5 03.6 05.2 27.8 00:36 NNE 27 21.2 26.8 17:28 16.8 06:16 00.0 02.9 05.6 03.6 27.8 22:21 NW 28 22.4 27.2 18:31 16.1 07:14 00.0 04.1 00.3 03.3 18.5 21:41 W 29 23.4 28.0 15:48 18.1 07:19 00.0 05.1 00.0 04.9 25.9 16:59 ESE 30 23.0 28.3 14:44 16.3 06:35 00.0 04.7 00.0 03.6 20.4 15:53 E 31 23.6 28.9 15:57 15.9 06:47 00.0 05.3 00.0 02.6 18.5 18:41 ESE ---------------------------------------------------------------------------------------------------------------------------------------------------------- 25.2 (25.1) 37.6 day 03 15.8 day 14 000.0 215.3 089.2 04.3 44.4 day 19 ENE Max >= 30: 16 Max Rain: 20.6 ON 13-08-15 Days of Rain: 12 (> .2mm) 5 (> 2mm) 1 (> 20mm)