MONTHLY CLIMATOLOGICAL SUMMARY for AUG. 2012 NAME: Estensemeteo CITY: Ferrara STATE: Italy ELEV: 11 LAT: 044:48:49 LONG: -011:41:15 TEMPERATURE ( °C), RAIN (mm), WIND SPEED (kmh) HEAT COOL AVG MEAN DEG DEG WIND DOM DAY TEMP HIGH TIME LOW TIME DAYS DAYS RAIN SPEED HIGH TIME DIR -------------------------------------------------------------------------------------------------------- 01 28.4 34.7 16:59 20.8 06:35 00.0 10.1 00.0 05.0 22.2 14:34 E 02 29.9 35.9 16:09 19.7 06:16 00.0 11.6 00.0 05.4 24.1 18:43 SE 03 29.5 35.7 16:44 20.4 06:38 00.0 11.2 00.0 04.6 25.9 14:48 W 04 29.1 36.1 16:13 19.9 00:00 00.0 10.8 00.0 05.1 24.1 18:18 E 05 27.8 33.1 15:34 19.6 06:42 00.0 09.5 00.0 05.3 27.8 22:14 ENE 06 25.9 31.2 16:04 19.9 06:37 00.0 07.6 00.3 06.6 29.6 13:40 ENE 07 26.8 32.1 16:01 18.7 06:19 00.0 08.5 00.0 06.5 27.8 18:51 ESE 08 24.8 28.7 15:48 18.3 01:11 00.0 06.5 00.0 09.4 31.4 15:59 ESE 09 25.9 30.9 15:42 19.1 06:13 00.0 07.6 00.0 05.2 24.1 18:33 ESE 10 26.4 31.7 15:41 20.3 06:44 00.0 08.1 00.0 05.0 24.1 17:46 ESE 11 28.0 34.6 16:46 20.8 07:16 00.0 09.7 00.0 05.1 27.8 18:06 SE 12 28.7 34.8 16:16 21.7 06:29 00.0 10.4 00.0 04.8 20.4 19:51 NNW 13 27.7 34.3 17:36 20.8 07:06 00.0 09.4 00.0 03.8 18.5 20:06 E 14 27.8 35.6 16:46 20.4 04:26 00.0 09.5 00.0 03.5 27.8 17:11 ESE 15 29.8 35.6 16:06 20.9 06:39 00.0 11.5 00.0 03.7 20.4 18:16 SE 16 30.6 37.6 16:51 21.2 06:35 00.0 12.3 00.0 03.1 24.1 18:11 SE 17 29.5 37.7 16:06 22.3 07:16 00.0 11.2 00.0 03.3 24.1 17:36 SE 18 28.8 37.8 15:11 21.1 06:11 00.0 10.5 00.0 04.4 24.1 18:26 SE 19 30.1 36.7 17:16 23.7 06:29 00.0 11.8 00.0 04.8 25.9 19:31 E 20 30.4 38.4 16:51 22.8 01:01 00.0 12.1 00.0 05.4 31.4 17:21 SSE 21 30.1 37.2 15:56 22.3 06:09 00.0 11.8 00.0 05.6 27.8 16:40 SE 22 25.6 31.7 17:46 17.8 00:54 00.0 07.3 00.0 08.1 51.8 20:22 N 23 23.8 29.5 15:59 15.0 07:07 00.0 05.5 00.0 04.9 24.1 18:03 SE 24 25.3 31.5 16:17 16.1 06:51 00.0 07.0 00.0 04.6 24.1 18:19 SE 25 24.8 32.8 15:49 16.8 06:44 00.0 06.5 00.0 02.2 18.5 15:57 NNE 26 26.2 33.3 14:45 19.3 05:59 00.0 07.9 00.0 03.6 20.4 17:34 ESE 31 23.0 30.8 16:13 17.6 23:01 00.0 04.7 00.5 06.6 40.7 16:40 S -------------------------------------------------------------------------------------------------------- 27.6 (27.0) 38.4 day 20 15.0 day 23 000.0 250.5 000.8 05.0 51.8 day 22 ESE Max >= 30: 25 Max Rain: 0.5 ON 31-08-19 Days of Rain: 2 (> .2mm) 0 (> 2mm) 0 (> 20mm)