MONTHLY CLIMATOLOGICAL SUMMARY for AUG. 2008 NAME: Estensemeteo CITY: Ferrara STATE: Italy ELEV: 11 LAT: 044:48:49 LONG: -011:41:15 TEMPERATURE ( °C), RAIN (mm), WIND SPEED (kmh) HEAT COOL AVG MEAN DEG DEG WIND DOM DAY TEMP HIGH TIME LOW TIME DAYS DAYS RAIN SPEED HIGH TIME DIR ---------------------------------------------------------------------------------------------------------------------------------------------------------- 01 27.8 34.9 16:46 21.2 03:36 00.0 09.5 00.0 03.0 25.9 18:56 SE 02 27.2 33.6 17:11 21.1 06:26 00.0 08.9 00.0 04.0 16.6 17:06 NW 03 27.8 34.5 16:06 21.8 06:01 00.0 09.5 00.0 03.7 20.4 19:16 SE 04 28.4 34.2 16:36 22.3 06:16 00.0 10.1 00.0 03.3 18.5 13:11 W 05 28.2 33.8 17:46 22.6 06:56 00.0 09.9 00.0 04.8 24.1 11:36 W 06 27.1 32.4 16:06 23.5 06:41 00.0 08.8 00.0 04.7 20.4 15:36 E 07 26.0 32.6 18:01 20.8 06:46 00.0 07.7 06.9 04.7 33.3 01:21 NNW 08 26.9 34.1 14:56 21.9 06:41 00.0 08.6 01.0 04.2 27.8 00:00 WNW 09 23.8 30.7 18:11 17.2 06:41 00.0 05.5 00.0 04.9 27.8 00:06 ENE 10 24.6 31.3 17:26 17.1 04:16 00.0 06.3 00.0 04.0 27.8 18:51 ESE 11 25.2 32.3 15:41 18.1 06:31 00.0 06.9 00.0 05.1 29.6 19:31 ESE 12 26.0 34.4 16:46 19.1 06:06 00.0 07.7 00.0 05.9 29.6 17:11 SSE 13 27.9 34.4 15:46 22.2 06:41 00.0 09.6 00.0 05.1 22.2 20:41 SSE 14 26.8 33.8 17:46 21.2 06:31 00.0 08.5 00.0 04.9 29.6 18:11 ENE 15 23.9 31.4 13:51 17.2 15:16 00.0 05.6 30.2 05.0 66.6 15:01 S 16 21.2 27.8 16:56 16.3 07:11 00.0 02.9 00.0 06.9 25.9 04:26 NW 17 22.2 27.8 17:11 17.6 07:11 00.0 03.9 00.0 04.6 22.2 15:16 NNE 18 22.8 30.6 17:16 16.5 06:31 00.0 04.5 00.0 03.9 27.8 18:16 ESE 19 24.6 31.6 16:56 18.2 06:51 00.0 06.3 00.0 03.8 27.8 17:26 ESE 20 25.4 33.3 17:56 19.4 05:01 00.0 07.1 00.5 03.5 18.5 20:26 SE 21 25.6 32.3 16:36 20.1 07:21 00.0 07.3 00.0 04.4 20.4 13:36 ENE 22 25.7 32.8 15:06 19.3 06:51 00.0 07.4 00.0 05.3 27.8 18:21 SE 23 24.7 31.6 17:01 18.9 06:11 00.0 06.4 00.0 05.4 37.0 17:41 SSW 24 22.3 28.0 16:31 17.9 07:31 00.0 04.0 00.0 05.8 31.4 03:21 E 25 22.3 29.4 16:31 15.8 07:21 00.0 04.0 00.0 03.9 18.5 19:21 ENE 26 22.9 30.1 16:11 15.7 07:01 00.0 04.6 00.0 04.6 25.9 13:41 NE 27 24.0 30.0 16:21 18.6 07:01 00.0 05.7 00.0 05.2 24.1 14:01 NNE 28 24.8 30.7 15:31 18.9 07:11 00.0 06.5 00.0 05.3 25.9 16:41 NNE 29 25.3 33.3 17:01 18.2 05:11 00.0 07.0 00.0 03.3 18.5 19:31 SSE 30 24.8 32.2 15:01 18.4 07:31 00.0 06.5 00.0 04.4 27.8 16:41 ESE 31 24.5 30.3 14:11 19.4 07:11 00.0 06.2 00.0 06.3 25.9 18:11 E ---------------------------------------------------------------------------------------------------------------------------------------------------------- 25.2 (25.6) 34.9 day 01 15.7 day 26 000.0 213.3 000.0 04.6 66.6 day 15 ESE Max >= 30: 27 Min <= 30: 31 Max Rain: 30.2 ON 15-08-14 Days of Rain: 4 (> .2mm) 2 (> 2mm) 1 (> 20mm)