MONTHLY CLIMATOLOGICAL SUMMARY for JUL. 2020 NAME: Estensemeteo CITY: Ferrara STATE: Italy ELEV: 11 LAT: 044:48:49 LONG: -011:41:15 TEMPERATURE ( �C), RAIN (mm), WIND SPEED (kmh) HEAT COOL AVG MEAN DEG DEG WIND DOM DAY TEMP HIGH TIME LOW TIME DAYS DAYS RAIN SPEED HIGH TIME DIR -------------------------------------------------------------------------------------------------------- 01 27.4 34.8 16:55 20.9 06:46 00.0 09.1 00.0 03.5 20.4 18:01 ESE 02 25.8 31.7 17:35 20.7 08:49 00.0 07.5 17.0 05.0 20.4 19:23 E 03 23.9 29.0 14:00 19.1 02:40 00.0 05.6 19.6 06.5 51.8 02:06 NE 04 24.6 29.8 17:12 19.5 05:15 00.0 06.3 00.0 04.6 29.6 05:12 N 05 26.1 32.2 16:24 19.4 05:57 00.0 07.8 00.0 02.7 18.5 12:34 ESE 06 27.6 34.3 16:10 21.1 06:17 00.0 09.3 00.0 04.3 22.2 17:57 SE 07 22.9 26.7 17:25 17.9 06:12 00.0 04.6 01.0 12.0 55.5 05:20 E 08 22.8 29.9 15:22 15.4 04:46 00.0 04.5 00.0 04.5 24.1 16:52 SE 09 24.5 32.4 17:36 16.2 05:27 00.0 06.2 00.0 04.0 20.4 19:32 SE 10 26.5 34.1 15:22 18.8 05:31 00.0 08.2 00.0 05.4 27.8 19:08 SE 11 24.5 31.8 15:40 19.1 18:37 00.0 06.2 41.6 05.0 79.5 18:42 NE 12 22.3 27.5 16:58 17.0 05:49 00.0 04.0 00.0 06.4 29.6 15:47 ENE 13 22.0 26.9 14:25 16.5 05:56 00.0 03.7 00.0 05.5 25.9 11:52 ENE 14 21.9 27.3 16:36 15.9 06:22 00.0 03.6 00.0 03.9 25.9 14:07 NE 15 23.0 29.6 16:32 15.3 05:56 00.0 04.7 00.0 03.7 29.6 18:27 SSE 16 23.4 29.9 15:47 16.7 05:57 00.0 05.1 00.0 03.2 22.2 20:07 SE 17 22.2 27.8 16:39 18.6 10:00 00.0 03.9 23.4 06.5 29.6 07:19 E 18 22.6 27.5 16:52 18.1 06:45 00.0 04.3 01.3 05.8 25.9 18:25 ESE 19 23.1 30.8 12:27 16.0 06:15 00.0 04.8 00.0 04.1 24.1 19:37 SE 20 25.1 32.5 16:22 17.8 05:59 00.0 06.8 00.0 04.4 24.1 19:19 SE 21 26.1 33.8 17:35 19.1 06:23 00.0 07.8 00.0 03.3 18.5 20:57 ESE 22 26.7 33.0 16:11 20.9 05:45 00.0 08.4 00.0 02.9 18.5 22:46 ENE 23 24.9 31.2 16:49 18.8 06:14 00.0 06.6 18.8 03.8 46.3 00:57 SSE 24 21.3 24.4 08:59 18.1 12:07 00.0 03.0 22.1 07.1 40.7 11:03 NNW 25 24.0 30.7 16:31 17.4 06:34 00.0 05.7 00.0 05.2 22.2 17:32 SSW 26 25.1 32.6 17:55 17.5 06:20 00.0 06.8 00.0 03.1 18.5 19:52 SSE 27 26.0 32.2 16:24 20.3 01:43 00.0 07.7 00.0 04.5 20.4 14:32 E 28 27.0 34.1 16:28 20.3 05:40 00.0 08.7 00.0 02.9 20.4 19:47 ESE 29 27.5 34.2 16:24 21.9 05:27 00.0 09.2 00.0 04.9 22.2 15:19 ESE 30 29.0 35.3 18:00 23.3 06:13 00.0 10.7 00.0 03.0 16.6 22:03 ESE 31 29.3 35.9 17:01 24.0 23:36 00.0 11.0 00.0 03.8 38.9 18:31 WSW -------------------------------------------------------------------------------------------------------- 24.8 (24.9) 35.9 day 31 15.3 day 15 000.0 201.9 144.8 04.7 79.6 day 11 ESE Max >= 30: 19 Max Rain: 23.4 ON 17-07-20 Days of Rain: 8 (> .2mm) 6 (> 2mm) 3 (> 20mm)