MONTHLY CLIMATOLOGICAL SUMMARY for JUL. 2018 NAME: Estensemeteo CITY: Ferrara STATE: Italy ELEV: 11 LAT: 044:48:49 LONG: -011:41:15 TEMPERATURE ( °C), RAIN (mm), WIND SPEED (kmh) HEAT COOL AVG MEAN DEG DEG WIND DOM DAY TEMP HIGH TIME LOW TIME DAYS DAYS RAIN SPEED HIGH TIME DIR -------------------------------------------------------------------------------------------------------- 01 24.7 28.4 15:54 21.2 05:31 00.0 06.4 00.0 07.4 25.9 18:07 E 02 25.0 31.4 16:04 20.2 06:09 00.0 06.7 00.0 03.8 20.4 19:42 E 03 26.0 32.3 16:36 21.3 04:04 00.0 07.7 00.5 03.8 20.4 21:58 ESE 04 25.9 32.9 17:43 20.4 05:37 00.0 07.6 00.0 04.8 24.1 00:36 W 05 26.2 31.7 14:48 20.6 06:24 00.0 07.9 00.0 03.5 22.2 16:58 WSW 06 24.7 30.9 15:21 19.4 06:23 00.0 06.4 00.0 03.6 22.2 17:18 WNW 07 26.1 33.0 16:04 18.7 06:17 00.0 07.8 02.0 04.2 33.3 23:48 SSE 08 26.4 32.0 16:14 21.2 05:36 00.0 08.1 00.3 07.0 33.3 02:12 SE 09 25.5 31.9 17:03 18.8 06:03 00.0 07.2 00.0 05.4 31.4 02:12 ESE 10 26.4 32.2 16:20 21.1 06:31 00.0 08.1 00.0 06.9 29.6 12:34 ESE 11 21.2 24.9 14:51 18.6 06:11 00.0 02.9 01.0 04.7 35.1 02:32 NE 12 24.3 29.9 18:50 19.6 05:18 00.0 06.0 00.0 03.0 24.1 20:08 ENE 13 25.7 32.5 18:42 20.0 06:45 00.0 07.4 00.0 03.6 20.4 06:10 E 14 26.8 33.4 15:24 20.2 06:26 00.0 08.5 07.1 04.1 31.4 22:43 ESE 15 25.8 32.8 15:41 19.9 06:47 00.0 07.5 00.0 02.6 31.4 13:52 ESE 16 22.4 29.3 14:52 18.1 00:00 00.0 04.1 07.1 05.0 44.4 04:51 E 17 24.4 31.3 18:12 17.8 06:18 00.0 06.1 00.0 03.8 18.5 16:47 WSW 18 27.6 34.6 18:15 20.1 06:57 00.0 09.3 00.0 02.9 20.4 16:07 SW 19 28.1 35.6 19:13 20.1 06:22 00.0 09.8 00.0 01.9 18.5 12:20 SSW 20 26.5 35.4 18:08 21.1 06:34 00.0 08.2 24.6 03.4 38.9 18:43 S 21 23.4 30.1 17:26 20.6 06:02 00.0 05.1 00.3 03.0 29.6 11:12 N 22 24.2 30.4 15:53 19.1 06:44 00.0 05.9 00.0 04.1 22.2 14:26 W 23 25.0 32.3 17:32 19.4 06:40 00.0 06.7 00.0 04.9 20.4 13:32 NNW 24 27.0 33.9 18:14 19.6 06:35 00.0 08.7 00.0 02.8 25.9 16:37 S 25 28.1 34.9 17:53 20.5 06:54 00.0 09.8 00.0 01.7 18.5 16:19 SSE 26 27.2 33.0 17:12 22.4 06:09 00.0 08.9 07.6 03.8 31.4 12:17 ESE 27 27.1 34.8 18:48 20.3 06:42 00.0 08.8 00.0 02.9 18.5 21:02 SE 28 27.7 35.4 17:31 20.8 06:35 00.0 09.4 00.0 03.6 20.4 20:33 W 29 28.0 34.1 16:23 22.6 06:20 00.0 09.7 00.0 03.1 24.1 16:50 NNW 30 29.1 36.3 18:04 23.8 07:00 00.0 10.8 00.0 02.0 12.9 16:59 WSW 31 30.7 37.7 17:29 24.2 07:10 00.0 12.4 00.0 01.9 14.8 13:15 SSE -------------------------------------------------------------------------------------------------------- 26.0 (26.5) 37.7 day 31 17.8 day 17 000.0 240.0 050.8 03.8 44.4 day 16 ESE Max >= 30: 27 Max Rain: 24.6 ON 20-07-18 Days of Rain: 9 (> .2mm) 4 (> 2mm) 1 (> 20mm)