MONTHLY CLIMATOLOGICAL SUMMARY for JUL. 2015 NAME: Estensemeteo CITY: Ferrara STATE: Italy ELEV: 11 LAT: 044:48:49 LONG: -011:41:15 TEMPERATURE ( °C), RAIN (mm), WIND SPEED (kmh) HEAT COOL AVG MEAN DEG DEG WIND DOM DAY TEMP HIGH TIME LOW TIME DAYS DAYS RAIN SPEED HIGH TIME DIR -------------------------------------------------------------------------------------------------------- 01 25.0 31.8 15:53 17.5 05:53 00.0 06.7 00.0 05.5 24.1 16:49 ESE 02 26.2 32.9 15:38 18.9 04:57 00.0 07.9 00.0 04.8 20.4 17:33 ESE 03 26.9 34.1 16:54 19.9 05:56 00.0 08.6 00.0 03.0 22.2 20:11 E 04 27.3 34.4 16:54 20.2 05:13 00.0 09.0 00.0 03.9 20.4 18:52 ESE 05 28.2 34.5 16:03 21.7 05:59 00.0 09.9 00.0 04.0 18.5 19:28 ESE 06 28.6 35.6 14:57 21.9 06:14 00.0 10.3 00.0 04.1 22.2 17:18 ESE 07 29.2 36.0 15:21 23.3 05:24 00.0 10.9 00.0 04.4 24.1 18:43 ESE 08 29.5 35.9 17:14 23.6 06:07 00.0 11.2 00.0 04.2 18.5 14:41 WSW 09 25.2 29.0 17:37 21.6 00:00 00.0 06.9 00.0 06.6 25.9 09:30 NE 10 24.1 29.5 16:03 18.1 06:06 00.0 05.8 00.0 05.3 24.1 14:52 ESE 11 24.6 32.6 16:26 16.4 05:31 00.0 06.3 00.0 04.3 27.8 17:53 SE 12 26.4 33.2 17:44 19.1 03:36 00.0 08.1 00.0 04.6 18.5 20:29 ESE 13 26.7 32.2 16:04 20.7 05:17 00.0 08.4 00.0 04.0 18.5 16:17 ESE 14 26.9 33.2 15:51 20.8 06:12 00.0 08.6 00.0 04.9 22.2 18:42 ESE 15 27.8 33.8 14:21 21.7 05:10 00.0 09.5 00.0 05.5 22.2 18:02 ESE 16 28.8 36.0 16:41 22.4 05:21 00.0 10.5 00.0 04.1 22.2 18:51 E 17 29.5 37.2 17:33 23.8 06:08 00.0 11.2 00.0 04.1 24.1 19:16 E 18 29.9 36.3 15:42 23.9 04:41 00.0 11.6 00.0 04.1 18.5 00:16 SW 19 30.3 36.7 17:11 23.3 06:30 00.0 12.0 00.0 03.8 16.6 16:57 WSW 20 29.7 37.1 18:13 21.9 07:01 00.0 11.4 00.0 03.9 20.4 19:43 SW 21 30.1 37.0 16:46 23.2 06:18 00.0 11.8 00.0 03.7 20.4 18:32 SE 22 30.5 37.1 16:47 23.9 05:17 00.0 12.2 00.0 03.8 27.8 21:28 SE 23 30.2 38.1 16:38 23.2 06:17 00.0 11.9 00.0 04.0 16.6 21:34 SSW 24 28.9 35.1 16:09 23.8 06:11 00.0 10.6 00.0 05.2 24.1 03:22 NE 25 27.5 32.7 17:32 21.6 06:16 00.0 09.2 00.0 05.8 22.2 12:08 SW 26 25.0 29.2 14:34 21.0 06:46 00.0 06.7 00.0 07.0 25.9 12:06 ENE 27 26.3 33.7 16:56 20.6 06:44 00.0 08.0 00.0 05.0 27.8 18:48 SSE 28 25.9 32.5 17:03 20.1 06:18 00.0 07.6 00.0 04.9 24.1 20:10 ENE 29 26.7 34.2 17:21 20.3 05:46 00.0 08.4 00.0 07.1 29.6 18:14 SW 30 23.7 28.4 16:09 20.1 05:16 00.0 05.4 00.3 07.1 29.6 14:07 NE 31 22.5 27.9 16:51 18.1 04:27 00.0 04.2 00.3 07.9 33.3 04:06 NE -------------------------------------------------------------------------------------------------------- 27.4 (27.5) 38.1 day 23 16.4 day 11 000.0 280.9 000.5 04.9 33.3 day 31 ESE Max >= 30: 26 Max Rain: 0.3 ON 30-07-15 Days of Rain: 2 (> .2mm) 0 (> 2mm) 0 (> 20mm)