MONTHLY CLIMATOLOGICAL SUMMARY for JUL. 2012 NAME: Estensemeteo CITY: Ferrara STATE: Italy ELEV: 11 LAT: 044:48:49 LONG: -011:41:15 TEMPERATURE ( °C), RAIN (mm), WIND SPEED (kmh) HEAT COOL AVG MEAN DEG DEG WIND DOM DAY TEMP HIGH TIME LOW TIME DAYS DAYS RAIN SPEED HIGH TIME DIR -------------------------------------------------------------------------------------------------------- 01 31.4 38.7 17:05 22.7 06:42 00.0 13.1 00.0 04.1 18.5 19:14 E 02 32.4 38.7 14:45 23.4 06:14 00.0 14.1 00.0 06.2 31.4 14:52 SE 03 27.5 33.4 16:46 21.1 06:13 00.0 09.2 00.0 05.6 24.1 08:55 W 04 28.6 34.4 15:55 20.7 06:33 00.0 10.3 00.0 05.0 27.8 17:33 SSE 05 28.5 35.1 17:00 19.9 06:15 00.0 10.2 00.0 04.2 20.4 19:24 SW 06 25.0 30.4 11:43 21.9 13:34 00.0 06.7 00.3 03.6 42.5 12:56 NNE 07 27.4 32.7 17:30 18.8 06:38 00.0 09.1 00.0 06.1 22.2 13:44 SW 08 29.4 36.2 16:15 20.8 00:03 00.0 11.1 00.0 04.8 24.1 16:50 ESE 09 29.2 34.8 18:22 20.9 06:45 00.0 10.9 00.0 05.4 20.4 18:28 WSW 10 29.9 35.6 18:50 22.3 06:29 00.0 11.6 00.0 04.3 20.4 20:57 SSE 11 29.5 34.3 18:07 22.1 06:47 00.0 11.2 00.0 06.4 25.9 23:13 WSW 12 27.3 33.6 16:52 20.2 06:39 00.0 09.0 00.0 05.4 22.2 18:10 E 13 26.7 32.5 19:08 19.3 06:28 00.0 08.4 00.0 06.2 29.6 19:29 SW 14 29.4 34.7 16:20 19.1 06:24 00.0 11.1 00.0 05.0 31.4 16:36 SW 15 26.8 31.3 15:10 21.1 00:00 00.0 08.5 00.0 08.0 29.6 15:38 NE 16 23.8 29.4 18:01 18.2 06:23 00.0 05.5 00.0 06.3 27.8 11:36 NE 17 24.5 32.4 18:00 16.1 03:56 00.0 06.2 00.0 03.2 18.5 19:53 ESE 18 27.5 33.9 17:25 18.5 06:39 00.0 09.2 00.0 05.6 29.6 17:56 ESE 19 27.5 36.2 16:30 18.9 06:18 00.0 09.2 00.0 03.1 18.5 14:50 WNW 20 28.2 36.3 15:54 21.2 07:08 00.0 09.9 00.0 04.7 27.8 17:22 SSE 21 24.7 29.9 12:40 21.1 06:01 00.0 06.4 00.0 07.4 38.9 18:49 N 22 23.8 26.8 15:54 18.7 06:50 00.0 05.5 00.0 15.5 46.3 11:59 ENE 23 23.8 27.6 18:16 20.2 00:03 00.0 05.5 00.3 14.1 51.8 10:59 NE 24 25.5 29.7 17:27 18.6 06:14 00.0 07.2 00.0 06.8 31.4 14:25 ENE 25 26.8 32.3 16:10 18.9 06:37 00.0 08.5 00.0 04.4 24.1 18:03 ESE 26 28.5 34.6 17:26 19.7 00:09 00.0 10.2 00.0 03.0 16.6 20:11 SE 27 29.8 36.5 16:43 20.2 06:12 00.0 11.5 00.0 04.0 24.1 18:28 ESE 28 29.2 36.9 15:59 21.4 04:47 00.0 10.9 00.0 04.5 22.2 19:29 E 29 28.3 35.6 18:01 21.3 06:59 00.0 10.0 00.0 04.6 27.8 19:53 W 30 28.3 33.2 16:27 20.6 06:51 00.0 10.0 00.0 05.1 24.1 12:59 ENE 31 27.1 32.7 16:57 20.8 06:55 00.0 08.8 00.0 04.7 22.2 03:14 NE -------------------------------------------------------------------------------------------------------- 27.6 (26.9) 38.7 day 02 16.1 day 17 000.0 288.9 000.5 05.7 51.8 day 06 E Max >= 30: 26 Max Rain: 0.3 ON 6-07-15 Days of Rain: 2 (> .2mm) 0 (> 2mm) 0 (> 20mm)