MONTHLY CLIMATOLOGICAL SUMMARY for JUN. 2023 NAME: Estensemeteo CITY: Ferrara STATE: Italy ELEV: 11 LAT: 044:48:49 LONG: -011:41:15 TEMPERATURE ( °C), RAIN (mm), WIND SPEED (kmh) HEAT COOL AVG MEAN DEG DEG WIND DOM DAY TEMP HIGH TIME LOW TIME DAYS DAYS RAIN SPEED HIGH TIME DIR -------------------------------------------------------------------------------------------------------- 01 22.0 28.7 17:43 15.6 06:29 00.0 03.7 00.0 03.6 18.5 20:52 WNW 02 23.1 29.9 16:32 16.2 05:37 00.0 04.8 00.0 03.2 18.5 20:07 SSW 03 21.4 29.2 16:27 17.0 05:39 00.0 03.1 00.8 05.1 38.9 17:56 N 04 20.8 27.6 14:11 17.2 05:42 00.0 02.5 07.2 04.8 29.6 16:52 ENE 05 18.5 20.4 18:56 17.0 07:54 00.0 00.2 03.4 04.4 20.4 16:39 NNE 06 20.3 25.1 14:46 17.1 04:18 00.0 02.0 00.4 04.1 25.9 18:18 NNE 07 20.5 26.7 14:45 16.6 06:19 00.0 02.2 03.2 03.2 24.1 16:50 N 08 22.3 28.6 17:57 16.9 05:01 00.0 04.0 00.0 03.3 22.2 18:17 WSW 09 23.7 31.2 17:57 17.2 05:52 00.0 05.4 00.0 03.2 18.5 03:10 S 10 21.3 25.6 20:10 18.4 06:37 00.0 03.0 12.2 03.9 16.6 15:01 WNW 11 22.7 28.7 17:14 16.9 05:44 00.0 04.4 00.0 05.6 25.9 19:06 NNE 12 23.2 29.3 16:44 17.9 05:47 00.0 04.9 00.0 06.2 33.3 12:27 E 13 21.6 26.4 16:22 17.8 08:19 00.0 03.3 00.0 07.7 27.8 09:39 E 14 22.1 27.4 15:32 17.6 05:49 00.0 03.8 00.0 04.5 27.8 15:44 E 15 22.8 28.4 17:52 17.0 05:33 00.0 04.5 00.0 05.6 27.8 12:02 NNE 16 24.0 29.9 17:22 17.9 05:35 00.0 05.7 01.4 04.6 31.4 23:21 NNW 17 23.5 31.3 17:00 15.4 05:42 00.0 05.2 00.0 04.2 29.6 00:23 S 18 25.0 32.6 18:11 16.8 06:27 00.0 06.7 00.0 04.2 27.8 18:57 SSE 19 26.2 33.6 18:23 19.8 06:28 00.0 07.9 00.0 04.5 18.5 22:38 SW 20 26.7 32.8 17:29 20.9 06:27 00.0 08.4 00.0 04.3 18.5 13:09 WSW 21 27.7 34.0 17:28 21.5 05:36 00.0 09.4 00.0 05.3 18.5 16:16 WSW 22 28.0 36.5 16:15 21.3 06:43 00.0 09.7 00.0 04.0 18.5 19:27 SE 23 26.6 32.5 16:45 21.6 06:07 00.0 08.3 00.0 06.0 29.6 17:24 WNW 24 25.6 30.5 17:12 20.3 06:27 00.0 07.3 00.0 06.3 29.6 17:28 ENE 25 25.4 31.2 18:06 19.6 06:52 00.0 07.1 00.0 05.5 37.0 11:07 ENE 26 26.7 34.3 18:30 18.8 06:20 00.0 08.4 00.0 04.2 18.5 22:09 SSE 27 26.7 35.0 15:50 19.1 06:03 00.0 08.4 03.4 05.1 31.4 23:14 ENE 28 22.8 26.5 17:42 19.3 06:14 00.0 04.5 00.2 06.8 29.6 16:20 E 29 24.8 30.0 16:09 19.8 06:13 00.0 06.5 00.0 06.1 25.9 15:30 ESE 30 22.0 27.6 11:24 17.3 06:17 00.0 03.7 23.4 05.5 37.0 12:32 SE -------------------------------------------------------------------------------------------------------- 23.6 (24.0) 36.5 day 22 15.4 day 17 000.0 159.0 055.6 04.8 38.9 day 30 E Max >= 30: 13 Max Rain: 23.4 ON 30-06-23 Days of Rain: 10 (> .2mm) 6 (> 2mm) 1 (> 20mm)