MONTHLY CLIMATOLOGICAL SUMMARY for JUN. 2019 NAME: Estensemeteo CITY: Ferrara STATE: Italy ELEV: 11 LAT: 044:48:49 LONG: -011:41:15 TEMPERATURE ( °C), RAIN (mm), WIND SPEED (kmh) HEAT COOL AVG MEAN DEG DEG WIND DOM DAY TEMP HIGH TIME LOW TIME DAYS DAYS RAIN SPEED HIGH TIME DIR -------------------------------------------------------------------------------------------------------- 01 22.3 29.6 16:58 14.5 06:22 00.0 04.0 00.0 04.0 18.5 15:52 WNW 02 24.4 31.2 16:57 17.1 06:47 00.0 06.1 00.0 04.4 18.5 14:15 SSW 03 25.4 32.6 16:54 19.4 05:59 00.0 07.1 00.0 04.5 18.5 21:30 SSE 04 25.4 32.7 16:42 19.2 06:51 00.0 07.1 00.0 05.2 24.1 18:23 SSE 05 24.1 32.1 17:49 18.2 06:05 00.0 05.8 00.0 03.9 25.9 18:39 ESE 06 23.1 29.3 17:19 18.1 03:53 00.0 04.8 00.0 04.8 25.9 11:13 SW 07 22.1 29.3 15:22 15.4 05:27 00.0 03.8 00.0 05.4 29.6 16:40 SE 08 23.8 30.9 17:05 19.2 00:27 00.0 05.5 00.0 04.7 29.6 17:59 E 09 24.7 31.2 14:14 18.5 05:43 00.0 06.4 00.0 04.9 24.1 15:48 ESE 10 24.3 29.6 16:57 20.2 06:24 00.0 06.0 00.0 07.3 31.4 11:05 E 11 25.6 32.3 16:11 20.7 06:13 00.0 07.3 00.0 05.9 24.1 16:30 SE 12 26.7 33.3 17:51 20.9 05:41 00.0 08.4 00.0 04.9 25.9 14:07 S 13 25.0 32.8 18:06 17.8 06:34 00.0 06.7 00.0 05.7 22.2 19:37 WSW 14 24.1 31.1 14:19 17.3 06:21 00.0 05.8 00.0 06.7 33.3 15:40 ESE 15 26.8 32.2 17:27 21.2 06:30 00.0 08.5 00.0 05.4 22.2 12:57 W 16 26.4 32.6 17:38 19.2 06:31 00.0 08.1 00.0 06.1 24.1 11:59 W 17 26.3 31.8 17:39 19.8 06:15 00.0 08.0 00.0 06.3 25.9 17:59 ESE 18 26.1 32.2 18:27 19.3 04:13 00.0 07.8 00.0 04.4 22.2 14:46 ENE 19 27.3 34.2 18:58 20.1 06:19 00.0 09.0 00.0 04.0 20.4 17:18 SSW 20 27.4 35.2 17:18 19.8 06:00 00.0 09.1 00.0 04.7 22.2 18:42 WSW 21 26.6 34.1 16:38 19.4 06:34 00.0 08.3 00.0 04.7 29.6 19:07 SW 22 22.6 26.6 14:31 19.1 00:00 00.0 04.3 11.9 06.5 35.1 17:02 NE 23 24.2 31.7 19:20 17.4 06:09 00.0 05.9 00.0 04.5 18.5 13:05 W 24 27.0 33.8 15:45 19.8 05:57 00.0 08.7 00.0 04.1 25.9 16:52 SSE 25 28.3 34.8 17:14 20.7 05:55 00.0 10.0 00.0 03.5 18.5 19:06 E 26 29.4 36.1 16:22 22.8 06:37 00.0 11.1 00.0 04.1 22.2 17:05 ENE 27 31.5 38.7 18:25 23.2 05:51 00.0 13.2 00.0 04.0 24.1 13:05 WSW 28 29.7 34.6 15:11 24.7 23:53 00.0 11.4 00.0 07.9 37.0 10:57 ESE 29 28.2 32.7 16:17 22.7 06:06 00.0 09.9 00.0 09.1 35.1 08:52 ESE 30 27.9 36.7 17:13 19.7 05:42 00.0 09.6 00.0 03.3 24.1 18:55 SE -------------------------------------------------------------------------------------------------------- 25.9 (26.0) 38.7 day 27 14.5 day 01 000.0 227.5 011.9 05.2 37.0 day 22 SE Max >= 30: 25 Max Rain: 11.9 ON 22-06-19 Days of Rain: 1 (> .2mm) 1 (> 2mm) 0 (> 20mm)