MONTHLY CLIMATOLOGICAL SUMMARY for JUN. 2018 NAME: Estensemeteo CITY: Ferrara STATE: Italy ELEV: 11 LAT: 044:48:49 LONG: -011:41:15 TEMPERATURE ( °C), RAIN (mm), WIND SPEED (kmh) HEAT COOL AVG MEAN DEG DEG WIND DOM DAY TEMP HIGH TIME LOW TIME DAYS DAYS RAIN SPEED HIGH TIME DIR -------------------------------------------------------------------------------------------------------- 01 23.7 28.9 18:19 18.4 06:42 00.0 05.4 00.0 05.1 22.2 13:25 WSW 02 24.4 31.2 17:53 18.3 06:25 00.0 06.1 00.0 04.0 18.5 22:14 SW 03 24.2 31.5 17:26 17.9 05:42 00.0 05.9 00.0 03.5 20.4 18:54 ESE 04 22.4 30.2 16:39 19.0 00:00 00.0 04.1 15.0 03.3 33.3 17:19 E 05 23.2 30.8 17:50 17.7 06:30 00.0 04.9 00.0 04.1 24.1 20:14 W 06 23.9 29.8 17:07 18.4 06:02 00.0 05.6 00.0 02.9 20.4 23:40 WSW 07 23.9 30.4 15:12 19.1 04:17 00.0 05.6 00.0 04.7 29.6 18:25 NW 08 20.4 25.1 19:47 16.8 07:08 00.0 02.1 37.8 04.7 37.0 03:09 NW 09 24.0 30.4 18:06 17.9 06:28 00.0 05.7 00.0 06.6 29.6 10:39 WNW 10 25.5 31.7 19:37 19.4 06:12 00.0 07.2 00.0 04.3 20.4 12:32 WSW 11 26.2 33.8 15:54 20.2 06:04 00.0 07.9 00.0 03.1 20.4 17:49 SSE 12 25.1 31.9 16:14 19.2 22:37 00.0 06.8 00.0 04.4 55.5 18:27 SW 13 22.9 27.3 14:25 18.3 06:28 00.0 04.6 00.0 05.5 33.3 15:25 W 14 22.0 27.6 17:51 17.3 03:24 00.0 03.7 14.2 05.0 46.3 02:22 E 15 23.1 27.3 17:11 18.4 05:55 00.0 04.8 00.0 04.7 25.9 14:25 E 16 24.4 29.4 16:07 18.9 06:32 00.0 06.1 00.0 02.9 22.2 16:35 ENE 17 25.5 31.8 16:17 19.0 06:28 00.0 07.2 00.0 02.4 18.5 16:25 SE 18 25.3 31.9 18:12 19.4 05:22 00.0 07.0 00.0 03.0 27.8 07:53 NNW 19 26.2 31.9 17:10 20.0 05:00 00.0 07.9 00.0 02.9 24.1 16:11 E 20 26.2 31.6 15:50 19.4 06:42 00.0 07.9 00.0 03.3 22.2 12:59 ESE 21 27.0 33.8 16:37 20.3 06:04 00.0 08.7 00.0 03.4 29.6 20:53 S 22 22.2 24.5 14:00 19.2 23:44 00.0 03.9 00.8 08.3 46.3 15:38 E 23 20.7 25.5 15:42 14.4 06:15 00.0 02.4 00.0 06.4 29.6 14:01 ESE 24 21.0 27.3 15:22 13.6 05:44 00.0 02.7 00.0 05.3 29.6 12:20 SE 25 19.1 24.3 18:22 15.2 03:31 00.0 00.8 11.4 04.3 24.1 17:43 NE 26 21.9 26.9 17:02 16.5 04:28 00.0 03.6 00.0 04.1 27.8 16:17 NE 27 22.4 28.4 16:30 16.2 06:16 00.0 04.1 00.0 03.9 29.6 13:05 SE 28 22.1 29.1 14:37 15.0 05:59 00.0 03.8 00.0 03.8 20.4 21:04 WNW 29 25.3 32.1 18:18 17.1 06:40 00.0 07.0 00.0 03.9 20.4 13:41 W 30 27.7 35.9 17:20 20.1 06:08 00.0 09.4 00.0 04.8 20.4 18:37 SSW -------------------------------------------------------------------------------------------------------- 23.7 (23.9) 35.9 day 30 13.6 day 24 000.0 163.0 079.3 04.3 55.5 day 14 SE Max >= 30: 16 Max Rain: 37.8 ON 8-06-18 Days of Rain: 5 (> .2mm) 4 (> 2mm) 1 (> 20mm)