MONTHLY CLIMATOLOGICAL SUMMARY for JUN. 2013 NAME: Estensemeteo CITY: Ferrara STATE: Italy ELEV: 11 LAT: 044:48:49 LONG: -011:41:15 TEMPERATURE ( °C), RAIN (mm), WIND SPEED (kmh) HEAT COOL AVG MEAN DEG DEG WIND DOM DAY TEMP HIGH TIME LOW TIME DAYS DAYS RAIN SPEED HIGH TIME DIR ---------------------------------------------------------------------------------------------------------------------------------------------------------- 01 18.3 23.3 14:21 12.4 07:06 00.0 00.0 00.0 04.5 20.4 19:26 SE 02 19.6 24.9 18:36 13.7 07:16 00.0 01.3 00.0 05.1 20.4 19:21 NNE 03 19.7 24.8 18:01 14.7 06:03 00.0 01.4 00.0 03.3 18.5 00:51 ESE 04 21.2 26.6 19:11 14.3 06:03 00.0 02.9 00.0 04.0 22.2 19:31 SSW 05 21.4 26.3 14:31 16.3 07:21 00.0 03.1 00.3 04.0 22.2 19:41 SE 06 22.0 26.9 16:16 16.9 06:33 00.0 03.7 00.0 04.1 31.4 18:21 ESE 07 23.3 28.8 16:11 15.3 06:04 00.0 05.0 00.0 02.6 16.6 20:16 ESE 08 24.8 29.9 15:06 16.0 06:08 00.0 06.5 00.0 03.0 27.8 18:51 S 09 20.6 27.5 13:01 16.7 00:00 00.0 02.3 00.5 05.7 42.5 14:56 S 10 19.9 23.7 17:51 14.9 00:56 00.0 01.6 00.0 05.1 24.1 13:41 WSW 11 20.9 28.6 16:11 14.3 06:21 00.0 02.6 00.0 04.6 25.9 19:36 WSW 12 24.9 30.4 16:21 18.2 06:08 00.0 06.6 14.5 04.3 20.4 18:51 SE 13 24.8 29.8 15:41 18.9 06:11 00.0 06.5 00.0 03.8 24.1 14:46 SSE 14 24.3 30.7 14:11 15.8 06:01 00.0 06.0 00.0 04.7 31.4 15:11 SE 15 25.6 32.2 16:01 19.1 06:41 00.0 07.3 00.0 03.7 18.5 17:41 SSW 16 26.3 33.4 18:41 20.3 05:16 00.0 08.0 00.0 04.3 18.5 20:31 WSW 17 28.8 35.0 17:06 20.8 06:38 00.0 10.5 00.0 03.8 22.2 18:01 SE 18 29.7 35.4 14:51 22.0 01:21 00.0 11.4 00.0 04.9 25.9 18:36 SE 19 29.8 35.7 15:16 22.8 06:09 00.0 11.5 00.0 04.8 27.8 16:11 SE 20 28.9 35.9 16:26 20.9 06:16 00.0 10.6 00.0 06.1 31.4 18:31 SSW 21 27.3 32.6 16:26 20.4 06:53 00.0 09.0 00.0 03.9 16.6 16:51 SW 22 26.3 31.0 17:21 17.7 00:31 00.0 08.0 00.0 07.4 31.4 13:41 W 23 26.2 32.1 17:11 18.4 06:48 00.0 07.9 00.0 06.2 25.9 18:56 SSW 24 21.1 23.9 12:21 19.1 00:00 00.0 02.8 00.0 05.2 25.9 17:21 WNW 25 21.5 28.8 15:46 14.1 06:46 00.0 03.2 00.0 07.1 38.9 18:36 SSW 26 19.7 24.2 17:41 15.0 08:06 00.0 01.4 01.0 03.9 29.6 00:21 ESE 27 18.8 24.9 15:21 13.7 06:21 00.0 00.5 00.3 05.9 27.8 16:21 ENE 28 16.9 21.3 19:31 13.6 07:46 01.4 00.0 00.3 04.3 20.4 11:51 N 29 20.4 24.8 15:11 12.6 06:09 00.0 02.1 00.0 04.4 18.5 18:41 WNW 30 21.7 29.6 17:41 13.8 06:51 00.0 03.4 00.0 04.6 22.2 19:16 SSW ---------------------------------------------------------------------------------------------------------------------------------------------------------- 23.2 (22.8) 35.9 day 20 12.4 day 01 001.4 147.0 017.3 04.6 42.6 day 25 S Max >= 30: 11 Min <= 30: 30 Max Rain: 14.5 ON 12-06-14 Days of Rain: 6 (> .2mm) 1 (> 2mm) 0 (> 20mm)