MONTHLY CLIMATOLOGICAL SUMMARY for JUN. 2011

NAME: Estensemeteo   CITY: Ferrara STATE: Italy
ELEV: 11 LAT: 044:48:49 LONG: -011:41:15

                            TEMPERATURE ( C), RAIN (mm), WIND SPEED (kmh)

                                               HEAT     COOL           AVG
      MEAN                                     DEG      DEG            WIND                       DOM
DAY   TEMP    HIGH   TIME     LOW    TIME      DAYS     DAYS    RAIN   SPEED    HIGH    TIME      DIR
--------------------------------------------------------------------------------------------------------
01    21.9    27.2   14:46    18.3   08:11     00.0     03.6    00.5   05.3     27.8    14:56      SE
02    22.1    28.4   15:46    16.0   05:26     00.0     03.8    00.0   04.2     24.1    17:21      E 
03    22.9    27.1   16:01    18.4   06:51     00.0     04.6    00.0   05.7     29.6    15:56     ENE
04    23.8    29.6   17:01    18.4   06:26     00.0     05.5    00.0   05.0     24.1    21:01     ESE
05    21.7    28.6   15:31    17.6   06:46     00.0     03.4    00.3   06.5     38.9    18:41      SE
06    19.0    23.1   18:36    16.1   06:06     00.0     00.7    16.8   04.3     20.4    11:11     ENE
07    18.6    22.4   18:11    16.6   06:16     00.0     00.3    14.2   05.2     29.6    12:51     NNE
08    19.7    25.0   12:51    16.4   07:21     00.0     01.4    06.3   04.2     35.1    13:51      W 
09    20.5    25.6   18:06    17.2   05:41     00.0     02.2    01.0   03.6     24.1    20:41     WSW
10    20.3    25.6   18:41    16.8   05:01     00.0     02.0    08.4   03.0     14.8    00:11     NNW
11    20.4    24.6   16:31    18.5   08:36     00.0     02.1    00.0   04.0     25.9    19:26     NNW
12    21.8    27.1   18:21    16.6   06:26     00.0     03.5    00.0   03.1     14.8    13:51     ESE
13    21.3    24.4   18:21    18.8   07:01     00.0     03.0    00.0   02.9     14.8    13:16     WNW
14    22.7    27.7   17:36    17.3   07:06     00.0     04.4    00.0   03.8     20.4    14:36     NNE
15    24.3    30.4   17:51    17.6   06:26     00.0     06.0    00.0   03.6     20.4    12:21      E 
16    25.1    31.6   15:26    17.2   06:11     00.0     06.8    00.0   04.4     24.1    15:31      SE
17    25.0    30.7   15:46    19.7   07:16     00.0     06.7    00.0   03.7     18.5    10:41      SW
18    25.1    29.1   13:26    19.8   06:21     00.0     06.8    00.0   09.0     38.9    21:06     SSW
19    22.7    26.2   13:01    18.2   23:56     00.0     04.4    00.0   06.5     27.8    13:46     NNE
20    22.1    28.8   17:31    16.3   05:51     00.0     03.8    00.0   04.9     20.4    18:46      E 
21    24.3    30.5   16:11    17.7   06:11     00.0     06.0    00.0   04.7     22.2    17:01     ESE
22    25.7    33.1   15:41    18.9   05:01     00.0     07.4    00.0   03.8     22.2    20:16     ESE
23    25.7    32.2   17:36    20.1   06:11     00.0     07.4    00.0   03.8     24.1    19:06     WNW
24    23.1    27.9   13:31    19.2   00:00     00.0     04.8    00.0   06.5     29.6    15:46     NNE
25    23.1    28.8   17:21    17.5   06:21     00.0     04.8    00.0   05.6     20.4    19:16      E 
26    23.8    31.6   17:31    15.7   06:06     00.0     05.5    00.0   04.3     22.2    19:01      SE
27    24.7    30.9   17:06    17.9   05:06     00.0     06.4    00.0   04.5     22.2    18:21     ESE
28    26.0    33.2   17:41    19.4   06:21     00.0     07.7    00.0   03.7     22.2    19:06     ESE
29    26.6    32.7   15:26    20.2   06:16     00.0     08.3    00.0   05.1     27.8    23:51     ESE
30    24.4    30.3   18:31    20.2   06:56     00.0     06.1    02.3   03.4     27.8    00:06      SE
--------------------------------------------------------------------------------------------------------
22.9 (23.2)   33.2  day 28     15.7  day 26   000.0    139.4   049.8   04.6     38.9   day 18     ESE
Max >=  30: 11
Max Rain: 16.8 ON 6-06-21
Days of Rain: 8 (> .2mm) 5 (> 2mm) 0 (> 20mm)