MONTHLY CLIMATOLOGICAL SUMMARY for JUN. 2009 NAME: Estensemeteo CITY: Ferrara STATE: Italy ELEV: 11 LAT: 044:48:49 LONG: -011:41:15 TEMPERATURE ( °C), RAIN (mm), WIND SPEED (kmh) HEAT COOL AVG MEAN DEG DEG WIND DOM DAY TEMP HIGH TIME LOW TIME DAYS DAYS RAIN SPEED HIGH TIME DIR ---------------------------------------------------------------------------------------------------------------------------------------------------------- 01 17.1 21.2 14:46 14.2 06:21 01.2 00.0 00.0 04.8 18.5 16:56 ENE 02 20.4 26.8 19:01 13.6 06:51 00.0 02.1 00.0 05.3 24.1 11:21 NE 03 22.4 29.8 18:46 14.0 06:01 00.0 04.1 00.0 05.2 22.2 16:01 SSW 04 21.4 28.0 17:46 15.6 05:31 00.0 03.1 00.0 05.6 25.9 20:01 NNE 05 21.4 26.6 16:31 16.3 06:31 00.0 03.1 00.0 03.6 27.8 17:16 S 06 23.2 28.7 16:46 17.1 06:31 00.0 04.9 00.0 12.0 48.1 15:46 S 07 22.9 28.1 18:01 18.6 06:31 00.0 04.6 00.0 06.9 29.6 19:16 SSW 08 21.5 28.6 16:16 15.1 06:01 00.0 03.2 00.0 05.7 29.6 19:31 ESE 09 22.3 28.3 18:16 15.7 06:01 00.0 04.0 00.0 06.5 31.4 17:46 S 10 22.8 28.2 19:31 16.0 05:01 00.0 04.5 00.0 04.5 22.2 16:16 SW 11 23.7 30.3 17:46 16.3 06:46 00.0 05.4 00.0 06.7 31.4 18:01 WSW 12 23.5 30.2 17:31 18.3 07:16 00.0 05.2 00.0 06.2 27.8 19:31 ENE 13 24.0 30.2 17:31 17.5 03:16 00.0 05.7 00.0 06.7 31.4 12:01 E 14 26.1 34.7 18:01 19.4 06:31 00.0 07.8 00.0 04.4 27.8 18:31 E 15 27.4 34.7 17:16 20.1 04:31 00.0 09.1 00.0 04.2 18.5 17:01 SW 16 20.3 26.3 00:16 18.9 00:00 00.0 02.0 00.0 01.6 09.3 23:53 SW 17 23.8 32.1 17:36 17.4 06:56 00.0 05.5 00.3 04.1 25.9 18:46 SSE 18 25.3 32.3 14:36 17.1 05:36 00.0 07.0 00.0 06.5 29.6 17:26 ESE 19 20.1 22.7 18:41 16.7 00:00 00.0 01.8 03.8 09.4 44.4 13:01 NE 20 19.9 25.0 16:06 13.8 03:36 00.0 01.6 00.0 08.6 46.3 11:01 ENE 21 19.2 25.4 13:31 15.1 22:51 00.0 00.9 01.5 05.6 38.9 19:31 SW 22 18.3 25.3 14:16 13.9 05:36 00.0 00.0 00.3 06.2 35.1 16:51 S 23 20.6 27.4 18:21 15.4 05:26 00.0 02.3 00.8 04.0 18.5 23:01 S 24 22.9 28.9 13:26 17.7 06:26 00.0 04.6 02.3 08.8 35.1 17:06 ESE 25 21.9 28.1 18:31 17.4 06:01 00.0 03.6 06.9 04.2 42.5 00:36 ESE 26 20.9 28.4 14:41 17.7 09:41 00.0 02.6 04.1 02.8 18.5 14:11 SE 27 22.3 24.0 00:00 18.3 07:21 00.0 04.0 00.0 00.8 09.3 01:41 SSW 28 24.0 24.0 00:00 24.0 00:00 00.0 05.7 00.0 00.0 00.0 00:00 SW 29 24.0 24.0 00:00 24.0 00:00 00.0 05.7 00.0 00.0 00.0 00:00 SW 30 24.0 24.0 00:00 24.0 00:00 00.0 05.7 00.0 00.0 00.0 00:00 SW ---------------------------------------------------------------------------------------------------------------------------------------------------------- 22.3 (22.5) 34.7 day 15 13.6 day 02 001.2 119.8 021.8 05.0 48.1 day 20 SE Max >= 30: 7 Min <= 30: 30 Max Rain: 6.9 ON 25-06-14 Days of Rain: 8 (> .2mm) 4 (> 2mm) 0 (> 20mm)