MONTHLY CLIMATOLOGICAL SUMMARY for MAY. 2016 NAME: Estensemeteo CITY: Ferrara STATE: Italy ELEV: 11 LAT: 044:48:49 LONG: -011:41:15 TEMPERATURE ( °C), RAIN (mm), WIND SPEED (kmh) HEAT COOL AVG MEAN DEG DEG WIND DOM DAY TEMP HIGH TIME LOW TIME DAYS DAYS RAIN SPEED HIGH TIME DIR -------------------------------------------------------------------------------------------------------- 01 12.2 13.9 15:29 11.1 10:02 06.1 00.0 29.2 06.7 31.4 07:35 NE 02 14.3 18.8 17:04 11.1 07:39 04.0 00.0 07.1 08.5 33.3 13:53 N 03 17.0 23.4 17:59 10.8 06:57 01.3 00.0 01.5 06.3 44.4 21:09 WSW 04 17.3 23.5 17:03 12.4 06:06 01.0 00.0 00.0 05.5 20.4 08:05 WSW 05 16.2 20.9 17:57 11.0 06:50 02.1 00.0 00.0 05.6 25.9 13:57 ENE 06 17.3 23.6 18:34 10.2 06:44 01.0 00.0 00.0 03.3 18.5 15:58 S 07 17.1 24.0 15:47 09.1 07:04 01.2 00.0 00.0 03.9 22.2 17:37 SE 08 17.8 23.2 13:41 12.1 05:42 00.5 00.0 00.0 06.5 27.8 13:30 ESE 09 17.7 21.1 17:39 15.5 04:04 00.6 00.0 00.0 03.5 18.5 17:57 ENE 10 18.4 23.5 12:54 15.0 05:32 00.0 00.1 00.0 04.0 22.2 18:20 ENE 11 16.5 17.8 14:57 15.6 22:18 01.8 00.0 03.6 07.1 24.1 16:37 ENE 12 17.5 21.7 14:04 14.2 07:50 00.8 00.0 21.6 05.0 25.9 18:10 WSW 13 15.3 18.6 11:12 13.1 02:23 03.0 00.0 03.6 04.4 18.5 16:11 SW 14 17.1 23.7 17:18 13.8 05:47 01.2 00.0 14.2 04.1 31.4 20:23 NNE 15 15.8 22.2 15:56 12.4 17:15 02.5 00.0 21.6 05.5 40.7 16:56 ESE 16 14.6 19.8 15:54 10.8 05:32 03.7 00.0 00.0 06.5 29.6 03:19 E 17 15.9 21.7 15:52 11.2 06:50 02.4 00.0 00.0 03.9 20.4 17:59 SE 18 16.8 24.6 16:17 08.9 06:37 01.5 00.0 00.0 05.1 24.1 16:49 SE 19 15.0 20.1 13:15 12.2 22:44 03.3 00.0 02.0 03.8 37.0 11:39 SE 20 18.1 24.6 18:17 12.1 05:52 00.2 00.0 00.8 04.8 18.5 13:15 NNW 21 20.5 26.9 17:47 13.2 05:54 00.0 02.2 00.0 03.7 18.5 13:02 S 22 21.0 27.9 15:50 13.0 06:15 00.0 02.7 00.0 04.9 22.2 18:17 SE 23 17.9 22.5 15:53 13.4 00:00 00.4 00.0 00.8 07.9 42.5 09:37 SSW 24 16.7 23.9 17:07 11.0 03:32 01.6 00.0 00.0 05.7 22.2 19:54 S 25 18.7 26.1 18:51 11.1 05:13 00.0 00.4 00.0 03.8 18.5 11:32 SW 26 20.2 27.7 17:04 14.3 05:42 00.0 01.9 00.0 03.5 18.5 19:18 SW 27 21.8 28.0 14:30 14.9 04:30 00.0 03.5 00.0 04.5 24.1 15:16 ESE 28 22.7 28.6 15:15 16.1 06:02 00.0 04.4 00.0 04.4 18.5 19:17 E 29 18.8 22.7 16:18 15.9 00:00 00.0 00.5 33.5 04.3 61.0 18:21 E 30 20.1 25.7 15:33 15.6 06:32 00.0 01.8 00.0 04.7 33.3 14:49 SW 31 19.2 25.2 14:00 13.7 04:15 00.0 00.9 00.8 03.8 25.9 14:18 SSW -------------------------------------------------------------------------------------------------------- 17.6 (17.9) 28.6 day 28 08.9 day 18 040.1 018.5 140.1 05.0 61.1 day 29 ESE Max Rain: 33.5 ON 29-05-16 Days of Rain: 13 (> .2mm) 8 (> 2mm) 4 (> 20mm)