MONTHLY CLIMATOLOGICAL SUMMARY for MAY. 2015 NAME: Estensemeteo CITY: Ferrara STATE: Italy ELEV: 11 LAT: 044:48:49 LONG: -011:41:15 TEMPERATURE ( °C), RAIN (mm), WIND SPEED (kmh) HEAT COOL AVG MEAN DEG DEG WIND DOM DAY TEMP HIGH TIME LOW TIME DAYS DAYS RAIN SPEED HIGH TIME DIR -------------------------------------------------------------------------------------------------------- 01 15.8 21.4 14:05 10.9 05:14 02.5 00.0 00.0 03.2 18.5 15:06 E 02 17.7 24.3 16:17 13.5 03:40 00.6 00.0 00.3 05.9 24.1 18:33 ESE 03 18.0 22.7 17:52 14.2 06:54 00.3 00.0 00.0 02.8 18.5 19:19 ENE 04 18.5 23.6 15:23 15.2 05:06 00.0 00.2 00.0 03.9 18.5 18:32 ENE 05 19.2 23.8 16:42 15.3 07:05 00.0 00.9 00.0 03.7 24.1 13:51 ENE 06 19.0 24.3 17:12 16.1 07:05 00.0 00.7 00.0 02.9 14.8 14:36 ESE 07 19.7 27.2 15:35 14.3 05:15 00.0 01.4 00.0 03.4 22.2 18:13 ESE 08 21.2 28.0 16:42 14.9 06:33 00.0 02.9 00.0 04.7 27.8 16:49 ESE 09 21.0 26.8 15:50 14.9 06:29 00.0 02.7 00.0 04.9 20.4 12:07 WNW 10 21.1 27.9 15:04 15.3 06:21 00.0 02.8 00.0 04.4 24.1 17:50 SE 11 21.0 27.6 16:14 14.2 05:32 00.0 02.7 00.0 06.4 24.1 20:03 SE 12 20.5 26.8 14:39 14.7 04:57 00.0 02.2 00.0 06.6 24.1 17:19 ESE 13 20.9 28.6 17:39 14.5 06:33 00.0 02.6 00.0 03.9 20.4 18:23 S 14 21.4 29.8 16:02 15.7 05:57 00.0 03.1 00.0 05.4 25.9 16:13 ESE 15 18.5 21.0 13:08 16.9 06:12 00.0 00.2 05.3 08.7 40.7 18:52 ENE 16 18.0 22.9 19:03 14.7 08:51 00.3 00.0 00.0 05.5 24.1 13:31 W 17 21.3 27.7 15:44 15.2 06:26 00.0 03.0 00.0 04.7 25.9 17:06 E 18 21.5 28.2 16:24 15.6 03:58 00.0 03.2 00.0 03.6 18.5 19:34 E 19 22.1 29.2 17:44 15.9 05:12 00.0 03.8 00.0 05.0 33.3 16:28 SSE 20 19.9 23.3 16:02 16.2 00:00 00.0 01.6 00.0 08.5 33.3 17:48 S 21 14.6 21.1 13:24 10.1 05:40 03.7 00.0 09.9 06.4 29.6 17:17 NW 22 13.4 15.2 12:38 11.9 07:42 04.9 00.0 09.1 08.6 33.3 14:51 NNW 23 13.8 14.9 19:11 12.5 06:47 04.5 00.0 05.1 05.2 18.5 14:28 N 24 17.0 22.3 18:19 12.4 05:11 01.3 00.0 00.0 05.1 20.4 15:28 N 25 18.6 25.4 16:26 12.2 06:36 00.0 00.3 00.0 04.6 24.1 19:04 SW 26 16.7 19.3 15:47 14.1 07:50 01.6 00.0 02.3 04.6 18.5 17:47 S 27 16.9 21.6 13:52 13.7 07:12 01.4 00.0 00.6 06.3 29.6 14:39 SSE 28 17.3 25.4 06:48 12.2 06:07 01.0 00.0 00.0 07.6 27.8 18:21 SSE 29 18.2 25.0 15:44 10.6 05:38 00.1 00.0 00.0 06.3 22.2 16:40 SE 30 19.5 28.3 19:15 12.9 05:03 00.0 01.2 00.0 04.8 18.5 21:26 SSW 31 20.1 28.8 20:54 14.5 04:19 00.0 01.8 00.0 06.2 25.9 15:29 ESE -------------------------------------------------------------------------------------------------------- 18.8 (19.3) 29.8 day 14 10.1 day 21 022.2 037.4 032.9 05.3 40.7 day 15 ESE Max Rain: 9.9 ON 21-05-17 Days of Rain: 7 (> .2mm) 5 (> 2mm) 0 (> 20mm)