MONTHLY CLIMATOLOGICAL SUMMARY for APR. 2012 NAME: Estensemeteo CITY: Ferrara STATE: Italy ELEV: 11 LAT: 044:48:49 LONG: -011:41:15 TEMPERATURE ( °C), RAIN (mm), WIND SPEED (kmh) HEAT COOL AVG MEAN DEG DEG WIND DOM DAY TEMP HIGH TIME LOW TIME DAYS DAYS RAIN SPEED HIGH TIME DIR -------------------------------------------------------------------------------------------------------- 01 11.4 14.7 15:30 06.7 06:00 06.9 00.0 00.0 09.7 37.0 15:14 ESE 02 12.6 17.6 15:05 05.4 07:23 05.7 00.0 00.0 05.3 24.1 14:02 SE 03 13.0 17.5 14:38 09.0 06:18 05.3 00.0 00.0 04.2 18.5 17:02 E 04 14.6 18.4 16:20 11.9 07:20 03.7 00.0 00.0 06.3 24.1 17:01 E 05 14.7 18.9 15:10 11.6 00:00 03.6 00.0 00.3 03.5 22.2 18:36 E 06 16.1 20.5 15:40 10.1 06:06 02.2 00.0 00.0 04.9 22.2 16:37 WSW 07 15.6 20.9 14:32 10.6 07:28 02.7 00.0 03.6 04.2 29.6 15:16 SW 08 09.3 12.7 06:00 06.6 00:00 09.0 00.0 12.2 06.1 29.6 10:24 ENE 09 08.4 12.6 17:12 03.1 07:08 09.9 00.0 00.0 05.4 22.2 18:16 SE 10 09.3 15.2 15:45 03.8 06:55 09.0 00.0 00.5 05.3 25.9 14:15 ESE 11 10.2 18.7 15:06 07.2 23:40 08.1 00.0 12.4 08.4 38.9 12:25 E 12 10.9 19.0 15:49 04.7 07:20 07.4 00.0 00.0 05.1 22.2 16:33 SSW 13 11.3 14.3 19:09 09.4 07:15 07.0 00.0 10.4 06.4 29.6 17:27 NE 14 11.5 15.1 14:05 09.3 06:20 06.8 00.0 00.5 05.1 20.4 20:05 NNW 15 12.0 15.3 17:12 10.5 07:20 06.3 00.0 03.8 03.5 16.6 17:13 ENE 16 12.3 15.8 15:05 09.6 06:16 06.0 00.0 02.3 04.2 22.2 15:25 NW 17 14.2 17.7 16:35 08.7 06:33 04.1 00.0 00.0 05.4 20.4 13:35 E 18 11.7 16.4 15:34 06.9 06:20 06.6 00.0 00.0 05.8 35.1 15:14 SE 19 12.8 17.2 13:20 06.8 06:35 05.5 00.0 06.9 04.2 29.6 14:13 SSE 20 12.2 17.2 17:09 09.3 00:00 06.1 00.0 07.2 04.4 29.6 15:15 WSW 21 15.1 20.7 15:35 07.5 06:02 03.2 00.0 00.0 05.3 31.4 17:31 SSW 22 16.8 21.2 15:24 10.4 06:28 01.5 00.0 00.0 08.5 37.0 10:03 SW 23 13.1 18.9 17:26 06.8 06:15 05.2 00.0 00.8 03.7 27.8 14:12 ENE 24 14.9 19.0 14:17 10.5 06:00 03.4 00.0 01.3 11.6 42.5 15:36 S 25 16.7 21.6 14:42 08.2 06:32 01.6 00.0 00.0 04.1 18.5 16:39 WSW 26 16.6 22.6 15:35 09.0 06:37 01.7 00.0 00.0 04.9 24.1 17:24 SE 27 18.6 25.5 18:11 09.3 06:07 00.0 00.3 00.0 03.4 25.9 15:08 SW 28 20.9 28.8 16:31 11.9 06:14 00.0 02.6 00.0 03.5 24.1 18:09 E 29 19.9 24.1 13:42 13.9 06:25 00.0 01.6 00.0 04.9 24.1 15:06 SSW 30 18.4 28.8 07:01 15.0 05:55 00.0 00.1 00.0 03.4 24.1 15:13 SSE -------------------------------------------------------------------------------------------------------- 13.8 (13.8) 28.8 day 30 03.1 day 09 138.3 004.5 076.2 05.4 42.6 day 24 ESE Max Rain: 12.4 ON 11-04-17 Days of Rain: 13 (> .2mm) 8 (> 2mm) 0 (> 20mm)