MONTHLY CLIMATOLOGICAL SUMMARY for APR. 2007 NAME: Estensemeteo CITY: Ferrara STATE: Italy ELEV: 11 LAT: 044:48:49 LONG: -011:41:15 TEMPERATURE ( °C), RAIN (mm), WIND SPEED (kmh) HEAT COOL AVG MEAN DEG DEG WIND DOM DAY TEMP HIGH TIME LOW TIME DAYS DAYS RAIN SPEED HIGH TIME DIR ---------------------------------------------------------------------------------------------------------------------------------------------------------- 01 18.0 24.4 14:01 11.3 07:01 00.3 00.0 00.0 04.7 25.9 13:11 ESE 02 16.7 23.6 16:41 11.1 06:51 01.6 00.0 00.0 03.8 25.9 13:36 E 03 16.4 25.2 16:56 06.7 06:46 01.9 00.0 00.0 03.3 22.2 18:16 SE 04 15.7 19.8 16:46 12.0 00:00 02.6 00.0 00.0 07.4 29.6 13:56 ESE 05 15.9 22.9 16:36 11.2 05:46 02.4 00.0 00.0 02.9 20.4 19:26 SE 06 16.7 23.3 15:56 11.4 03:01 01.6 00.0 00.0 03.6 22.2 18:36 ESE 07 18.2 25.9 17:11 12.3 02:11 00.1 00.0 00.0 03.0 20.4 18:41 ESE 08 19.1 27.8 17:11 11.8 07:11 00.0 00.8 00.0 03.0 24.1 19:26 SE 09 20.1 26.8 17:01 13.6 05:16 00.0 01.8 00.0 02.8 18.5 14:41 WNW 10 20.1 24.9 16:11 15.3 07:21 00.0 01.8 00.0 05.1 29.6 12:06 ESE 11 18.8 23.1 16:11 14.9 00:00 00.0 00.5 00.0 05.4 27.8 15:16 ESE 12 18.6 24.9 16:21 10.8 06:49 00.0 00.3 00.0 04.8 31.4 14:46 SE 13 18.3 26.1 17:01 11.1 05:31 00.0 00.0 00.0 03.0 18.5 17:51 S 14 19.5 27.4 17:26 11.8 05:46 00.0 01.2 00.0 05.0 24.1 18:51 SSW 15 18.3 23.8 14:11 13.3 07:51 00.0 00.0 00.0 04.9 24.1 14:56 SE 30 16.2 18.3 00:00 15.8 00:06 02.1 00.0 00.0 02.4 07.4 00:00 ENE ---------------------------------------------------------------------------------------------------------------------------------------------------------- 17.9 (18.2) 27.8 day 08 06.7 day 03 012.7 006.5 000.0 04.1 31.5 day 12 ESE Min <= 30: 16 Max Rain: 0.0 ON 15-04-14 Days of Rain: 0 (> .2mm) 0 (> 2mm) 0 (> 20mm)