MONTHLY CLIMATOLOGICAL SUMMARY for MAR. 2016 NAME: Estensemeteo CITY: Ferrara STATE: Italy ELEV: 11 LAT: 044:48:49 LONG: -011:41:15 TEMPERATURE ( °C), RAIN (mm), WIND SPEED (kmh) HEAT COOL AVG MEAN DEG DEG WIND DOM DAY TEMP HIGH TIME LOW TIME DAYS DAYS RAIN SPEED HIGH TIME DIR -------------------------------------------------------------------------------------------------------- 01 09.8 14.3 15:39 06.9 23:37 08.5 00.0 00.3 03.0 18.5 20:38 SSW 02 09.6 14.9 14:02 04.3 07:26 08.7 00.0 00.5 08.0 25.9 16:34 SE 03 05.1 11.1 00:38 03.0 08:08 13.2 00.0 23.1 15.7 57.4 06:03 NW 04 07.6 13.3 16:02 01.3 07:22 10.7 00.0 00.0 06.1 22.2 04:03 WSW 05 09.0 17.7 23:40 05.7 00:00 09.3 00.0 13.2 11.0 44.4 14:13 SE 06 05.0 08.8 17:14 01.3 07:02 13.3 00.0 00.0 03.0 18.5 00:07 W 07 06.0 07.8 15:47 04.8 06:19 12.3 00.0 02.0 05.7 18.5 13:33 W 08 05.5 06.7 19:15 03.9 04:53 12.8 00.0 24.6 06.6 35.1 23:34 NE 09 06.7 11.8 00:00 05.1 04:09 11.6 00.0 02.8 10.9 37.0 06:04 NNE 10 09.1 14.1 13:30 04.3 07:48 09.2 00.0 00.0 05.3 31.4 23:36 NNW 11 09.9 14.2 18:43 07.6 07:27 08.4 00.0 02.0 05.0 31.4 00:18 ENE 12 11.0 15.3 16:33 07.9 07:10 07.3 00.0 00.0 07.7 31.4 23:34 ENE 13 10.5 21.9 21:13 09.1 04:01 07.8 00.0 00.0 16.2 44.4 10:08 ENE 14 10.1 23.7 21:05 06.1 23:25 08.2 00.0 00.0 11.1 44.4 11:36 E 15 08.1 23.5 21:05 02.6 06:16 10.2 00.0 00.0 06.4 27.8 23:29 NNW 16 08.1 10.4 14:31 05.6 06:59 10.2 00.0 00.8 10.6 37.0 12:51 ENE 17 09.2 13.6 14:15 05.8 05:16 09.1 00.0 00.0 03.3 20.4 10:12 N 18 10.1 23.3 21:10 03.5 06:51 08.2 00.0 00.0 05.0 20.4 11:09 W 19 11.8 26.0 21:03 05.3 06:40 06.5 00.0 00.0 04.0 18.5 19:31 SW 20 11.1 24.2 21:37 04.1 07:34 07.2 00.0 00.0 03.5 18.5 18:46 SSW 21 13.0 24.6 19:39 10.7 00:00 05.3 00.0 00.0 04.2 18.5 16:31 SE 22 12.1 20.2 21:44 08.8 23:42 06.2 00.0 00.0 06.4 29.6 16:18 ENE 23 10.5 20.7 19:09 07.1 00:00 07.8 00.0 00.0 15.3 59.2 10:30 ENE 24 09.8 21.8 19:26 04.6 04:14 08.5 00.0 00.0 06.9 27.8 16:43 SSE 25 11.0 23.1 19:48 06.0 01:36 07.3 00.0 00.0 07.3 22.2 05:15 SSE 26 11.0 19.1 18:10 05.6 06:52 07.3 00.0 00.0 04.7 24.1 17:09 ESE 27 11.1 18.2 16:37 05.0 06:18 07.2 00.0 00.0 03.9 24.1 18:18 E 28 13.2 17.6 16:28 07.7 11:43 05.1 00.0 00.0 03.4 16.6 17:50 ENE 29 14.1 21.6 16:58 03.7 10:01 04.2 00.0 00.0 04.5 20.4 19:03 SW 30 14.9 21.7 15:03 08.1 06:34 03.4 00.0 00.0 03.6 18.5 18:34 ESE 31 13.6 20.1 15:46 05.9 10:57 04.7 00.0 00.0 05.2 29.6 17:00 E -------------------------------------------------------------------------------------------------------- 09.9 (11.6) 26.0 day 19 01.3 day 04 259.8 000.0 069.4 06.9 59.2 day 03 E Max Rain: 24.6 ON 8-03-16 Days of Rain: 9 (> .2mm) 6 (> 2mm) 2 (> 20mm)