MONTHLY CLIMATOLOGICAL SUMMARY for FEB. 2012 NAME: Estensemeteo CITY: Ferrara STATE: Italy ELEV: 11 LAT: 044:48:49 LONG: -011:41:15 TEMPERATURE ( °C), RAIN (mm), WIND SPEED (kmh) HEAT COOL AVG MEAN DEG DEG WIND DOM DAY TEMP HIGH TIME LOW TIME DAYS DAYS RAIN SPEED HIGH TIME DIR ---------------------------------------------------------------------------------------------------------------------------------------------------------- 01 -01.3 -00.2 02:37 -02.2 12:43 19.6 00.0 00.0 13.8 40.7 13:34 NE 02 -00.7 00.3 15:19 -01.8 00:00 19.0 00.0 00.0 14.5 38.9 10:31 NE 03 -03.1 -01.6 14:10 -06.8 08:20 21.4 00.0 00.0 16.3 48.1 13:32 NE 04 -03.1 -01.9 13:18 -04.3 06:01 21.4 00.0 00.0 10.7 42.5 10:58 NNE 05 -03.9 -00.9 14:32 -06.4 07:36 22.2 00.0 00.3 05.6 20.4 11:59 N 06 -04.2 -00.7 15:36 -08.5 08:24 22.5 00.0 00.0 08.6 22.2 20:34 NNW 07 -00.0 02.3 14:41 -04.3 06:00 18.3 00.0 00.0 15.3 51.8 17:32 ENE 08 01.5 04.5 13:41 -02.2 00:00 16.8 00.0 00.0 08.7 31.4 13:44 ENE 09 -00.4 03.3 15:11 -07.0 06:02 18.7 00.0 00.0 03.6 37.0 23:38 W 10 -01.1 00.0 06:00 -01.7 23:45 19.4 00.0 00.0 19.6 51.8 10:15 ENE 11 -03.3 -02.2 16:07 -04.5 22:51 21.6 00.0 00.0 13.6 44.4 07:13 NE 12 -03.2 -00.3 14:53 -04.8 00:00 21.5 00.0 00.0 10.5 27.8 14:35 NNW 13 -02.2 01.3 14:57 -06.0 23:05 20.5 00.0 00.0 05.7 24.1 11:32 WNW 14 -02.1 02.6 14:35 -08.7 06:54 20.4 00.0 00.0 03.2 11.1 23:55 WSW 15 01.0 05.8 15:05 -06.3 06:12 17.3 00.0 00.0 05.3 24.1 13:05 WSW 16 03.0 08.8 14:41 -04.1 08:25 15.3 00.0 00.0 04.0 24.1 14:41 ESE 17 02.9 07.6 15:45 -02.2 07:43 15.4 00.0 00.0 03.5 16.6 11:35 WSW 18 04.5 08.8 15:07 -01.5 06:03 13.8 00.0 00.0 01.6 11.1 16:05 SE 19 04.8 06.6 16:18 02.8 07:18 13.5 00.0 00.5 01.8 11.1 23:06 NE 20 03.6 04.8 07:04 02.4 09:57 14.7 00.0 21.3 13.9 48.1 09:37 NE 21 05.7 09.6 15:28 02.2 23:45 12.6 00.0 00.3 04.5 18.5 11:39 NW 22 06.8 11.7 16:25 00.6 07:31 11.5 00.0 00.0 05.2 22.2 15:09 NNW 23 09.0 14.3 15:34 00.5 07:10 09.3 00.0 00.0 05.3 18.5 14:05 W 24 11.7 17.6 16:50 03.7 07:57 06.6 00.0 00.0 04.1 18.5 12:22 W 25 10.8 17.5 15:26 04.6 07:48 07.5 00.0 00.0 03.2 16.6 14:19 NW 26 08.1 12.8 13:48 02.5 06:35 10.2 00.0 03.6 04.3 29.6 14:25 S 27 07.1 11.7 12:47 00.2 07:08 11.2 00.0 00.0 09.0 33.3 14:50 SSE 28 08.2 13.9 15:31 01.3 07:20 10.1 00.0 00.0 04.1 18.5 10:59 SSE 29 10.7 16.8 15:49 05.3 06:00 07.6 00.0 00.0 04.8 22.2 12:35 NW ---------------------------------------------------------------------------------------------------------------------------------------------------------- 02.4 (2.0) 17.6 day 24 -08.7 day 14 459.9 000.0 025.9 07.7 51.8 day 07 NNE Max <= 0: 7 Min <= 30: 29 Min <= -5: 7 Max Rain: 21.3 ON 20-02-14 Days of Rain: 5 (> .2mm) 2 (> 2mm) 1 (> 20mm)