MONTHLY CLIMATOLOGICAL SUMMARY for DEC. 2023 NAME: Estensemeteo CITY: Ferrara STATE: Italy ELEV: 11 LAT: 044:48:49 LONG: -011:41:15 TEMPERATURE ( °C), RAIN (mm), WIND SPEED (kmh) HEAT COOL AVG MEAN DEG DEG WIND DOM DAY TEMP HIGH TIME LOW TIME DAYS DAYS RAIN SPEED HIGH TIME DIR -------------------------------------------------------------------------------------------------------- 01 06.7 12.4 23:58 04.6 01:19 11.6 00.0 00.0 03.6 18.5 22:04 NE 02 11.9 16.8 03:52 05.7 23:44 06.4 00.0 00.0 12.3 55.5 12:01 SSW 03 05.5 09.4 14:00 02.0 23:57 12.8 00.0 00.0 04.9 20.4 12:09 NNE 04 02.1 05.0 13:58 -00.3 05:25 16.2 00.0 03.6 04.0 16.6 18:27 N 05 02.4 03.8 00:00 00.9 05:27 15.9 00.0 09.6 07.6 20.4 23:38 WNW 06 04.1 08.0 14:49 01.2 06:59 14.2 00.0 00.0 05.2 22.2 03:02 WNW 07 03.3 07.9 14:54 00.1 08:08 15.0 00.0 00.0 03.4 18.5 09:50 W 08 01.9 04.4 14:22 -01.6 01:29 16.4 00.0 01.8 03.5 16.6 13:26 WNW 09 04.4 07.3 14:07 02.1 09:28 13.9 00.0 00.0 03.5 16.6 14:05 WNW 10 05.3 09.5 15:51 02.6 23:12 13.0 00.0 00.8 06.4 31.4 10:11 WNW 11 04.4 05.1 18:10 02.8 00:03 13.9 00.0 00.0 03.6 18.5 07:13 NW 12 05.1 08.1 15:47 02.5 03:26 13.2 00.0 00.3 02.6 14.8 01:27 WNW 13 06.9 07.6 15:35 05.8 02:50 11.4 00.0 06.9 02.9 12.9 23:51 WNW 14 07.2 09.3 14:47 05.6 22:49 11.1 00.0 00.0 04.9 22.2 14:43 WNW 15 04.6 06.5 13:55 01.7 22:28 13.7 00.0 00.0 03.7 18.5 03:25 WNW 16 05.1 10.9 14:09 01.3 00:35 13.2 00.0 00.3 05.3 29.6 14:27 N 17 04.1 09.0 14:55 00.7 03:28 14.2 00.0 00.0 05.8 22.2 14:40 W 18 05.9 11.9 14:20 01.5 05:41 12.4 00.0 00.0 05.2 20.4 10:27 WSW 19 06.5 12.7 15:14 02.4 06:48 11.8 00.0 00.0 03.7 18.5 09:40 WSW 20 03.3 05.6 00:08 00.6 06:44 15.0 00.0 00.0 03.3 12.9 23:57 W 21 05.7 09.3 14:36 03.1 00:01 12.6 00.0 00.0 04.9 16.6 23:52 WSW 22 10.8 17.8 15:02 03.4 07:55 07.5 00.0 00.0 08.7 44.4 13:18 WSW 23 11.6 18.3 15:03 05.2 05:35 06.7 00.0 00.0 04.8 20.4 12:22 SW 24 07.6 14.5 14:30 00.0 08:39 10.7 00.0 00.0 02.6 16.6 10:49 E 25 06.1 12.2 14:58 00.8 08:19 12.2 00.0 00.0 02.3 09.3 13:05 NNE 26 07.3 13.6 15:10 01.9 03:05 11.0 00.0 00.3 01.7 12.9 13:22 W 27 09.1 10.6 16:18 08.0 09:17 09.2 00.0 00.0 01.1 11.1 20:15 WNW 28 08.9 12.8 15:36 04.3 09:01 09.4 00.0 00.0 02.1 11.1 13:19 W 29 09.3 13.9 14:59 07.4 07:14 09.0 00.0 00.0 02.3 09.3 20:53 W 30 08.5 10.1 16:00 07.2 22:02 09.8 00.0 00.0 01.2 07.4 12:28 N 31 08.3 10.1 14:47 07.0 06:57 10.0 00.0 00.0 03.1 18.5 17:39 ENE -------------------------------------------------------------------------------------------------------- 06.3 (6.5) 18.3 day 23 -01.6 day 08 373.3 000.0 027.4 04.2 55.5 day 02 WNW Min <= 0: 3 Max Rain: 9.6 ON 5-12-24 Days of Rain: 8 (> .2mm) 3 (> 2mm) 0 (> 20mm)