MONTHLY CLIMATOLOGICAL SUMMARY for DEC. 2018 NAME: Estensemeteo CITY: Ferrara STATE: Italy ELEV: 11 LAT: 044:48:49 LONG: -011:41:15 TEMPERATURE ( �C), RAIN (mm), WIND SPEED (kmh) HEAT COOL AVG MEAN DEG DEG WIND DOM DAY TEMP HIGH TIME LOW TIME DAYS DAYS RAIN SPEED HIGH TIME DIR -------------------------------------------------------------------------------------------------------- 01 05.1 07.5 15:23 03.7 06:15 13.2 00.0 00.0 03.0 16.6 21:50 WNW 02 05.2 06.6 15:37 03.4 08:53 13.1 00.0 00.0 03.7 18.5 06:34 W 03 07.5 10.7 15:08 05.7 05:48 10.8 00.0 00.0 02.0 12.9 09:41 WNW 04 06.9 11.1 14:56 02.3 00:00 11.4 00.0 00.0 02.6 22.2 08:07 WNW 05 04.9 09.4 16:27 00.8 08:42 13.4 00.0 00.0 02.1 16.6 04:23 WNW 06 08.1 09.4 13:16 07.1 04:39 10.2 00.0 00.0 04.6 22.2 14:22 NW 07 07.0 09.7 16:17 03.4 08:00 11.3 00.0 00.0 03.0 18.5 00:50 SW 08 08.0 11.9 15:37 04.4 23:57 10.3 00.0 01.3 05.9 24.1 05:27 W 09 04.3 10.7 14:17 -00.2 06:10 14.0 00.0 00.0 04.9 25.9 23:50 NW 10 08.2 12.2 15:09 04.4 23:49 10.1 00.0 00.0 10.4 37.0 10:48 WNW 11 05.7 10.9 15:09 01.6 08:02 12.6 00.0 00.0 04.1 18.5 06:00 W 12 03.0 08.7 15:03 -00.8 06:22 15.3 00.0 00.0 02.2 12.9 02:19 W 13 02.5 04.7 14:34 00.6 06:30 15.8 00.0 00.8 04.5 29.6 16:30 N 14 03.0 06.3 14:12 00.7 00:00 15.3 00.0 00.3 07.4 25.9 12:07 NNW 15 01.4 05.3 14:59 -01.9 07:47 16.9 00.0 00.0 04.4 18.5 13:58 WNW 16 00.2 02.6 14:34 -02.3 07:28 18.1 00.0 03.0 01.7 11.1 23:29 NNW 17 01.5 02.8 14:19 00.6 00:41 16.8 00.0 06.3 07.1 24.1 10:48 WNW 18 -00.7 01.0 15:20 -02.6 00:00 19.0 00.0 00.3 03.0 14.8 03:47 WNW 19 -00.3 02.5 14:41 -02.9 03:01 18.6 00.0 00.0 02.2 14.8 23:59 WNW 20 02.0 04.0 14:05 00.6 21:03 16.3 00.0 06.1 05.5 20.4 09:08 W 21 01.5 03.5 12:37 00.4 06:27 16.8 00.0 00.0 03.3 16.6 12:52 W 22 03.7 06.7 15:17 01.6 07:29 14.6 00.0 00.0 02.3 12.9 12:18 W 23 04.2 05.3 16:17 02.3 01:37 14.1 00.0 00.0 02.0 11.1 21:57 WNW 24 03.9 05.4 16:55 02.5 04:46 14.4 00.0 00.3 04.4 22.2 11:03 WNW 25 03.5 04.3 01:37 02.6 09:30 14.8 00.0 00.0 03.0 16.6 09:58 WNW 26 01.5 03.3 01:05 00.4 00:00 16.8 00.0 00.0 04.0 18.5 12:11 WNW 27 00.8 01.6 16:07 00.2 08:20 17.5 00.0 00.0 03.8 14.8 09:09 WNW 28 00.8 04.8 15:04 -01.8 00:00 17.5 00.0 00.0 02.6 14.8 02:14 NW 29 -00.4 03.5 13:42 -02.8 03:33 18.7 00.0 00.3 01.2 09.3 22:08 NNW 30 00.4 04.2 15:19 -02.2 01:55 17.9 00.0 00.3 03.7 18.5 10:18 WSW 31 01.8 06.7 13:37 -01.2 05:59 16.5 00.0 00.3 02.7 11.1 06:00 NE -------------------------------------------------------------------------------------------------------- 03.4 (3.7) 12.2 day 10 -02.9 day 19 461.9 000.0 19.3 03.8 37.0 day 10 WNW Min <= 0: 10 Max Rain: 6.3 ON 17-12-19 Days of Rain: 11 (> .2mm) 3 (> 2mm) 0 (> 20mm)