MONTHLY CLIMATOLOGICAL SUMMARY for JAN. 2024 NAME: Estensemeteo CITY: Ferrara STATE: Italy ELEV: 11 LAT: 044:48:49 LONG: -011:41:15 TEMPERATURE ( °C), RAIN (mm), WIND SPEED (kmh) HEAT COOL AVG MEAN DEG DEG WIND DOM DAY TEMP HIGH TIME LOW TIME DAYS DAYS RAIN SPEED HIGH TIME DIR -------------------------------------------------------------------------------------------------------- 01 07.7 09.3 13:37 06.0 08:29 10.6 00.0 00.3 05.8 29.6 00:51 WNW 02 05.0 06.8 00:08 03.9 11:41 13.3 00.0 00.0 03.4 14.8 06:42 WSW 03 06.6 11.1 14:27 02.8 23:41 11.7 00.0 00.0 03.1 16.6 11:01 NW 04 06.2 12.5 15:12 02.9 08:53 12.1 00.0 00.3 04.7 25.9 10:57 NNE 05 07.7 10.6 00:00 03.7 00:21 10.6 00.0 03.3 07.5 27.8 13:50 ENE 06 07.2 10.6 00:06 06.2 11:00 11.1 00.0 17.0 06.4 35.1 23:58 WNW 07 07.8 08.5 00:11 07.3 11:45 10.5 00.0 31.2 09.9 37.0 00:44 NNW 08 07.9 11.2 13:31 05.7 00:00 10.4 00.0 00.0 06.0 27.8 22:02 NNE 09 04.1 07.9 12:58 00.7 00:00 14.2 00.0 00.0 06.5 29.6 13:25 NNE 10 02.3 04.3 14:40 00.3 07:37 16.0 00.0 00.0 05.5 18.5 12:16 NW 11 02.8 06.7 15:03 -00.7 08:38 15.5 00.0 00.0 04.8 18.5 13:00 WNW 12 03.0 08.9 15:48 -01.0 08:09 15.3 00.0 00.0 03.2 14.8 02:43 NW 13 01.8 06.7 15:34 -02.2 08:05 16.5 00.0 00.0 03.3 12.9 23:40 WSW 14 00.5 02.6 15:30 -01.2 06:12 17.8 00.0 00.0 02.2 09.3 12:19 NW 15 03.8 07.7 15:49 01.4 00:00 14.5 00.0 00.0 02.9 12.9 13:52 W 16 02.8 07.2 15:33 -03.7 08:00 15.5 00.0 00.3 03.0 14.8 15:20 NW 17 04.4 05.9 00:06 03.7 06:15 13.9 00.0 02.3 02.7 16.6 12:50 NW 18 05.5 09.8 15:15 03.4 08:39 12.8 00.0 00.8 05.4 25.9 04:07 WNW 19 05.1 06.5 11:44 02.6 00:00 13.2 00.0 04.6 09.2 57.4 15:17 NE 20 02.7 07.4 14:39 -00.9 07:52 15.6 00.0 00.0 06.5 29.6 13:57 N 21 01.8 06.8 15:24 -02.5 05:58 16.5 00.0 00.0 04.3 20.4 13:14 WNW 22 01.8 07.1 15:28 -03.4 07:28 16.5 00.0 00.0 03.2 16.6 13:12 WSW 23 05.3 09.3 15:44 02.8 08:19 13.0 00.0 00.0 02.3 14.8 00:19 NNE 24 03.6 08.2 14:48 -00.6 04:57 14.7 00.0 00.0 02.3 11.1 14:48 E 25 04.3 10.4 16:01 -00.4 08:17 14.0 00.0 00.0 01.5 07.4 19:35 NE 26 02.3 06.8 14:56 -02.5 05:25 16.0 00.0 00.0 02.2 11.1 19:53 W 27 02.3 04.7 23:27 -00.5 04:55 16.0 00.0 00.5 03.2 14.8 18:18 NNE 28 04.3 06.7 15:34 01.9 00:00 14.0 00.0 00.0 02.5 14.8 20:22 W 29 01.6 04.4 15:54 00.1 06:52 16.7 00.0 00.0 03.8 14.8 09:07 WNW 30 01.4 05.9 15:18 -01.4 00:00 16.9 00.0 00.3 02.7 14.8 11:15 WNW 31 03.6 10.8 15:55 -02.0 01:25 14.7 00.0 00.3 02.5 11.1 14:42 SW -------------------------------------------------------------------------------------------------------- 04.1 (4.4) 12.5 day 04 -03.7 day 16 440.4 000.0 061.0 04.3 57.4 day 19 NW Min <= 0: 14 Max Rain: 31.2 ON 7-01-24 Days of Rain: 12 (> .2mm) 5 (> 2mm) 1 (> 20mm)