MONTHLY CLIMATOLOGICAL SUMMARY for JAN. 2016 NAME: Estensemeteo CITY: Ferrara STATE: Italy ELEV: 11 LAT: 044:48:49 LONG: -011:41:15 TEMPERATURE ( °C), RAIN (mm), WIND SPEED (kmh) HEAT COOL AVG MEAN DEG DEG WIND DOM DAY TEMP HIGH TIME LOW TIME DAYS DAYS RAIN SPEED HIGH TIME DIR -------------------------------------------------------------------------------------------------------- 01 02.5 06.9 15:34 -01.6 21:32 15.8 00.0 00.0 01.6 09.3 23:16 SSE 02 00.7 03.2 00:00 -01.6 04:05 17.6 00.0 09.7 04.4 22.2 19:45 NNW 03 02.9 05.8 15:40 00.8 23:30 15.4 00.0 07.6 08.0 27.8 08:40 NW 04 01.6 02.6 20:51 00.2 07:44 16.7 00.0 05.8 04.9 18.5 13:32 NW 05 02.2 03.6 15:34 00.6 05:35 16.1 00.0 01.8 03.4 14.8 17:23 NW 06 03.6 05.6 16:28 02.7 22:14 14.7 00.0 01.3 05.9 25.9 14:42 WNW 07 03.6 06.7 13:52 01.1 08:07 14.7 00.0 00.0 02.8 12.9 05:53 WSW 08 04.6 07.6 14:15 01.1 05:54 13.7 00.0 00.0 02.7 12.9 13:55 N 09 05.6 06.6 15:32 04.6 08:50 12.7 00.0 01.8 02.6 14.8 23:31 W 10 05.9 08.7 12:26 03.5 08:33 12.4 00.0 00.5 05.6 18.5 20:44 N 11 10.8 18.2 14:26 05.1 02:18 07.5 00.0 00.0 09.9 51.8 15:42 SSW 12 09.1 14.8 14:53 04.9 08:13 09.2 00.0 00.0 08.4 37.0 13:42 WSW 13 07.2 12.3 15:25 02.8 07:29 11.1 00.0 00.0 09.1 40.7 14:00 WNW 14 03.1 05.1 00:27 -02.1 08:32 15.2 00.0 05.6 03.2 14.8 23:52 NNE 15 04.1 07.8 15:22 01.1 00:00 14.2 00.0 00.3 07.5 35.1 11:55 WNW 16 03.9 08.8 15:42 00.7 00:22 14.4 00.0 00.0 04.3 18.5 22:25 NW 17 02.4 08.1 14:25 -02.7 08:13 15.9 00.0 00.0 06.0 24.1 20:36 WNW 18 01.2 05.5 15:09 -02.8 08:05 17.1 00.0 00.0 03.3 14.8 12:04 WNW 19 00.4 05.0 15:28 -03.5 08:33 17.9 00.0 00.0 01.5 09.3 16:09 E 20 00.5 05.1 15:02 -03.5 07:29 17.8 00.0 00.0 01.6 09.3 13:27 NNW 21 00.9 05.4 15:07 -03.2 08:32 17.4 00.0 00.0 01.8 11.1 22:20 NNW 22 02.6 05.6 15:42 00.7 07:10 15.7 00.0 00.0 04.0 16.6 12:39 NW 23 02.4 06.5 15:57 -00.6 05:15 15.9 00.0 00.0 03.3 16.6 12:14 W 24 02.2 08.6 15:28 -02.4 08:47 16.1 00.0 00.0 02.7 12.9 02:20 SW 25 03.3 11.7 15:56 -03.4 06:59 15.0 00.0 00.0 02.3 12.9 11:27 W 26 05.3 13.4 15:13 -00.9 08:42 13.0 00.0 00.0 02.9 18.5 14:30 N 27 05.3 12.8 15:47 -02.3 08:20 13.0 00.0 00.0 01.4 09.3 15:59 E 28 08.1 11.1 16:09 06.1 08:37 10.2 00.0 00.0 00.8 05.5 16:32 NNE 29 07.7 12.4 15:02 02.8 03:36 10.6 00.0 00.0 01.6 11.1 12:52 SW 30 07.7 09.5 15:27 06.2 07:49 10.6 00.0 01.0 01.5 09.3 23:47 ENE 31 05.3 07.2 14:19 01.9 08:39 13.0 00.0 00.0 03.1 16.6 00:44 NW -------------------------------------------------------------------------------------------------------- 04.1 (4.3) 18.2 day 11 -03.5 day 20 440.8 000.0 035.2 03.9 51.8 day 11 WNW Min <= 0: 13 Max Rain: 9.7 ON 2-01-19 Days of Rain: 10 (> .2mm) 4 (> 2mm) 0 (> 20mm)