MONTHLY CLIMATOLOGICAL SUMMARY for NOV. 2017 NAME: Estensemeteo CITY: Ferrara STATE: Italy ELEV: 11 LAT: 044:48:49 LONG: -011:41:15 TEMPERATURE ( °C), RAIN (mm), WIND SPEED (kmh) HEAT COOL AVG MEAN DEG DEG WIND DOM DAY TEMP HIGH TIME LOW TIME DAYS DAYS RAIN SPEED HIGH TIME DIR -------------------------------------------------------------------------------------------------------- 01 10.8 17.2 15:35 05.3 07:32 07.5 00.0 00.0 01.6 12.9 17:30 SE 02 11.0 16.7 15:22 05.6 07:10 07.3 00.0 00.0 01.2 09.3 21:34 SSW 03 12.3 16.9 14:51 09.3 23:58 06.0 00.0 00.0 01.2 11.1 12:58 NNW 04 11.8 15.2 16:15 07.6 02:42 06.5 00.0 00.0 01.8 12.9 09:52 NNW 05 12.9 18.1 11:01 09.3 05:20 05.4 00.0 14.7 07.7 37.0 16:13 SE 06 10.7 12.5 00:02 08.7 07:32 07.6 00.0 04.8 10.2 44.4 23:34 NNE 07 10.2 11.7 00:04 08.4 00:00 08.1 00.0 45.0 12.0 44.4 00:34 NE 08 10.3 13.2 14:13 08.3 01:03 08.0 00.0 03.3 03.2 18.5 08:30 WNW 09 10.4 14.0 13:50 07.6 04:57 07.9 00.0 00.8 01.7 16.6 12:49 NNE 10 10.2 13.7 14:35 07.4 05:52 08.1 00.0 00.0 02.7 12.9 11:25 WNW 11 08.3 12.6 13:19 04.7 06:27 10.0 00.0 00.0 01.5 11.1 13:49 WNW 12 08.0 09.4 19:25 06.2 00:18 10.3 00.0 00.3 02.3 18.5 21:53 ENE 13 06.0 08.4 01:46 01.8 11:23 12.3 00.0 43.7 14.2 50.0 14:32 N 14 07.8 11.9 14:32 05.1 23:39 10.5 00.0 00.3 06.6 37.0 14:20 N 15 07.5 10.4 15:33 04.6 02:14 10.8 00.0 00.0 07.5 25.9 13:05 NNW 16 09.2 12.8 15:13 06.3 00:00 09.1 00.0 00.0 05.4 22.2 12:03 NNW 17 08.1 13.2 14:32 03.2 07:59 10.2 00.0 00.0 03.6 16.6 15:51 NW 18 08.5 12.6 15:02 04.9 08:02 09.8 00.0 00.0 03.8 18.5 14:15 NW 19 06.6 11.7 14:50 03.2 08:33 11.7 00.0 00.0 03.0 20.4 14:13 W 20 04.7 10.3 15:09 -00.5 07:14 13.6 00.0 00.0 02.1 12.9 09:12 SW 21 05.9 11.8 15:47 01.0 07:08 12.4 00.0 00.0 01.5 11.1 11:53 WSW 22 07.9 13.0 15:12 02.9 08:21 10.4 00.0 00.0 01.0 11.1 14:08 E 23 09.4 12.9 14:16 05.8 23:48 08.9 00.0 00.0 02.0 11.1 16:44 WNW 24 08.7 11.2 14:48 05.2 01:37 09.6 00.0 00.0 00.3 09.3 03:58 W 25 09.7 12.7 15:29 07.8 08:17 08.6 00.0 05.3 02.7 18.5 20:27 NNW 26 07.1 09.2 00:39 04.1 00:00 11.2 00.0 09.4 08.9 51.8 11:23 N 27 04.0 08.8 15:22 00.2 07:47 14.3 00.0 00.0 03.7 16.6 14:19 W 28 02.6 05.2 15:40 -00.4 06:40 15.7 00.0 00.0 02.1 14.8 13:19 N 29 04.2 05.1 13:30 03.7 00:00 14.1 00.0 01.0 05.7 20.4 05:18 NW 30 04.5 07.4 15:15 01.6 23:10 13.8 00.0 00.0 05.5 27.8 13:37 W -------------------------------------------------------------------------------------------------------- 08.3 (8.5) 18.1 day 05 -00.5 day 20 299.7 000.0 128.8 04.2 51.8 day 13 NNW Min <= 0: 2 Max Rain: 45.0 ON 7-11-17 Days of Rain: 11 (> .2mm) 7 (> 2mm) 2 (> 20mm)