MONTHLY CLIMATOLOGICAL SUMMARY for SEP. 2023

NAME: Estensemeteo   CITY: Ferrara STATE: Italy
ELEV: 11 LAT: 044:48:49 LONG: -011:41:15

                            TEMPERATURE ( C), RAIN (mm), WIND SPEED (kmh)

                                               HEAT     COOL           AVG
      MEAN                                     DEG      DEG            WIND                       DOM
DAY   TEMP    HIGH   TIME     LOW    TIME      DAYS     DAYS    RAIN   SPEED    HIGH    TIME      DIR
--------------------------------------------------------------------------------------------------------
01    22.6    29.7   17:06    16.8   06:43     00.0     04.3    00.0   03.4     14.8    00:00      SW
02    23.6    31.0   16:07    17.6   06:44     00.0     05.3    00.0   03.9     25.9    18:35     ESE
03    24.1    30.2   15:18    18.2   06:55     00.0     05.8    00.0   04.2     22.2    14:43      NW
04    24.2    29.3   16:49    20.1   07:16     00.0     05.9    00.0   05.6     27.8    13:30     ESE
05    22.7    26.7   16:21    19.6   02:20     00.0     04.4    00.0   07.5     40.7    12:54     ENE
06    22.6    28.9   16:30    16.4   07:24     00.0     04.3    00.0   05.1     27.8    16:09     NNE
07    23.5    30.3   17:03    17.5   07:22     00.0     05.2    00.0   05.1     29.6    13:04     NNE
08    23.5    30.3   15:31    17.6   06:15     00.0     05.2    00.0   04.1     18.5    18:15      N 
09    24.2    31.2   16:26    18.4   06:42     00.0     05.9    00.0   04.1     20.4    14:43      N 
10    24.4    31.7   17:07    18.1   07:30     00.0     06.1    00.0   03.4     18.5    15:54      N 
11    23.7    31.8   17:26    16.4   07:36     00.0     05.4    00.0   03.3     20.4    19:40      E 
12    24.2    32.8   16:12    17.4   05:07     00.0     05.9    00.0   03.6     22.2    18:42      SE
13    23.3    29.7   16:19    19.1   06:36     00.0     05.0    00.0   03.1     14.8    23:21      W 
14    23.6    29.1   16:07    19.1   06:59     00.0     05.3    00.0   05.7     22.2    18:03      NW
15    21.5    26.4   16:55    18.8   06:53     00.0     03.2    07.0   04.8     24.1    12:31      NE
16    20.9    26.3   16:26    16.7   06:35     00.0     02.6    02.4   03.0     18.5    17:56     ENE
17    23.4    29.2   16:32    19.2   07:04     00.0     05.1    00.0   02.9     14.8    19:33      NW
18    23.0    26.3   15:42    19.6   06:40     00.0     04.7    00.0   03.6     18.5    13:20     ESE
19    24.4    30.2   16:55    18.7   06:39     00.0     06.1    00.0   04.2     18.5    21:03      W 
20    22.5    26.4   15:48    18.7   05:52     00.0     04.2    00.0   03.2     14.8    07:47     WNW
21    22.8    27.4   14:58    18.8   08:03     00.0     04.5    00.0   03.8     31.4    13:30     NNE
22    22.1    25.6   16:24    17.9   04:16     00.0     03.8    00.2   07.1     35.1    16:52     SSE
23    20.7    27.4   15:56    14.7   20:26     00.0     02.4    48.2   04.8     35.1    18:32      NW
24    18.3    24.3   14:44    14.6   01:43     00.0     00.0    00.0   06.2     27.8    17:32      S 
25    19.7    25.9   16:30    14.4   07:24     00.0     01.4    00.0   04.3     18.5    16:02     NNW
26    21.3    27.4   15:52    16.0   04:43     00.0     03.0    00.0   04.4     24.1    16:16      N 
27    21.8    28.0   16:57    16.7   07:52     00.0     03.5    00.0   05.4     25.9    16:26      N 
28    21.2    28.1   16:14    15.4   07:22     00.0     02.9    00.0   04.0     20.4    13:24     NNW
29    21.3    28.3   16:52    14.2   07:09     00.0     03.0    00.0   04.2     18.5    15:11      W 
--------------------------------------------------------------------------------------------------------
22.6 (23.0)   32.8  day 12     14.2  day 29   000.0    124.4   057.8   04.4     40.7   day 05      NE
Max >=  30: 9
Max Rain: 48.2 ON 23-09-23
Days of Rain: 4 (> .2mm) 3 (> 2mm) 1 (> 20mm)