MONTHLY CLIMATOLOGICAL SUMMARY for SEP. 2019

NAME: Estensemeteo   CITY: Ferrara STATE: Italy
ELEV: 11 LAT: 044:48:49 LONG: -011:41:15

                            TEMPERATURE ( C), RAIN (mm), WIND SPEED (kmh)

                                               HEAT     COOL           AVG
      MEAN                                     DEG      DEG            WIND                       DOM
DAY   TEMP    HIGH   TIME     LOW    TIME      DAYS     DAYS    RAIN   SPEED    HIGH    TIME      DIR
--------------------------------------------------------------------------------------------------------
01    26.3    32.8   16:55    20.7   06:03     00.0     08.0    00.0   04.1     18.5    12:52      W 
02    25.0    28.6   15:14    21.2   07:41     00.0     06.7    00.0   05.1     40.7    13:29      NW
03    23.3    27.9   14:23    18.8   00:00     00.0     05.0    00.0   06.5     27.8    16:24     ENE
04    21.9    28.2   16:50    16.3   06:44     00.0     03.6    00.0   04.9     24.1    09:59      NE
05    22.2    30.2   16:06    14.4   07:12     00.0     03.9    00.0   03.7     20.4    17:07     ENE
06    18.7    21.6   14:50    16.7   23:32     00.0     00.4    17.3   07.9     33.3    17:51     NNW
07    19.6    24.0   15:52    15.1   07:09     00.0     01.3    00.0   06.0     25.9    15:20      W 
08    18.1    22.3   17:26    14.8   23:31     00.2     00.0    12.4   04.2     25.9    20:23      N 
09    18.3    24.9   17:57    13.0   07:24     00.0     00.0    02.3   05.6     22.2    12:05     WSW
10    19.0    25.6   14:27    12.7   06:02     00.0     00.7    00.0   05.6     35.1    15:44     ENE
11    20.6    26.4   16:56    14.8   06:42     00.0     02.3    00.0   03.5     18.5    17:37      NW
12    22.3    28.8   16:04    15.8   04:10     00.0     04.0    00.0   03.7     24.1    15:25      NE
13    22.7    29.8   15:16    16.8   07:38     00.0     04.4    00.0   03.5     20.4    14:27     ENE
14    22.7    30.0   14:32    16.3   06:50     00.0     04.4    00.0   04.0     22.2    13:43      E 
15    22.8    29.4   17:32    17.0   04:30     00.0     04.5    00.0   02.9     18.5    19:40      S 
16    23.3    30.7   16:57    17.4   07:05     00.0     05.0    00.0   03.1     20.4    18:11      S 
17    23.7    30.5   15:58    18.0   06:07     00.0     05.4    00.0   02.8     20.4    18:43      SE
18    21.5    28.2   12:42    19.0   23:29     00.0     03.2    05.6   05.8     33.3    13:05      E 
19    17.2    20.4   14:23    14.4   06:22     01.1     00.0    13.2   04.8     27.8    01:07     NNW
20    16.8    21.3   13:31    12.8   23:30     01.5     00.0    00.0   05.7     25.9    14:59      NE
21    16.4    22.9   16:34    10.3   06:23     01.9     00.0    00.0   04.1     18.5    17:20     NNE
22    15.2    16.7   17:58    13.9   03:11     03.1     00.0    02.5   03.3     18.5    14:35     NNW
23    16.0    17.6   17:22    14.6   23:55     02.3     00.0    00.5   03.8     18.5    16:38     WNW
24    19.4    25.8   16:33    14.6   00:12     00.0     01.1    00.0   05.0     20.4    02:02      W 
25    19.3    24.0   15:12    16.7   04:28     00.0     01.0    00.0   02.8     16.6    18:26     ESE
26    19.3    25.4   16:54    14.7   08:03     00.0     01.0    00.0   02.7     18.5    19:27     ESE
27    20.0    25.6   14:48    14.8   08:01     00.0     01.7    00.0   03.2     18.5    18:10     ESE
28    21.3    27.7   14:47    16.1   07:59     00.0     03.0    00.0   02.0     12.9    14:36     SSW
29    20.8    27.0   16:22    15.7   07:50     00.0     02.5    00.0   03.8     18.5    15:17     WSW
30    22.0    28.2   16:38    15.8   07:48     00.0     03.7    00.0   03.5     18.5    12:07      SW
--------------------------------------------------------------------------------------------------------
20.5 (20.9)   32.8  day 01     10.3  day 21   010.1    076.6   053.8   04.2     40.7   day 10     N
Max >=  30: 5
Max Rain: 17.3 ON 6-09-19
Days of Rain: 7 (> .2mm) 6 (> 2mm) 0 (> 20mm)