MONTHLY CLIMATOLOGICAL SUMMARY for SEP. 2015 NAME: Estensemeteo CITY: Ferrara STATE: Italy ELEV: 11 LAT: 044:48:49 LONG: -011:41:15 TEMPERATURE ( °C), RAIN (mm), WIND SPEED (kmh) HEAT COOL AVG MEAN DEG DEG WIND DOM DAY TEMP HIGH TIME LOW TIME DAYS DAYS RAIN SPEED HIGH TIME DIR -------------------------------------------------------------------------------------------------------- 01 26.2 34.2 15:28 19.5 05:22 00.0 07.9 00.0 03.8 22.2 18:04 W 02 25.4 31.8 16:05 19.2 07:10 00.0 07.1 00.0 04.6 25.9 19:03 S 03 23.7 29.2 16:12 17.5 07:15 00.0 05.4 00.0 03.7 18.5 14:39 WSW 04 23.1 30.1 15:20 17.7 06:47 00.0 04.8 01.5 04.5 31.4 17:14 SSE 05 20.4 26.3 14:38 14.6 17:11 00.0 02.1 06.9 04.0 53.6 16:52 WNW 06 18.8 25.5 16:48 12.6 06:53 00.0 00.5 00.0 03.9 20.4 00:43 E 07 18.7 24.2 15:57 12.9 06:48 00.0 00.4 00.0 04.9 24.1 14:17 E 08 18.6 24.9 15:56 12.4 07:23 00.0 00.3 00.0 05.1 25.9 16:22 ESE 09 18.3 24.0 13:22 13.0 06:13 00.0 00.0 00.0 04.6 24.1 16:38 E 10 18.1 23.6 16:27 13.1 05:38 00.2 00.0 00.0 05.8 29.6 13:14 NE 11 18.9 25.4 16:29 12.6 06:28 00.0 00.6 00.0 04.3 24.1 17:19 E 12 20.2 27.8 15:38 12.9 06:44 00.0 01.9 00.0 02.8 27.8 18:43 SE 13 19.4 25.0 13:21 15.1 07:04 00.0 01.1 01.5 04.1 31.4 16:09 SE 14 23.8 29.9 17:31 18.1 01:01 00.0 05.5 03.6 08.1 31.4 16:24 S 15 22.9 28.1 15:08 17.3 07:08 00.0 04.6 00.0 05.0 22.2 13:33 SSW 16 23.5 31.6 16:00 18.3 05:22 00.0 05.2 00.0 04.3 27.8 16:36 E 17 25.4 32.7 16:08 18.4 07:26 00.0 07.1 00.0 05.3 33.3 17:30 S 18 24.5 31.4 14:08 18.8 07:34 00.0 06.2 00.0 05.1 31.4 13:41 WSW 19 21.7 27.7 18:13 16.7 06:12 00.0 03.4 00.0 04.7 20.4 12:17 W 20 20.7 25.8 16:08 15.5 07:41 00.0 02.4 00.0 07.1 25.9 16:33 NNE 21 19.6 25.3 15:48 15.3 07:11 00.0 01.3 00.0 03.9 27.8 18:17 SE 22 18.4 25.1 15:25 12.6 06:49 00.0 00.1 00.0 04.5 24.1 17:37 ESE 23 17.7 22.2 15:37 14.1 23:03 00.6 00.0 10.9 08.2 35.1 13:47 SSE 24 15.2 18.2 15:08 12.8 07:13 03.1 00.0 12.2 07.9 29.6 00:03 NNW 25 16.9 20.4 17:58 14.8 23:58 01.4 00.0 00.0 04.1 16.6 15:18 WSW 26 17.9 22.3 14:40 14.5 01:38 00.4 00.0 00.0 02.5 18.5 15:38 SE 27 17.9 21.2 13:39 15.8 07:21 00.4 00.0 00.0 05.3 29.6 16:56 ENE 28 17.0 20.2 15:48 14.1 07:52 01.3 00.0 00.0 10.7 40.7 12:19 ENE 29 16.5 20.0 16:03 12.4 23:21 01.8 00.0 00.0 09.0 33.3 12:11 ENE 30 15.2 19.4 15:36 11.6 08:04 03.1 00.0 00.0 08.3 31.4 16:53 NE -------------------------------------------------------------------------------------------------------- 20.2 (20.5) 34.2 day 01 11.6 day 30 012.3 068.1 036.6 05.3 53.7 day 05 E Max >= 30: 6 Max Rain: 12.2 ON 24-09-15 Days of Rain: 6 (> .2mm) 4 (> 2mm) 0 (> 20mm)