MONTHLY CLIMATOLOGICAL SUMMARY for SEP. 2012 NAME: Estensemeteo CITY: Ferrara STATE: Italy ELEV: 11 LAT: 044:48:49 LONG: -011:41:15 TEMPERATURE ( °C), RAIN (mm), WIND SPEED (kmh) HEAT COOL AVG MEAN DEG DEG WIND DOM DAY TEMP HIGH TIME LOW TIME DAYS DAYS RAIN SPEED HIGH TIME DIR ---------------------------------------------------------------------------------------------------------------------------------------------------------- 01 19.4 26.8 15:00 15.0 05:12 00.0 01.1 41.7 06.3 44.4 21:17 NW 04 20.3 25.8 14:57 16.4 04:39 00.0 02.0 03.8 04.2 31.4 17:05 NW 05 20.5 23.8 18:38 18.2 07:12 00.0 02.2 04.3 03.0 16.6 02:29 WNW 06 24.1 29.1 16:27 17.9 06:53 00.0 05.8 00.0 05.4 22.2 17:12 E 07 23.8 28.4 15:02 17.8 06:02 00.0 05.5 00.0 04.1 18.5 18:15 SE 08 24.5 30.1 16:20 16.9 07:03 00.0 06.2 00.0 02.4 14.8 11:35 ESE 09 24.3 30.5 16:51 16.4 06:52 00.0 06.0 00.0 02.4 16.6 17:06 N 10 25.3 31.1 17:02 17.8 06:02 00.0 07.0 00.0 01.9 14.8 14:45 WSW 11 25.1 29.8 17:09 18.2 07:03 00.0 06.8 00.0 03.2 12.9 20:49 WSW 12 23.2 28.5 13:22 17.4 00:00 00.0 04.9 02.5 07.7 42.5 15:07 SSW 13 16.7 19.2 14:01 13.9 05:13 01.6 00.0 10.7 06.6 37.0 13:51 NE 14 19.9 25.0 16:24 15.0 07:51 00.0 01.6 00.0 07.0 31.4 14:07 NNE 15 20.0 24.7 14:21 13.8 06:02 00.0 01.7 00.0 06.0 29.6 14:55 E 16 20.6 25.3 15:44 14.7 07:00 00.0 02.3 00.0 03.1 16.6 18:12 SE 17 20.6 24.8 14:54 15.0 07:21 00.0 02.3 00.0 01.8 14.8 11:29 NE 18 21.4 27.2 15:30 13.6 06:31 00.0 03.1 00.0 03.3 16.6 18:37 S 19 19.6 23.7 12:53 15.0 23:23 00.0 01.3 06.6 03.9 33.3 23:17 N 20 17.7 22.3 16:05 12.7 07:42 00.6 00.0 00.0 05.3 27.8 13:50 ESE 21 17.7 23.0 14:42 09.6 06:55 00.6 00.0 00.0 03.8 20.4 14:53 ESE 22 19.3 25.2 16:42 11.3 07:23 00.0 01.0 00.0 02.5 11.1 14:30 SSE 23 20.9 24.5 14:23 17.5 03:34 00.0 02.6 00.0 04.3 18.5 17:47 NE 24 21.3 29.1 15:32 17.3 00:00 00.0 03.0 02.5 05.4 35.1 18:02 ESE 25 20.2 26.3 15:32 13.9 06:32 00.0 01.9 00.0 05.0 24.1 16:32 E 26 23.7 27.8 14:35 18.3 07:20 00.0 05.4 00.0 05.8 27.8 14:29 SSE 27 22.9 27.4 15:40 18.5 23:57 00.0 04.6 00.0 08.0 31.4 05:48 SSW 28 20.1 24.1 16:16 16.2 07:51 00.0 01.8 00.0 01.8 12.9 15:50 ESE 29 18.8 20.1 14:28 16.8 00:00 00.0 00.5 00.0 03.0 16.6 17:05 NNW 30 20.0 23.4 15:35 16.6 07:50 00.0 01.7 15.7 02.9 18.5 10:22 WSW ---------------------------------------------------------------------------------------------------------------------------------------------------------- 21.1 (20.9) 31.1 day 10 09.6 day 21 002.8 082.3 127.5 04.3 44.4 day 01 ESE Max >= 30: 3 Min <= 30: 28 Max Rain: 41.7 ON 1-09-14 Days of Rain: 8 (> .2mm) 8 (> 2mm) 1 (> 20mm)