MONTHLY CLIMATOLOGICAL SUMMARY for AUG. 2023

NAME: Estensemeteo   CITY: Ferrara STATE: Italy
ELEV: 11 LAT: 044:48:49 LONG: -011:41:15

                            TEMPERATURE ( C), RAIN (mm), WIND SPEED (kmh)

                                               HEAT     COOL           AVG
      MEAN                                     DEG      DEG            WIND                       DOM
DAY   TEMP    HIGH   TIME     LOW    TIME      DAYS     DAYS    RAIN   SPEED    HIGH    TIME      DIR
--------------------------------------------------------------------------------------------------------
01    26.1    31.7   17:37    21.3   07:15     00.0     07.8    00.0   04.3     20.4    14:32     WSW
02    25.5    32.8   17:07    19.4   06:11     00.0     07.2    00.0   06.5     31.4    20:28     ENE
03    27.9    33.9   15:12    21.9   06:52     00.0     09.6    00.0   08.3     42.5    15:46      S 
04    24.7    27.6   13:19    19.6   00:00     00.0     06.4    00.0   04.9     29.6    21:20      S 
05    19.4    22.9   16:54    16.6   06:05     00.0     01.1    12.8   08.1     38.9    05:37      NW
06    22.2    29.1   18:18    16.2   05:58     00.0     03.9    00.6   06.2     29.6    22:09     WNW
07    22.2    28.3   17:50    16.3   06:30     00.0     03.9    00.0   05.0     22.2    01:24      NW
08    22.2    30.1   17:27    13.9   06:50     00.0     03.9    00.0   03.8     22.2    19:13     SSE
09    23.2    30.4   17:10    17.9   06:10     00.0     04.9    00.0   04.2     24.1    18:50      NE
10    24.0    30.6   16:57    18.5   05:48     00.0     05.7    00.0   04.6     24.1    17:34      E 
11    24.9    32.1   16:54    18.9   06:24     00.0     06.6    00.0   04.9     24.1    18:03      E 
12    25.4    33.2   16:35    18.1   05:42     00.0     07.1    00.0   04.6     24.1    19:43     ESE
13    26.5    34.0   16:59    20.3   05:25     00.0     08.2    00.0   03.4     18.5    19:01     ENE
14    26.6    34.3   15:58    19.9   04:04     00.0     08.3    00.0   04.0     24.1    16:42     ESE
15    26.7    33.6   15:09    19.8   05:09     00.0     08.4    00.0   02.7     14.8    19:59      NE
16    27.3    34.1   15:58    20.8   05:45     00.0     09.0    00.0   03.9     20.4    16:22      NE
17    26.6    33.6   14:48    20.1   06:47     00.0     08.3    00.0   02.9     22.2    18:09     ENE
18    27.3    33.6   17:36    22.3   07:09     00.0     09.0    00.0   03.1     18.5    13:42      NE
19    27.9    35.0   17:50    21.3   06:09     00.0     09.6    00.0   03.1     18.5    18:50     ENE
20    28.6    34.4   16:17    22.6   04:25     00.0     10.3    00.0   04.8     27.8    17:50     ENE
21    29.4    35.6   16:15    23.2   05:09     00.0     11.1    00.0   04.2     29.6    15:05     NNE
22    29.5    36.2   16:51    23.4   06:52     00.0     11.2    00.0   03.9     18.5    16:28      NE
23    29.6    38.4   17:24    22.3   06:17     00.0     11.3    00.0   02.8     18.5    19:20     NNE
24    29.7    38.6   17:14    23.2   07:01     00.0     11.4    00.0   03.9     20.4    18:25     ESE
25    29.9    38.9   17:43    22.7   04:25     00.0     11.6    00.0   03.7     22.2    18:26      E 
26    29.3    37.9   16:56    23.1   04:57     00.0     11.0    00.0   04.4     27.8    18:38     SSE
27    27.8    33.9   13:51    21.8   06:47     00.0     09.5    00.0   05.3     25.9    17:03     ENE
28    24.4    28.6   17:08    19.4   00:00     00.0     06.1    01.6   08.7     37.0    12:25     SSE
29    18.4    22.2   14:53    16.4   06:12     00.0     00.1    42.2   04.8     25.9    15:20     WNW
30    19.7    23.8   16:44    16.6   07:05     00.0     01.4    00.0   06.2     29.6    11:58      N 
31    21.0    27.4   16:07    15.7   06:33     00.0     02.7    00.0   03.6     18.5    18:56      SW
--------------------------------------------------------------------------------------------------------
25.6 (26.0)   38.9  day 25     13.9  day 08   000.0    226.4   057.2   04.7     42.6   day 03      E 
Max >=  30: 23
Max Rain: 42.2 ON 29-08-23
Days of Rain: 4 (> .2mm) 2 (> 2mm) 1 (> 20mm)