MONTHLY CLIMATOLOGICAL SUMMARY for AUG. 2022

NAME: Estensemeteo   CITY: Ferrara STATE: Italy
ELEV: 11 LAT: 044:48:49 LONG: -011:41:15

                            TEMPERATURE ( C), RAIN (mm), WIND SPEED (kmh)

                                               HEAT     COOL           AVG
      MEAN                                     DEG      DEG            WIND                       DOM
DAY   TEMP    HIGH   TIME     LOW    TIME      DAYS     DAYS    RAIN   SPEED    HIGH    TIME      DIR
--------------------------------------------------------------------------------------------------------
01    28.3    36.6   15:48    19.6   05:37     00.0     10.0    00.0   05.2     31.4    16:55      SE
02    26.9    32.4   16:35    22.4   02:59     00.0     08.6    00.0   07.6     46.3    05:15     ENE
03    27.4    34.3   16:53    20.9   05:10     00.0     09.1    00.0   04.3     24.1    18:00     ENE
04    28.7    36.7   16:10    20.5   05:53     00.0     10.4    00.0   05.5     25.9    18:58      SE
05    29.5    36.9   17:08    21.8   03:53     00.0     11.2    00.0   05.7     25.9    17:50      SE
06    28.6    37.6   16:32    21.8   05:25     00.0     10.3    00.0   07.1     37.0    18:13      NE
07    26.8    36.9   17:08    21.9   12:16     00.0     08.5    10.2   09.4     37.0    18:13      N 
08    28.6    37.6   16:32    21.8   05:25     00.0     10.3    00.0   06.3     37.0    18:13      NE
09    26.3    29.6   13:43    21.2   05:42     00.0     08.0    00.0   06.3     31.4    14:11     ENE
10    23.1    25.9   21:03    20.5   03:30     00.0     04.8    00.0   03.4     14.8    22:45      SE
11    25.7    31.3   16:34    19.5   04:18     00.0     07.4    00.0   06.0     29.6    17:15      NE
12    23.7    29.3   15:54    19.6   00:00     00.0     05.4    00.4   06.2     29.6    19:39     ENE
13    23.3    29.4   17:47    17.4   06:33     00.0     05.0    00.0   06.2     25.9    14:54     NNW
14    25.4    33.1   17:34    17.2   05:56     00.0     07.1    00.0   03.9     29.6    18:42      S 
15    26.4    34.2   16:56    20.9   07:02     00.0     08.1    00.0   05.8     35.1    19:08     SSE
16    25.4    32.7   16:11    19.2   06:31     00.0     07.1    00.0   05.7     37.0    00:47     ENE
17    25.8    33.4   15:47    19.3   20:36     00.0     07.5    04.6   06.6     75.8    20:09     ENE
18    23.0    27.4   17:47    18.9   13:12     00.0     04.7    14.2   07.3     94.3    12:02      NE
19    20.9    25.4   16:53    16.7   10:10     00.0     02.6    45.4   06.7     50.0    08:31     WNW
20    25.0    32.1   18:27    18.3   06:44     00.0     06.7    00.0   03.7     18.5    11:30     WSW
21    25.9    33.0   16:30    20.2   06:52     00.0     07.6    00.0   04.1     22.2    18:26      SE
22    25.8    32.4   16:12    20.7   07:03     00.0     07.5    00.0   05.3     25.9    18:09     ESE
23    24.8    30.0   14:54    19.4   07:29     00.0     06.5    00.0   06.8     27.8    09:33      SE
24    24.8    29.7   16:09    19.6   04:37     00.0     06.5    00.0   05.4     33.3    12:47     ENE
25    26.2    32.4   16:29    20.8   03:44     00.0     07.9    00.0   03.9     18.5    20:14      N 
26    26.8    32.5   16:35    21.6   06:53     00.0     08.5    00.0   03.6     20.4    13:32     NNE
27    23.9    30.6   12:37    20.0   23:51     00.0     05.6    01.2   04.1     44.4    14:00     WNW
28    24.1    30.7   15:14    18.9   07:11     00.0     05.8    00.0   03.2     18.5    18:14     SSW
29    25.3    32.1   17:32    19.9   06:58     00.0     07.0    00.0   04.3     18.5    20:45     ESE
30    24.7    32.4   16:00    20.3   19:34     00.0     06.4    08.4   04.1     38.9    19:20      SE
31    23.0    28.7   17:03    19.5   07:24     00.0     04.7    00.0   04.0     18.5    18:55     ENE
--------------------------------------------------------------------------------------------------------
25.6 (26.1)   37.6  day 08     16.7  day 19   000.0    226.9   084.4   05.4     94.4   day 17      E 
Max >=  30: 23
Max Rain: 45.4 ON 19-08-22
Days of Rain: 7 (> .2mm) 5 (> 2mm) 1 (> 20mm)