MONTHLY CLIMATOLOGICAL SUMMARY for AUG. 2020

NAME: Estensemeteo   CITY: Ferrara STATE: Italy
ELEV: 11 LAT: 044:48:49 LONG: -011:41:15

                            TEMPERATURE ( C), RAIN (mm), WIND SPEED (kmh)

                                               HEAT     COOL           AVG
      MEAN                                     DEG      DEG            WIND                       DOM
DAY   TEMP    HIGH   TIME     LOW    TIME      DAYS     DAYS    RAIN   SPEED    HIGH    TIME      DIR
--------------------------------------------------------------------------------------------------------
01    29.2    36.9   17:43    22.7   04:07     00.0     10.9    00.0   03.2     18.5    23:33      S 
02    25.9    31.9   16:39    21.4   04:49     00.0     07.6    04.1   06.5     40.7    02:50     ENE
03    22.4    25.5   12:43    19.9   00:00     00.0     04.1    12.4   04.6     50.0    16:01     NNE
04    20.4    24.6   15:53    17.3   06:30     00.0     02.1    01.0   05.2     25.9    16:14     WNW
05    21.7    26.2   16:30    17.7   00:20     00.0     03.4    03.3   05.9     29.6    01:17     NNE
06    24.1    29.2   17:31    19.5   05:06     00.0     05.8    00.0   05.9     31.4    15:57     NNE
07    26.2    31.4   18:05    19.9   06:33     00.0     07.9    00.0   04.1     22.2    16:15     NNE
08    27.3    33.6   16:34    21.1   07:00     00.0     09.0    00.0   03.8     22.2    14:23      N 
09    27.7    34.3   16:25    21.0   06:09     00.0     09.4    00.0   03.1     18.5    14:42      NW
10    27.7    35.3   17:14    20.9   06:33     00.0     09.4    00.0   02.9     22.2    17:35      SE
11    27.8    35.0   17:38    20.4   06:07     00.0     09.5    00.0   03.2     18.5    19:10      SE
12    27.3    33.9   16:25    21.6   06:59     00.0     09.0    00.0   04.2     18.5    19:52      E 
13    27.8    33.2   18:08    21.9   06:26     00.0     09.5    00.0   02.5     14.8    18:13      W 
14    26.0    32.5   15:31    21.4   00:00     00.0     07.7    00.0   04.0     35.1    16:33      N 
15    25.5    32.7   16:28    20.1   03:51     00.0     07.2    00.0   03.4     22.2    17:57      E 
16    26.5    33.3   15:58    20.0   04:51     00.0     08.2    00.0   04.1     22.2    19:27     ESE
17    25.6    31.2   15:36    21.4   05:30     00.0     07.3    00.0   03.0     22.2    17:34     NNW
18    24.3    30.4   17:12    19.6   06:38     00.0     06.0    00.0   04.1     25.9    21:09     NNW
19    25.0    32.0   17:14    19.8   06:41     00.0     06.7    00.0   03.8     24.1    20:27     ESE
20    26.5    33.3   16:28    20.6   06:38     00.0     08.2    00.0   04.6     25.9    19:03      SE
21    27.4    34.7   16:27    21.3   03:59     00.0     09.1    00.0   04.5     25.9    16:39      SE
22    27.9    35.8   17:03    21.7   05:57     00.0     09.6    00.0   03.2     20.4    18:03     ESE
23    25.9    32.0   14:18    21.0   23:30     00.0     07.6    03.0   07.2     38.9    19:37     ENE
24    24.1    30.3   16:00    20.1   03:14     00.0     05.8    00.0   04.9     25.9    15:59      NE
25    24.0    29.9   17:47    17.8   05:54     00.0     05.7    00.0   04.6     18.5    14:59     ENE
26    25.3    31.1   17:58    18.4   05:49     00.0     07.0    00.0   03.7     24.1    13:35     WSW
27    25.9    30.6   12:24    20.4   06:50     00.0     07.6    00.0   05.0     27.8    17:22     ESE
28    26.2    33.2   15:37    20.3   07:01     00.0     07.9    00.0   06.1     29.6    18:45      SE
29    26.6    33.2   13:56    21.2   00:00     00.0     08.3    03.3   08.4     37.0    16:07      SE
30    23.8    29.7   17:11    20.0   05:33     00.0     05.5    04.8   07.2     31.4    13:16      S 
31    18.8    22.4   15:26    15.3   22:07     00.0     00.5    13.7   03.1     27.8    17:23     SSW
--------------------------------------------------------------------------------------------------------
25.5 (25.9)   36.9  day 01     15.3  day 31   000.0    223.5   045.7   04.5     50.0   day 02      E 
Max >=  30: 24
Max Rain: 13.7 ON 31-08-20
Days of Rain: 8 (> .2mm) 7 (> 2mm) 0 (> 20mm)