MONTHLY CLIMATOLOGICAL SUMMARY for AUG. 2016 NAME: Estensemeteo CITY: Ferrara STATE: Italy ELEV: 11 LAT: 044:48:49 LONG: -011:41:15 TEMPERATURE ( °C), RAIN (mm), WIND SPEED (kmh) HEAT COOL AVG MEAN DEG DEG WIND DOM DAY TEMP HIGH TIME LOW TIME DAYS DAYS RAIN SPEED HIGH TIME DIR -------------------------------------------------------------------------------------------------------- 01 23.8 27.6 15:36 20.5 06:00 00.0 05.5 00.3 06.5 31.4 15:43 N 02 24.3 30.8 16:38 18.5 06:18 00.0 06.0 00.0 03.8 18.5 19:30 E 03 25.9 32.6 16:41 18.9 06:15 00.0 07.6 00.0 03.6 20.4 18:41 SE 04 26.8 33.6 16:19 19.7 05:16 00.0 08.5 00.0 04.1 24.1 18:03 ESE 05 22.9 27.7 14:38 18.9 15:17 00.0 04.6 11.4 04.5 37.0 14:53 WSW 06 22.9 27.9 18:28 17.2 07:04 00.0 04.6 06.1 06.6 38.9 05:17 NE 07 24.0 29.0 16:09 17.9 06:55 00.0 05.7 00.0 06.0 35.1 15:06 ENE 08 24.2 29.9 16:58 17.5 06:10 00.0 05.9 00.0 03.6 18.5 17:25 NE 09 25.2 32.3 16:19 18.4 06:28 00.0 06.9 00.0 03.0 18.5 19:13 SE 10 20.8 24.2 17:35 17.2 00:00 00.0 02.5 02.3 05.9 29.6 05:44 NNE 11 20.3 25.3 16:21 15.9 07:29 00.0 02.0 01.3 07.3 31.4 12:35 NE 12 20.6 26.8 16:48 14.0 03:44 00.0 02.3 00.0 02.8 16.6 15:09 ESE 13 22.4 29.6 16:44 14.4 06:35 00.0 04.1 00.0 03.3 18.5 18:30 SSE 14 24.2 32.7 17:28 16.9 06:34 00.0 05.9 00.0 03.0 20.4 18:22 SSE 15 25.2 33.3 16:22 17.6 03:51 00.0 06.9 00.0 03.6 20.4 16:35 ESE 16 25.4 32.6 17:03 19.4 06:33 00.0 07.1 00.0 03.0 18.5 21:16 ENE 17 25.5 32.0 16:43 19.7 23:57 00.0 07.2 05.3 05.8 42.5 22:05 WNW 18 23.1 29.7 16:56 17.6 06:54 00.0 04.8 00.5 04.2 24.1 00:25 SE 19 24.0 28.8 17:52 20.6 06:38 00.0 05.7 14.2 03.7 18.5 16:43 E 20 24.7 30.3 16:17 20.2 06:09 00.0 06.4 00.0 03.7 20.4 16:37 E 21 24.5 30.7 16:20 19.5 23:52 00.0 06.2 01.3 04.0 37.0 23:14 SE 22 22.4 28.4 16:50 16.7 06:47 00.0 04.1 00.0 04.5 22.2 00:57 ENE 23 22.8 29.4 16:38 14.8 06:49 00.0 04.5 00.0 03.2 20.4 15:31 ENE 24 23.9 29.4 16:55 17.7 06:45 00.0 05.6 00.0 04.5 24.1 13:16 ENE 25 24.1 29.6 16:22 18.3 06:50 00.0 05.8 00.0 05.0 24.1 17:21 ENE 26 23.8 30.1 15:44 18.2 07:17 00.0 05.5 00.0 03.9 24.1 13:58 ENE 27 24.1 31.3 17:37 16.8 06:21 00.0 05.8 00.0 02.7 14.8 20:28 W 28 25.3 33.4 16:30 17.9 06:01 00.0 07.0 00.0 03.3 22.2 18:43 S 29 25.5 33.5 16:50 18.3 07:12 00.0 07.2 00.0 03.5 18.5 18:16 S 30 24.8 30.3 15:13 21.1 06:30 00.0 06.5 00.3 05.2 22.2 15:49 ENE 31 24.4 30.3 15:34 18.9 06:25 00.0 06.1 00.0 03.7 18.5 19:05 ENE -------------------------------------------------------------------------------------------------------- 23.9 (24.1) 33.6 day 04 14.0 day 12 000.0 174.4 043.0 04.2 42.6 day 17 E Max >= 30: 16 Max Rain: 14.2 ON 19-08-16 Days of Rain: 10 (> .2mm) 5 (> 2mm) 0 (> 20mm)