MONTHLY CLIMATOLOGICAL SUMMARY for JUL. 2023

NAME: Estensemeteo   CITY: Ferrara STATE: Italy
ELEV: 11 LAT: 044:48:49 LONG: -011:41:15

                            TEMPERATURE ( C), RAIN (mm), WIND SPEED (kmh)

                                               HEAT     COOL           AVG
      MEAN                                     DEG      DEG            WIND                       DOM
DAY   TEMP    HIGH   TIME     LOW    TIME      DAYS     DAYS    RAIN   SPEED    HIGH    TIME      DIR
--------------------------------------------------------------------------------------------------------
01    22.4    28.8   17:55    18.3   06:19     00.0     04.1    00.0   04.2     18.5    17:58      W 
02    25.1    32.0   16:24    19.2   05:57     00.0     06.8    00.0   04.8     29.6    18:37      SE
03    24.4    29.5   14:39    20.1   04:49     00.0     06.1    04.6   06.1     29.6    17:16     ENE
04    23.8    30.7   17:48    16.3   02:42     00.0     05.5    06.0   05.5     68.5    02:20      NE
05    24.6    31.6   18:14    19.3   05:18     00.0     06.3    00.0   05.4     29.6    06:22      E 
06    22.8    27.1   19:13    19.9   06:43     00.0     04.5    01.2   04.9     27.8    11:47      NE
07    24.6    31.0   16:29    17.9   06:20     00.0     06.3    00.0   03.8     20.4    17:51      E 
08    25.5    32.2   16:40    17.7   05:44     00.0     07.2    00.0   04.9     27.8    16:23     ESE
09    27.5    35.4   18:34    19.7   04:10     00.0     09.2    00.0   03.5     18.5    19:20      SE
10    29.0    36.7   16:59    21.4   06:02     00.0     10.7    00.0   04.2     22.2    19:02      SE
11    29.5    36.9   16:22    22.6   04:50     00.0     11.2    00.0   05.3     22.2    19:18     ESE
12    28.2    32.2   16:27    23.9   04:17     00.0     09.9    00.0   08.6     29.6    14:17     ENE
13    26.3    31.8   17:05    22.6   06:52     00.0     08.0    00.0   04.7     22.2    03:17     NNE
14    26.8    32.5   16:07    21.2   06:21     00.0     08.5    00.0   05.8     22.2    13:25     ENE
15    27.9    34.6   15:47    21.7   05:59     00.0     09.6    00.0   04.3     22.2    19:34     ESE
16    29.3    37.6   16:04    23.0   05:18     00.0     11.0    00.0   04.3     27.8    18:38     ESE
17    29.9    37.9   18:57    23.0   06:22     00.0     11.6    00.0   04.6     18.5    14:52      W 
18    30.1    36.0   14:47    24.2   06:32     00.0     11.8    00.0   05.8     25.9    20:02     ENE
19    29.2    36.6   18:53    23.9   06:24     00.0     10.9    00.0   05.4     42.5    22:29      E 
20    26.6    34.4   18:44    19.0   00:55     00.0     08.3    06.4   05.2     57.4    00:13      SE
21    26.1    31.1   13:47    23.0   00:00     00.0     07.8    03.2   06.2     37.0    15:00      NE
22    24.8    30.7   14:05    20.3   06:06     00.0     06.5    04.8   04.4     31.4    15:02     NNE
23    26.4    33.7   17:42    21.1   06:28     00.0     08.1    00.0   04.0     18.5    20:32     NNE
24    26.2    33.2   15:37    20.9   05:12     00.0     07.9    00.2   06.3     33.3    17:32     ENE
25    24.8    29.6   16:14    20.3   06:17     00.0     06.5    00.0   05.5     29.6    06:54      N 
26    23.9    30.3   18:17    18.4   06:32     00.0     05.6    00.0   05.8     37.0    22:23     NNE
27    22.5    29.4   16:28    15.7   06:15     00.0     04.2    00.0   05.7     25.9    11:14     ESE
28    24.4    31.1   18:38    17.9   06:16     00.0     06.1    00.0   03.3     16.6    23:02     WNW
29    26.8    33.7   18:13    21.2   06:32     00.0     08.5    00.0   04.9     20.4    19:43      SW
30    26.0    32.2   18:33    20.8   07:19     00.0     07.7    00.0   05.7     35.1    03:44      N 
31    26.3    32.7   17:29    21.4   05:45     00.0     08.0    00.0   04.7     20.4    19:29     ENE
--------------------------------------------------------------------------------------------------------
26.2 (26.6)   37.9  day 17     15.7  day 27   000.0    244.4   026.4   05.1     68.5   day 04      E 
Max >=  30: 26
Max Rain: 6.4 ON 20-07-23
Days of Rain: 7 (> .2mm) 5 (> 2mm) 0 (> 20mm)