MONTHLY CLIMATOLOGICAL SUMMARY for JUL. 2021

NAME: Estensemeteo   CITY: Ferrara STATE: Italy
ELEV: 11 LAT: 044:48:49 LONG: -011:41:15

                            TEMPERATURE ( C), RAIN (mm), WIND SPEED (kmh)

                                               HEAT     COOL           AVG
      MEAN                                     DEG      DEG            WIND                       DOM
DAY   TEMP    HIGH   TIME     LOW    TIME      DAYS     DAYS    RAIN   SPEED    HIGH    TIME      DIR
--------------------------------------------------------------------------------------------------------
01    25.1    32.0   18:15    18.5   06:03     00.0     06.8    00.0   06.2     27.8    21:57     WSW
02    25.3    31.9   16:18    19.8   05:45     00.0     07.0    00.0   06.8     29.6    18:20     ESE
03    25.7    32.4   16:32    19.4   03:12     00.0     07.4    00.0   06.9     27.8    18:04     ESE
04    22.7    27.8   15:08    19.2   05:54     00.0     04.4    07.8   04.1     42.5    00:07      NW
05    24.2    31.7   16:20    18.2   05:48     00.0     05.9    00.0   06.3     25.9    19:29      S 
06    26.0    32.8   16:23    18.4   05:09     00.0     07.7    00.0   06.5     25.9    14:42     ESE
07    27.7    36.3   15:11    20.4   06:14     00.0     09.4    00.0   05.9     33.3    17:50     ESE
08    27.4    34.5   16:25    19.8   23:50     00.0     09.1    04.3   06.8     51.8    21:18      SE
09    24.4    31.1   18:30    17.2   04:37     00.0     06.1    00.0   06.5     29.6    12:17      W 
10    25.8    32.0   17:59    18.3   05:33     00.0     07.5    00.0   04.3     18.5    18:47      NE
11    26.6    33.8   18:19    20.3   05:32     00.0     08.3    00.0   03.4     18.5    16:19     NNW
12    26.7    34.3   15:28    20.3   06:07     00.0     08.4    00.0   06.2     33.3    18:52      SE
13    25.2    31.8   12:17    21.8   03:54     00.0     06.9    00.3   06.7     31.4    17:34      SE
14    22.6    27.9   17:15    16.7   04:37     00.0     04.3    00.0   06.9     27.8    17:00     WSW
15    23.0    28.5   16:12    16.9   04:50     00.0     04.7    00.0   03.7     16.6    15:38      SW
16    21.5    24.8   18:19    18.4   08:32     00.0     03.2    17.2   03.6     18.5    17:20     WSW
17    23.0    28.7   17:37    18.7   07:14     00.0     04.7    00.0   06.4     29.6    12:57     WNW
18    25.9    33.2   16:56    21.0   05:10     00.0     07.6    00.0   05.0     37.0    18:09      N 
19    27.5    33.6   16:21    22.7   05:36     00.0     09.2    00.0   06.1     27.8    15:52     NNE
20    27.1    33.3   15:30    21.0   03:34     00.0     08.8    00.0   07.5     31.4    16:53      SE
21    26.4    32.3   16:55    20.7   05:49     00.0     08.1    00.0   07.5     27.8    11:52     ESE
22    26.3    31.9   15:36    21.3   06:32     00.0     08.0    00.0   08.4     29.6    16:35      E 
23    26.2    32.9   16:01    19.7   06:02     00.0     07.9    00.0   05.5     25.9    16:27     ESE
24    27.0    33.2   14:29    21.1   06:22     00.0     08.7    00.0   06.5     27.8    16:53     ESE
25    27.8    33.8   17:37    22.6   05:54     00.0     09.5    00.0   05.4     24.1    17:38     ESE
26    25.1    32.4   14:17    21.4   00:00     00.0     06.8    04.6   04.3     35.1    15:46     ESE
27    24.0    30.9   15:33    20.3   00:00     00.0     05.7    04.0   05.8     29.6    18:18     ENE
28    25.2    32.4   17:33    18.9   06:19     00.0     06.9    00.0   04.0     27.8    17:35      NE
29    26.6    33.0   17:34    20.6   06:35     00.0     08.3    00.0   04.0     22.2    18:43      E 
30    27.7    34.7   18:03    20.9   06:47     00.0     09.4    00.0   03.0     20.4    15:20      NE
31    27.9    34.6   15:41    21.6   06:45     00.0     09.6    00.0   05.5     35.1    18:12      E 
--------------------------------------------------------------------------------------------------------
25.6 (26.0)   36.3  day 07     16.7  day 14   000.0    226.4   038.2   05.7     51.8   day 08     ESE
Max >=  30: 26
Max Rain: 17.2 ON 16-07-21
Days of Rain: 6 (> .2mm) 5 (> 2mm) 0 (> 20mm)