MONTHLY CLIMATOLOGICAL SUMMARY for JUL. 2019 NAME: Estensemeteo CITY: Ferrara STATE: Italy ELEV: 11 LAT: 044:48:49 LONG: -011:41:15 TEMPERATURE ( °C), RAIN (mm), WIND SPEED (kmh) HEAT COOL AVG MEAN DEG DEG WIND DOM DAY TEMP HIGH TIME LOW TIME DAYS DAYS RAIN SPEED HIGH TIME DIR -------------------------------------------------------------------------------------------------------- 01 28.0 36.3 16:18 20.4 03:54 00.0 09.7 00.0 04.0 22.2 17:37 SE 02 29.0 36.5 16:51 21.2 06:11 00.0 10.7 00.0 04.6 25.9 23:46 WSW 03 27.9 35.2 15:56 20.7 00:00 00.0 09.6 03.3 06.7 33.3 19:39 ENE 04 25.8 32.1 17:27 19.6 06:34 00.0 07.5 00.3 03.4 18.5 17:49 NNE 05 28.3 35.4 18:24 21.2 06:05 00.0 10.0 00.0 02.9 22.2 20:47 SW 06 29.3 36.2 17:21 22.3 05:42 00.0 11.0 00.0 04.2 24.1 19:46 SSW 07 27.6 34.4 16:47 21.8 00:00 00.0 09.3 00.0 06.4 33.3 19:24 W 08 26.2 33.4 16:48 19.7 05:36 00.0 07.9 00.0 04.5 37.0 17:58 E 09 24.2 29.3 13:59 20.2 06:17 00.0 05.9 02.0 06.1 29.6 00:28 NE 10 23.7 28.2 17:30 20.6 05:05 00.0 05.4 00.8 07.3 38.9 11:27 ESE 11 23.0 28.5 14:42 17.8 06:22 00.0 04.7 04.1 04.8 24.1 15:24 SE 12 23.6 31.4 16:39 17.8 06:47 00.0 05.3 00.0 04.5 44.4 20:52 ESE 13 22.8 30.3 16:42 17.1 06:48 00.0 04.5 12.2 06.8 75.8 21:17 E 14 22.7 29.5 14:13 15.8 05:59 00.0 04.4 00.0 06.0 27.8 16:14 ESE 15 20.6 23.7 10:51 18.4 12:01 00.0 02.3 02.0 05.9 27.8 10:30 NE 16 23.7 30.2 17:46 16.2 06:24 00.0 05.4 00.0 04.9 24.1 13:38 NNE 17 25.3 32.3 17:31 17.4 06:18 00.0 07.0 00.0 05.5 25.9 15:57 S 18 24.0 29.3 17:53 18.7 06:33 00.0 05.7 00.0 04.6 22.2 18:40 E 19 25.8 32.9 17:50 19.8 06:39 00.0 07.5 00.0 03.9 18.5 20:22 SE 20 27.0 34.7 17:43 19.7 05:16 00.0 08.7 00.0 03.7 25.9 19:12 SE 21 28.0 35.6 18:27 21.2 05:49 00.0 09.7 00.0 03.8 18.5 21:46 W 22 28.5 35.0 19:02 22.8 05:54 00.0 10.2 00.0 02.8 18.5 14:07 E 23 29.3 36.2 15:49 21.9 06:28 00.0 11.0 00.0 03.9 27.8 16:52 SE 24 29.8 38.0 17:14 22.3 05:53 00.0 11.5 00.0 04.6 27.8 19:32 SSE 25 30.0 37.5 14:45 22.7 04:23 00.0 11.7 00.0 05.1 27.8 15:27 SE 26 29.8 38.3 18:53 22.5 23:30 00.0 11.5 07.4 04.0 42.5 21:47 W 27 23.6 31.8 14:46 19.2 15:57 00.0 05.3 12.2 05.1 83.3 15:12 NNE 28 20.5 21.9 20:26 18.9 03:02 00.0 02.2 05.6 04.6 24.1 16:49 NW 29 25.9 33.6 17:59 20.7 07:05 00.0 07.6 00.0 04.2 18.5 18:35 SW 30 27.6 35.2 19:43 21.7 05:35 00.0 09.3 00.0 04.5 18.5 20:01 SW 31 27.2 33.5 16:59 21.6 06:08 00.0 08.9 00.0 03.6 27.8 17:04 SW -------------------------------------------------------------------------------------------------------- 26.1 (26.4) 38.3 day 26 15.8 day 14 000.0 241.4 049.8 04.7 83.3 day 27 SE Max >= 30: 24 Max Rain: 12.2 ON 13-07-19 Days of Rain: 10 (> .2mm) 6 (> 2mm) 0 (> 20mm)