MONTHLY CLIMATOLOGICAL SUMMARY for JUL. 2016 NAME: Estensemeteo CITY: Ferrara STATE: Italy ELEV: 11 LAT: 044:48:49 LONG: -011:41:15 TEMPERATURE ( °C), RAIN (mm), WIND SPEED (kmh) HEAT COOL AVG MEAN DEG DEG WIND DOM DAY TEMP HIGH TIME LOW TIME DAYS DAYS RAIN SPEED HIGH TIME DIR -------------------------------------------------------------------------------------------------------- 01 26.1 32.2 15:19 20.9 06:32 00.0 07.8 00.0 03.6 18.5 19:25 ESE 02 26.0 33.2 16:43 20.8 05:47 00.0 07.7 10.4 03.5 55.5 19:51 ESE 03 24.8 30.4 14:49 20.1 06:25 00.0 06.5 00.0 06.6 29.6 19:32 NNE 04 24.6 28.7 18:28 20.9 07:29 00.0 06.3 00.0 05.8 22.2 15:17 ENE 05 25.4 32.6 17:27 18.7 05:13 00.0 07.1 00.0 03.3 22.2 18:14 SSE 06 26.1 32.3 15:52 20.9 06:39 00.0 07.8 00.0 04.1 22.2 17:20 SE 07 26.2 31.4 14:28 20.9 05:07 00.0 07.9 00.0 05.7 25.9 15:49 ESE 08 26.6 32.3 17:57 19.9 05:37 00.0 08.3 00.0 03.5 18.5 17:30 ESE 09 27.2 33.9 16:59 20.7 05:40 00.0 08.9 00.0 03.4 18.5 19:34 S 10 28.2 34.6 16:47 21.9 05:33 00.0 09.9 00.0 03.4 18.5 19:47 ESE 11 28.3 35.1 15:00 21.6 06:22 00.0 10.0 00.0 03.6 24.1 16:10 ESE 12 28.6 35.4 17:44 22.9 06:36 00.0 10.3 00.0 04.0 20.4 12:12 SW 13 26.6 32.2 12:29 21.3 00:00 00.0 08.3 00.0 09.3 46.3 20:23 SSW 14 21.9 27.9 16:26 17.0 06:17 00.0 03.6 00.0 06.5 33.3 05:10 W 15 20.6 24.4 15:30 16.8 07:33 00.0 02.3 00.0 08.9 44.4 12:07 ENE 16 22.0 28.6 15:43 16.1 06:20 00.0 03.7 00.0 06.6 35.1 19:20 SSE 17 23.2 31.8 18:27 14.7 05:54 00.0 04.9 00.0 04.4 24.1 16:19 WSW 18 25.6 33.7 18:22 17.1 05:57 00.0 07.3 00.0 03.2 18.5 20:49 SSW 19 26.5 33.6 16:19 19.4 03:38 00.0 08.2 00.0 03.9 20.4 18:33 ESE 20 26.4 34.0 16:07 18.7 04:13 00.0 08.1 00.0 03.6 20.4 17:24 E 21 26.6 33.6 16:19 20.6 06:32 00.0 08.3 00.0 03.6 18.5 19:07 E 22 27.0 34.4 17:48 21.6 06:26 00.0 08.7 00.0 03.1 18.5 19:31 ESE 23 25.0 29.1 17:21 22.2 05:56 00.0 06.7 00.3 02.9 20.4 10:50 WNW 24 24.5 28.1 19:20 21.6 07:10 00.0 06.2 00.0 03.0 14.8 07:18 SW 25 26.0 32.5 16:24 19.8 06:51 00.0 07.7 00.0 04.1 22.2 17:26 N 26 27.3 33.3 16:02 21.8 06:26 00.0 09.0 00.0 02.8 20.4 14:34 NNE 27 26.9 32.8 14:14 21.7 05:44 00.0 08.6 00.0 03.4 18.5 21:38 ESE 28 24.9 30.9 16:42 20.2 05:29 00.0 06.6 00.0 05.3 33.3 02:16 NW 29 26.3 33.1 17:07 19.2 06:08 00.0 08.0 00.0 03.3 20.4 19:28 ESE 30 27.3 33.7 16:26 20.4 06:20 00.0 09.0 00.0 03.6 20.4 18:30 ESE 31 26.7 32.6 14:59 21.8 03:49 00.0 08.4 00.0 04.6 27.8 17:09 ENE -------------------------------------------------------------------------------------------------------- 25.8 (26.0) 35.4 day 12 14.7 day 17 000.0 231.8 010.7 04.4 55.5 day 02 ESE Max >= 30: 25 Max Rain: 10.4 ON 2-07-16 Days of Rain: 2 (> .2mm) 1 (> 2mm) 0 (> 20mm)