MONTHLY CLIMATOLOGICAL SUMMARY for JUN. 2022

NAME: Estensemeteo   CITY: Ferrara STATE: Italy
ELEV: 11 LAT: 044:48:49 LONG: -011:41:15

                            TEMPERATURE ( C), RAIN (mm), WIND SPEED (kmh)

                                               HEAT     COOL           AVG
      MEAN                                     DEG      DEG            WIND                       DOM
DAY   TEMP    HIGH   TIME     LOW    TIME      DAYS     DAYS    RAIN   SPEED    HIGH    TIME      DIR
--------------------------------------------------------------------------------------------------------
01    22.0    29.1   16:27    17.5   03:09     00.0     03.7    00.0   04.1     22.2    18:56      SE
02    24.2    30.5   15:33    18.1   06:04     00.0     05.9    00.0   04.4     22.2    15:51      SE
03    23.3    27.4   12:24    19.9   05:34     00.0     05.0    00.2   03.3     20.4    10:11     ENE
04    24.7    31.6   17:06    18.6   05:58     00.0     06.4    00.0   03.5     18.5    20:31      SW
05    26.3    32.6   17:55    19.9   05:53     00.0     08.0    00.0   04.8     24.1    12:02     ESE
06    25.0    31.4   16:53    18.9   06:18     00.0     06.7    00.0   05.4     25.9    17:17      SE
07    22.4    28.5   14:06    18.7   23:53     00.0     04.1    07.2   05.2     27.8    16:43     ENE
08    21.8    28.4   15:01    15.6   06:07     00.0     03.5    00.8   05.3     29.6    16:01      SE
09    19.4    23.3   12:55    16.4   06:04     00.0     01.1    03.2   06.2     35.1    13:24      N 
10    22.3    29.3   18:05    17.1   06:47     00.0     04.0    00.0   04.2     22.2    17:18      W 
11    24.7    30.1   17:49    18.1   04:37     00.0     06.4    00.0   04.1     25.9    11:55      SE
12    25.7    32.2   16:27    17.9   05:39     00.0     07.4    00.0   04.6     22.2    14:40      S 
13    25.3    33.7   16:53    17.3   06:04     00.0     07.0    00.0   05.4     24.1    19:00      SE
14    24.7    29.9   16:23    19.3   05:46     00.0     06.4    00.0   08.6     33.3    12:01     ESE
15    24.6    31.8   16:22    17.7   04:31     00.0     06.3    00.0   06.0     31.4    18:00     ESE
16    27.6    34.9   17:42    19.8   06:45     00.0     09.3    00.0   04.8     25.9    19:35      SE
17    27.1    33.9   14:38    21.1   03:31     00.0     08.8    00.0   06.9     29.6    17:49     ESE
18    26.6    31.8   16:25    20.6   05:57     00.0     08.3    00.0   08.5     31.4    12:36     ESE
19    25.9    32.6   15:45    18.9   06:45     00.0     07.6    00.0   06.7     27.8    17:50      SE
20    27.2    36.1   16:55    18.6   05:35     00.0     08.9    00.0   04.9     25.9    18:13     WSW
21    28.0    36.2   17:12    21.2   06:06     00.0     09.7    00.0   05.7     29.6    19:17     SSW
22    26.1    30.9   16:22    21.5   04:47     00.0     07.8    00.0   04.6     20.4    20:27      E 
23    26.9    32.4   14:31    20.6   05:33     00.0     08.6    00.0   04.9     24.1    14:09     WSW
24    27.3    34.2   16:13    21.4   06:28     00.0     09.0    00.0   04.9     35.1    18:54     WSW
25    26.3    33.0   17:38    19.9   05:12     00.0     08.0    00.0   07.2     29.6    12:37      SW
26    27.3    35.4   16:04    18.8   05:37     00.0     09.0    00.0   05.3     29.6    17:32      SE
27    27.8    34.1   14:15    21.6   03:40     00.0     09.5    00.0   08.7     29.6    15:45     ENE
28    25.9    29.4   13:13    21.6   06:07     00.0     07.6    00.2   04.3     44.4    17:58     ESE
29    26.3    32.3   17:26    20.4   06:48     00.0     08.0    00.0   07.5     27.8    14:02     WNW
30    27.5    34.5   15:13    21.8   05:28     00.0     09.2    00.0   04.8     31.4    18:51      SE
--------------------------------------------------------------------------------------------------------
25.3 (25.5)   36.2  day 21     15.6  day 08   000.0    211.2   011.6   05.5     44.4   day 28      SE
Max >=  30: 22
Max Rain: 7.2 ON 7-06-22
Days of Rain: 5 (> .2mm) 2 (> 2mm) 0 (> 20mm)