MONTHLY CLIMATOLOGICAL SUMMARY for JUN. 2020

NAME: Estensemeteo   CITY: Ferrara STATE: Italy
ELEV: 11 LAT: 044:48:49 LONG: -011:41:15

                            TEMPERATURE ( C), RAIN (mm), WIND SPEED (kmh)

                                               HEAT     COOL           AVG
      MEAN                                     DEG      DEG            WIND                       DOM
DAY   TEMP    HIGH   TIME     LOW    TIME      DAYS     DAYS    RAIN   SPEED    HIGH    TIME      DIR
--------------------------------------------------------------------------------------------------------
01    20.4    26.6   17:46    12.9   05:59     00.0     02.1    00.0   03.7     22.2    18:07      SE
02    22.1    29.2   16:59    15.4   05:26     00.0     03.8    00.0   04.6     37.0    21:22      S 
03    21.8    29.2   16:19    15.1   05:12     00.0     03.5    00.0   04.8     29.6    14:33     WSW
04    17.7    20.1   00:02    15.8   05:24     00.6     00.0    28.4   06.7     24.1    12:48      SE
05    20.3    26.4   17:31    15.7   06:08     00.0     02.0    00.3   05.8     22.2    12:16     WSW
06    21.6    28.7   14:31    15.4   04:59     00.0     03.3    00.0   05.7     29.6    16:54     ESE
07    22.2    27.8   12:56    16.6   06:07     00.0     03.9    00.5   08.3     38.9    13:57     SSW
08    19.2    23.9   13:37    16.3   06:09     00.0     00.9    01.5   04.5     31.4    14:54     ENE
09    19.4    25.6   15:44    16.4   06:33     00.0     01.1    00.0   04.9     40.7    17:07     NNE
10    18.1    23.8   12:47    14.1   06:57     00.2     00.0    03.6   05.4     50.0    14:52      S 
11    17.9    23.0   16:32    14.4   08:20     00.4     00.0    06.6   02.9     18.5    18:47      NW
12    20.4    27.4   17:10    13.3   05:29     00.0     02.1    00.0   04.2     24.1    20:32      SW
13    21.8    30.2   17:41    15.3   23:04     00.0     03.5    01.5   06.0     48.1    22:12      SW
14    20.2    27.3   17:49    14.2   05:36     00.0     01.9    00.3   05.7     25.9    14:07     WSW
15    20.6    24.3   14:18    17.8   05:04     00.0     02.3    01.5   04.3     27.8    14:00     ESE
16    22.3    28.4   16:53    17.7   06:15     00.0     04.0    01.8   04.0     20.4    16:38     SSE
17    21.8    25.6   18:19    16.8   05:23     00.0     03.5    00.0   06.0     29.6    14:25     WSW
18    22.0    28.4   15:54    16.3   05:57     00.0     03.7    01.3   06.6     29.6    17:57      SW
19    21.3    27.9   15:52    14.7   05:21     00.0     03.0    02.5   04.8     33.3    16:56     SSW
20    22.1    29.2   18:04    14.6   06:21     00.0     03.8    00.0   03.7     18.5    18:55     SSW
21    23.7    29.9   14:04    17.6   04:19     00.0     05.4    00.0   05.1     29.6    14:51     ESE
22    25.8    33.2   15:47    17.9   07:04     00.0     07.5    00.0   04.1     16.6    19:34      S 
23    27.0    33.5   16:52    20.3   06:53     00.0     08.7    00.0   04.8     25.9    17:53     SSE
24    25.0    30.2   15:38    18.6   05:32     00.0     06.7    00.0   10.2     31.4    14:50     ESE
25    23.8    29.1   14:06    19.1   06:30     00.0     05.5    00.0   09.2     29.6    16:22      E 
26    24.5    32.3   17:11    18.7   04:03     00.0     06.2    00.0   04.7     29.6    18:06      E 
27    25.9    34.0   16:39    18.6   06:00     00.0     07.6    00.0   03.5     25.9    17:41      E 
28    27.5    34.6   16:52    22.1   03:14     00.0     09.2    00.0   05.3     20.4    19:59      SW
29    27.7    34.4   17:15    21.8   05:59     00.0     09.4    00.0   06.4     35.1    14:52     WSW
30    26.7    33.2   18:06    20.5   05:51     00.0     08.4    00.0   04.3     20.4    20:25      NE
--------------------------------------------------------------------------------------------------------
22.4 (22.7)   34.6  day 28     12.9  day 01   001.1    123.1   049.8   05.3     50.0   day 10     SSE
Max >=  30: 9
Max Rain: 28.4 ON 4-06-20
Days of Rain: 12 (> .2mm) 4 (> 2mm) 1 (> 20mm)