MONTHLY CLIMATOLOGICAL SUMMARY for JUN. 2017 NAME: Estensemeteo CITY: Ferrara STATE: Italy ELEV: 11 LAT: 044:48:49 LONG: -011:41:15 TEMPERATURE ( °C), RAIN (mm), WIND SPEED (kmh) HEAT COOL AVG MEAN DEG DEG WIND DOM DAY TEMP HIGH TIME LOW TIME DAYS DAYS RAIN SPEED HIGH TIME DIR -------------------------------------------------------------------------------------------------------- 01 23.8 31.0 18:41 18.6 06:32 00.0 05.5 00.0 04.7 18.5 20:12 SW 02 23.4 31.2 15:51 16.4 06:17 00.0 05.1 00.0 03.0 18.5 15:29 SSW 03 24.7 31.9 17:42 18.6 06:48 00.0 06.4 00.0 03.8 18.5 22:25 S 04 24.2 30.5 17:53 17.6 06:07 00.0 05.9 00.0 05.7 24.1 14:57 SSW 05 23.1 28.8 12:54 17.5 03:22 00.0 04.8 00.0 05.1 24.1 17:34 ESE 06 22.3 28.2 17:37 17.4 05:46 00.0 04.0 00.0 05.0 38.9 15:57 SW 07 22.1 28.1 18:07 16.7 05:56 00.0 03.8 00.0 05.8 37.0 21:54 NE 08 20.4 26.3 18:07 13.8 06:15 00.0 02.1 00.0 04.9 20.4 20:13 E 09 21.6 29.1 18:09 13.2 05:34 00.0 03.3 00.0 03.0 18.5 20:36 SE 10 23.6 30.7 16:27 17.8 06:37 00.0 05.3 00.0 03.5 22.2 17:34 SE 11 24.0 30.2 16:14 16.8 04:47 00.0 05.7 00.0 05.3 24.1 19:36 ESE 12 24.8 31.9 14:59 16.6 03:28 00.0 06.5 00.0 06.1 25.9 19:28 SE 13 25.9 33.8 15:28 19.2 06:06 00.0 07.6 00.0 04.3 24.1 18:53 ESE 14 25.4 30.7 15:03 20.6 04:08 00.0 07.1 05.3 04.8 25.9 21:27 ENE 15 24.5 30.5 16:44 19.9 04:52 00.0 06.2 02.5 03.4 18.5 19:53 SSE 16 26.4 32.3 17:39 20.7 06:17 00.0 08.1 00.0 03.7 20.4 21:35 SSW 17 25.7 31.1 13:12 21.0 00:00 00.0 07.4 00.0 06.6 29.6 15:53 ESE 18 24.3 28.5 17:32 20.3 00:00 00.0 06.0 00.0 07.6 31.4 12:05 ESE 19 24.3 31.3 16:08 16.3 05:43 00.0 06.0 00.0 04.4 20.4 18:57 SSE 20 25.7 33.6 16:42 17.9 05:11 00.0 07.4 00.0 04.6 25.9 18:24 SE 21 26.7 34.1 19:36 19.4 05:29 00.0 08.4 00.0 04.1 18.5 21:26 SW 22 28.3 35.7 18:19 22.3 02:39 00.0 10.0 00.0 03.9 20.4 21:04 SSE 23 29.2 35.7 18:25 23.3 06:23 00.0 10.9 00.0 05.6 22.2 14:32 WSW 24 29.1 36.3 17:45 23.8 06:19 00.0 10.8 00.0 04.9 24.1 18:13 SSW 25 25.5 30.3 13:22 21.7 14:35 00.0 07.2 02.5 04.5 31.4 14:13 SSW 26 25.3 32.2 16:27 20.0 06:12 00.0 07.0 00.0 03.8 22.2 16:15 E 27 25.1 30.9 15:48 21.3 05:55 00.0 06.8 00.3 05.4 27.8 16:48 E 28 23.7 30.9 12:44 18.1 00:00 00.0 05.4 09.9 05.9 48.1 14:07 SSE 29 22.7 29.5 15:10 16.5 06:04 00.0 04.4 00.0 07.0 40.7 18:42 SW 30 21.8 25.7 13:08 16.3 05:11 00.0 03.5 00.0 04.6 29.6 18:21 SSE -------------------------------------------------------------------------------------------------------- 24.6 (24.8) 36.3 day 24 13.2 day 09 000.0 188.6 020.6 04.8 48.1 day 29 SE Max >= 30: 22 Max Rain: 9.9 ON 28-06-17 Days of Rain: 5 (> .2mm) 4 (> 2mm) 0 (> 20mm)