MONTHLY CLIMATOLOGICAL SUMMARY for JUN. 2015 NAME: Estensemeteo CITY: Ferrara STATE: Italy ELEV: 11 LAT: 044:48:49 LONG: -011:41:15 TEMPERATURE ( °C), RAIN (mm), WIND SPEED (kmh) HEAT COOL AVG MEAN DEG DEG WIND DOM DAY TEMP HIGH TIME LOW TIME DAYS DAYS RAIN SPEED HIGH TIME DIR -------------------------------------------------------------------------------------------------------- 01 21.0 28.5 16:10 15.2 06:11 00.0 02.7 00.0 03.8 20.4 17:52 ESE 02 23.0 29.9 18:04 16.4 05:32 00.0 04.7 00.0 03.3 18.5 19:51 S 03 24.5 30.9 15:44 16.9 06:05 00.0 06.2 00.0 02.8 12.9 15:09 WSW 04 26.3 33.1 17:32 19.6 06:03 00.0 08.0 00.0 04.1 18.5 15:21 SSE 05 26.5 32.6 16:42 19.7 05:10 00.0 08.2 00.0 03.8 18.5 17:31 SSE 06 26.3 33.3 16:04 18.6 05:58 00.0 08.0 00.0 04.6 22.2 16:41 SSE 07 25.9 32.3 16:37 19.3 04:42 00.0 07.6 00.0 04.5 24.1 14:21 ENE 08 25.3 30.9 16:23 20.1 03:50 00.0 07.0 00.0 04.1 20.4 15:52 NE 09 23.9 31.2 15:00 18.6 04:59 00.0 05.6 00.0 04.1 31.4 16:38 SW 10 23.8 29.7 16:28 18.3 05:49 00.0 05.5 00.0 05.0 22.2 19:56 E 11 24.3 31.4 16:01 18.1 05:38 00.0 06.0 00.0 04.6 18.5 19:08 S 12 25.1 31.3 15:36 18.0 05:19 00.0 06.8 00.0 04.6 31.4 15:50 S 13 25.8 32.8 16:20 19.0 06:11 00.0 07.5 00.0 04.9 27.8 16:23 SSE 14 22.7 29.5 13:26 17.7 23:48 00.0 04.4 00.0 05.5 40.7 14:11 E 15 21.8 29.1 14:16 16.2 05:33 00.0 03.5 01.7 03.9 33.3 19:11 SSE 16 21.5 29.2 16:03 16.8 00:00 00.0 03.2 18.5 06.1 38.9 18:44 W 17 19.8 24.8 17:14 16.7 07:11 00.0 01.5 06.3 05.3 25.9 14:36 E 18 21.0 25.9 18:01 16.1 06:23 00.0 02.7 00.0 05.1 24.1 08:47 SSE 19 21.0 26.8 15:28 16.4 05:54 00.0 02.7 00.0 06.1 25.9 21:33 ESE 20 18.9 24.3 13:09 15.7 04:07 00.0 00.6 10.1 05.5 38.9 15:48 E 21 19.7 25.5 16:16 14.2 06:15 00.0 01.4 00.0 06.3 31.4 14:16 SE 22 20.6 27.1 14:51 13.7 04:32 00.0 02.3 00.0 05.5 29.6 17:03 E 23 23.2 29.9 14:53 16.5 04:19 00.0 04.9 00.3 07.5 37.0 21:41 SW 24 19.1 24.8 17:51 13.7 06:17 00.0 00.8 10.9 06.7 42.5 03:20 ENE 25 20.5 26.7 15:29 13.9 05:04 00.0 02.2 00.0 05.8 22.2 15:56 SSE 26 22.5 29.1 18:30 14.9 05:46 00.0 04.2 00.0 03.8 18.5 19:51 SSE 27 23.5 30.8 15:56 16.2 06:02 00.0 05.2 00.0 05.5 22.2 18:26 ESE 28 23.3 30.0 15:51 16.7 04:56 00.0 05.0 00.0 04.4 24.1 17:23 SE 29 23.9 29.3 16:45 17.8 03:43 00.0 05.6 00.0 06.2 20.4 19:04 ESE 30 24.7 30.8 16:14 17.7 06:04 00.0 06.4 00.0 04.2 22.2 15:31 ESE -------------------------------------------------------------------------------------------------------- 23.0 (23.2) 33.3 day 06 13.7 day 24 000.0 140.4 047.6 04.9 42.6 day 24 SE Max >= 30: 13 Max Rain: 18.5 ON 16-06-15 Days of Rain: 6 (> .2mm) 4 (> 2mm) 0 (> 20mm)