MONTHLY CLIMATOLOGICAL SUMMARY for JUN. 2007 NAME: Estensemeteo CITY: Ferrara STATE: Italy ELEV: 11 LAT: 044:48:49 LONG: -011:41:15 TEMPERATURE ( °C), RAIN (mm), WIND SPEED (kmh) HEAT COOL AVG MEAN DEG DEG WIND DOM DAY TEMP HIGH TIME LOW TIME DAYS DAYS RAIN SPEED HIGH TIME DIR -------------------------------------------------------------------------------------------------------- 01 18.3 28.0 23:15 14.7 04:26 00.0 00.0 00.0 05.4 29.6 16:01 ESE 02 16.9 28.0 23:41 14.1 05:06 01.4 00.0 08.9 05.4 25.9 15:56 N 03 19.8 28.0 07:56 14.9 06:06 00.0 01.5 00.0 05.1 22.2 16:56 NNW 04 20.1 27.5 16:46 15.9 06:11 00.0 01.8 07.4 04.1 24.1 17:26 W 05 21.4 25.9 17:31 17.1 06:41 00.0 03.1 00.3 07.1 35.1 12:46 NE 06 19.4 21.8 15:06 17.4 05:56 00.0 01.1 00.5 05.1 25.9 13:41 NNW 07 18.8 22.3 16:56 16.2 11:46 00.0 00.5 35.3 03.8 37.0 10:46 N 08 21.2 26.7 18:06 16.3 04:46 00.0 02.9 04.6 04.0 20.4 13:21 NW 09 23.4 29.4 16:56 17.1 05:51 00.0 05.1 00.0 03.6 18.5 16:21 N 10 24.4 31.3 17:11 17.4 05:56 00.0 06.1 00.0 03.7 22.2 20:01 SSE 11 23.2 29.8 15:56 18.8 06:56 00.0 04.9 00.0 04.4 29.6 23:01 N 12 21.1 26.4 17:16 17.4 06:36 00.0 02.8 00.0 04.8 33.3 17:56 WSW 13 22.7 29.2 17:56 17.2 05:56 00.0 04.4 02.5 02.6 33.3 21:46 ESE 14 23.3 30.3 18:36 17.8 06:06 00.0 05.0 00.0 03.6 18.5 22:36 WSW 15 23.9 29.6 14:21 18.2 06:41 00.0 05.6 00.0 07.1 42.5 15:06 SSW 16 23.2 29.3 14:56 17.0 04:56 00.0 04.9 00.0 03.9 20.4 17:56 WSW 17 23.1 29.6 15:26 15.9 04:56 00.0 04.8 00.0 04.0 24.1 19:41 SSW 18 24.6 29.6 16:06 18.7 06:41 00.0 06.3 00.0 04.7 25.9 12:01 W 19 25.6 32.4 17:06 19.5 06:36 00.0 07.3 00.0 03.8 20.4 19:01 ENE 20 26.2 33.1 15:31 21.3 03:51 00.0 07.9 00.0 03.7 20.4 17:26 E 21 27.1 33.8 17:01 20.3 05:56 00.0 08.8 00.0 04.3 27.8 14:21 SW 22 24.7 30.7 18:31 19.3 05:16 00.0 06.4 00.0 03.8 22.2 20:11 SSW 23 24.8 31.9 17:16 17.3 06:26 00.0 06.5 00.0 05.6 31.4 18:21 SW 24 24.4 32.1 17:31 17.4 03:51 00.0 06.1 00.0 04.5 31.4 18:31 SSW 25 25.9 33.7 18:01 18.5 03:41 00.0 07.6 00.0 04.1 29.6 21:01 ESE 26 24.0 28.8 12:26 17.7 00:00 00.0 05.7 00.0 09.3 42.5 14:41 SW 27 20.4 28.2 15:31 14.0 06:21 00.0 02.1 02.3 05.2 46.3 17:46 SW 28 21.2 28.0 07:21 14.5 06:26 00.0 02.9 00.0 04.1 25.9 19:06 E 29 24.1 29.8 16:01 15.4 05:41 00.0 05.8 00.3 03.0 24.1 11:51 SE 30 27.4 29.8 16:56 21.5 23:37 00.0 09.1 00.0 01.6 18.5 20:51 SSE -------------------------------------------------------------------------------------------------------- 22.8 (23.2) 33.8 day 21 14.0 day 27 001.4 137.0 062.0 04.5 46.3 day 27 SSW Max >= 30: 9 Max Rain: 35.3 ON 7-06-19 Days of Rain: 9 (> .2mm) 6 (> 2mm) 1 (> 20mm)