MONTHLY CLIMATOLOGICAL SUMMARY for MAY. 2020

NAME: Estensemeteo   CITY: Ferrara STATE: Italy
ELEV: 11 LAT: 044:48:49 LONG: -011:41:15

                            TEMPERATURE ( C), RAIN (mm), WIND SPEED (kmh)

                                               HEAT     COOL           AVG
      MEAN                                     DEG      DEG            WIND                       DOM
DAY   TEMP    HIGH   TIME     LOW    TIME      DAYS     DAYS    RAIN   SPEED    HIGH    TIME      DIR
--------------------------------------------------------------------------------------------------------
01    18.0    22.9   14:38    12.3   06:17     00.3     00.0    00.0   04.8     22.2    00:36     SSW
02    18.6    24.9   17:22    12.3   06:27     00.0     00.3    00.0   06.6     29.6    20:12      W 
03    17.6    22.2   14:35    12.8   06:27     00.7     00.0    00.0   08.6     29.6    15:14      E 
04    16.9    24.3   15:30    09.1   05:43     01.4     00.0    00.0   07.3     27.8    18:53      SE
05    18.0    24.9   17:14    11.1   04:55     00.3     00.0    00.0   04.3     22.2    19:50     WNW
06    17.0    21.0   17:05    12.6   00:00     01.3     00.0    00.0   06.9     29.6    15:54     ESE
07    16.8    24.0   17:16    09.5   05:28     01.5     00.0    00.0   04.5     22.2    13:27      SE
08    18.4    27.2   15:42    09.6   06:21     00.0     00.1    00.0   06.1     24.1    17:15     ESE
09    19.3    28.3   17:35    12.1   06:09     00.0     01.0    00.0   05.1     29.6    18:07     SSE
10    19.9    26.8   15:58    15.1   02:20     00.0     01.6    00.0   05.2     25.9    23:32     ESE
11    18.8    23.3   12:56    14.6   08:57     00.0     00.5    04.1   08.2     40.7    17:12      S 
12    19.3    24.8   14:29    14.9   23:13     00.0     01.0    00.0   04.8     29.6    20:50      NW
13    17.0    23.4   15:45    11.3   06:15     01.3     00.0    00.0   08.3     29.6    17:03      NE
14    19.4    24.9   17:03    14.4   06:50     00.0     01.1    00.0   05.7     25.9    22:25      E 
15    19.8    24.3   14:27    15.1   05:26     00.0     01.5    00.0   04.8     29.6    13:06      NW
16    17.8    21.9   14:17    14.2   03:56     00.5     00.0    00.8   05.8     29.6    14:33     ENE
17    19.9    27.3   17:53    14.9   06:37     00.0     01.6    00.3   04.1     22.2    19:22     NNE
18    20.5    25.4   14:32    15.7   06:14     00.0     02.2    00.0   04.5     25.9    14:33      NE
19    21.1    26.1   13:57    17.6   23:58     00.0     02.8    00.3   09.8     44.4    19:42      NE
20    20.4    24.2   17:56    16.7   02:38     00.0     02.1    00.0   07.7     29.6    18:20     NNE
21    21.1    27.1   18:08    14.6   05:59     00.0     02.8    00.0   05.3     25.9    18:59     ESE
22    21.1    27.6   14:10    13.1   06:24     00.0     02.8    00.0   07.7     29.6    12:12      SE
23    22.9    31.4   16:40    15.8   06:42     00.0     04.6    00.0   03.4     31.4    23:42     WSW
24    21.1    26.0   15:24    15.9   06:01     00.0     02.8    00.0   09.1     31.4    10:03     ESE
25    21.0    27.7   15:44    12.9   05:40     00.0     02.7    00.0   03.5     20.4    14:43     SSE
26    19.9    24.4   16:08    14.6   05:52     00.0     01.6    00.0   10.4     38.9    10:57      SE
27    19.2    25.2   17:40    12.6   06:23     00.0     00.9    00.0   04.1     25.9    17:51      SE
28    19.9    26.1   17:06    12.8   06:22     00.0     01.6    00.5   06.7     27.8    23:27      SE
29    16.2    19.9   12:15    13.7   05:46     02.1     00.0    15.0   05.5     48.1    00:52     SSE
30    17.4    23.2   18:24    10.8   06:33     00.9     00.0    00.0   04.2     25.9    15:37      SE
31    18.6    23.3   17:07    14.7   06:25     00.0     00.3    00.0   04.8     18.5    23:14     ESE
--------------------------------------------------------------------------------------------------------
19.1 (19.2)   31.4  day 23     09.1  day 04   010.4    036.0   020.8   06.1     48.1   day 29     ESE
Max >=  30: 1
Max Rain: 15.0 ON 29-05-20
Days of Rain: 6 (> .2mm) 2 (> 2mm) 0 (> 20mm)