MONTHLY CLIMATOLOGICAL SUMMARY for APR. 2021

NAME: Estensemeteo   CITY: Ferrara STATE: Italy
ELEV: 11 LAT: 044:48:49 LONG: -011:41:15

                            TEMPERATURE ( C), RAIN (mm), WIND SPEED (kmh)

                                               HEAT     COOL           AVG
      MEAN                                     DEG      DEG            WIND                       DOM
DAY   TEMP    HIGH   TIME     LOW    TIME      DAYS     DAYS    RAIN   SPEED    HIGH    TIME      DIR
--------------------------------------------------------------------------------------------------------
01    17.9    26.4   18:04    09.3   07:14     00.4     00.0    00.0   03.6     20.4    15:54      W 
02    18.4    25.7   18:28    11.7   07:15     00.0     00.1    00.0   04.3     22.2    13:01     WSW
03    13.4    15.9   02:03    08.4   00:00     04.9     00.0    00.0   09.5     40.7    10:17     ESE
04    10.2    15.1   14:56    05.8   06:34     08.1     00.0    00.0   07.9     35.1    17:13     ESE
05    09.9    17.9   16:22    02.8   06:52     08.4     00.0    00.0   05.4     31.4    19:21     SSE
06    06.4    09.4   09:25    02.6   23:57     11.9     00.0    03.6   09.5     55.5    13:49      E 
07    05.7    12.2   18:09   -00.2   06:15     12.6     00.0    00.0   06.5     42.5    14:47      W 
08    08.3    16.7   16:56    00.4   04:39     10.0     00.0    00.0   06.7     25.9    20:31      SW
09    10.6    17.9   15:58    03.9   06:18     07.7     00.0    00.0   04.3     24.1    18:17      S 
10    11.6    17.1   14:48    05.9   02:22     06.7     00.0    00.0   05.1     27.8    15:14      S 
11    11.1    14.6   14:38    09.7   06:20     07.2     00.0    11.2   07.3     27.8    08:50      E 
12    12.5    16.8   16:15    09.9   03:09     05.8     00.0    17.2   06.6     25.9    13:20      SE
13    08.0    11.3   00:42    06.3   08:22     10.3     00.0    04.8   08.4     38.9    05:59     NNE
14    08.5    13.4   12:57    03.3   07:27     09.8     00.0    00.0   04.3     29.6    15:10     SSE
15    07.5    12.5   16:58    02.3   06:37     10.8     00.0    00.0   06.0     35.1    13:50      E 
16    08.8    14.9   15:04    02.3   06:42     09.5     00.0    00.0   05.1     27.8    13:10      E 
17    09.2    14.4   18:24    02.6   04:49     09.1     00.0    00.0   05.8     38.9    12:44      NE
18    10.5    14.7   15:56    06.5   04:37     07.8     00.0    00.0   04.9     29.6    15:09      E 
19    11.1    16.9   14:56    06.8   07:21     07.2     00.0    00.0   03.5     25.9    17:05      NW
20    12.2    20.3   15:26    04.6   06:23     06.1     00.0    00.0   04.4     31.4    17:25     SSW
21    12.9    20.2   15:13    06.3   06:17     05.4     00.0    00.0   04.8     29.6    18:57      S 
22    13.6    19.1   16:34    08.6   04:49     04.7     00.0    00.0   05.8     24.1    16:01     ENE
23    13.6    20.3   16:08    06.1   06:53     04.7     00.0    00.0   04.2     22.2    16:25     ESE
24    15.1    22.4   16:51    06.9   06:25     03.2     00.0    00.0   04.3     22.2    19:04      SE
25    16.4    24.2   16:32    08.7   04:43     01.9     00.0    00.0   05.2     24.1    18:32     SSE
26    13.8    16.9   12:10    11.6   23:31     04.5     00.0    01.0   08.9     31.4    10:06      E 
--------------------------------------------------------------------------------------------------------
11.4 (11.5)   26.4  day 01    -00.2  day 07   178.8    000.1   038.0   05.8     55.5   day 06     ESE
Min <=   0: 1
Max Rain: 17.2 ON 12-04-21
Days of Rain: 5 (> .2mm) 4 (> 2mm) 0 (> 20mm)