MONTHLY CLIMATOLOGICAL SUMMARY for APR. 2014 NAME: Estensemeteo CITY: Ferrara STATE: Italy ELEV: 11 LAT: 044:48:49 LONG: -011:41:15 TEMPERATURE ( °C), RAIN (mm), WIND SPEED (kmh) HEAT COOL AVG MEAN DEG DEG WIND DOM DAY TEMP HIGH TIME LOW TIME DAYS DAYS RAIN SPEED HIGH TIME DIR ---------------------------------------------------------------------------------------------------------------------------------------------------------- 01 15.7 21.7 17:27 09.2 06:52 02.6 00.0 00.0 05.1 20.4 14:18 WSW 02 15.2 21.4 17:54 09.4 06:46 03.1 00.0 00.0 05.6 20.4 21:35 SSW 03 14.2 19.3 15:55 10.7 05:20 04.1 00.0 00.0 04.4 22.2 18:38 E 04 14.5 15.7 10:22 13.2 23:35 03.8 00.0 06.4 11.0 38.9 14:00 ENE 05 14.6 17.6 17:09 12.6 05:46 03.7 00.0 01.1 03.9 20.4 14:06 NE 06 17.2 23.1 17:53 11.8 07:19 01.1 00.0 00.0 03.2 16.6 15:27 NW 07 18.2 25.0 16:03 12.1 05:44 00.1 00.0 00.0 03.2 18.5 05:30 SSE 08 18.6 25.8 14:48 11.4 07:11 00.0 00.3 00.0 03.0 20.4 18:58 SW 09 16.6 20.2 17:16 12.4 23:45 01.7 00.0 00.0 07.3 31.4 14:48 SE 10 15.5 22.7 16:58 07.6 07:16 02.8 00.0 00.0 03.3 22.2 15:38 SSE 11 14.8 20.1 14:17 10.2 03:42 03.5 00.0 00.0 07.2 29.6 13:00 ESE 12 14.5 19.2 15:24 10.9 05:42 03.8 00.0 00.0 03.3 20.4 18:58 E 13 14.7 19.4 16:14 10.6 05:54 03.6 00.0 00.0 03.4 18.5 17:56 ESE 14 16.5 24.5 17:25 08.0 06:39 01.8 00.0 00.0 03.5 20.4 20:37 WSW 15 15.0 19.2 15:31 11.6 23:59 03.3 00.0 00.0 07.8 33.3 11:40 E 16 13.1 18.5 17:34 07.3 06:59 05.2 00.0 00.0 04.4 33.3 01:42 NE 17 13.9 19.8 16:54 07.3 05:54 04.4 00.0 00.0 03.7 24.1 15:12 NNE 18 14.2 20.9 14:19 06.9 06:47 04.1 00.0 00.0 03.0 16.6 13:30 S 19 15.4 19.7 15:17 12.8 00:00 02.9 00.0 00.0 08.0 29.6 16:23 ESE 20 14.8 21.4 15:51 09.1 07:10 03.5 00.0 00.0 05.0 31.4 18:27 ESE 21 15.3 20.0 14:37 13.3 19:23 03.0 00.0 09.5 05.4 29.6 17:50 ENE 22 15.7 22.3 16:22 11.2 06:15 02.6 00.0 00.3 02.7 24.1 19:13 ESE 23 16.9 23.3 17:39 11.0 04:37 01.4 00.0 00.0 02.5 20.4 15:23 NNW 24 18.9 26.3 16:10 13.9 06:25 00.0 00.6 00.0 05.9 31.4 16:55 SW 25 19.4 26.5 14:56 12.1 05:51 00.0 01.1 00.0 03.9 29.6 15:08 SE 26 19.4 26.5 16:24 14.7 04:09 00.0 01.1 00.0 03.4 20.4 17:11 SE 27 16.6 22.2 14:28 13.7 23:32 01.7 00.0 03.4 05.0 25.9 16:34 ENE 28 13.5 14.8 14:22 11.8 00:00 04.8 00.0 11.7 07.3 24.1 17:57 W 29 15.8 21.5 16:24 11.4 02:08 02.5 00.0 07.8 04.8 18.5 17:36 W 30 16.2 21.2 14:11 13.5 06:50 02.1 00.0 02.0 02.8 22.2 15:57 NNE ---------------------------------------------------------------------------------------------------------------------------------------------------------- 15.8 (16.2) 26.5 day 25 06.9 day 18 077.1 003.2 042.2 04.8 38.9 day 15 ESE Min <= 30: 30 Max Rain: 11.7 ON 28-04-14 Days of Rain: 8 (> .2mm) 5 (> 2mm) 0 (> 20mm)