MONTHLY CLIMATOLOGICAL SUMMARY for MAR. 2022

NAME: Estensemeteo   CITY: Ferrara STATE: Italy
ELEV: 11 LAT: 044:48:49 LONG: -011:41:15

                            TEMPERATURE ( C), RAIN (mm), WIND SPEED (kmh)

                                               HEAT     COOL           AVG
      MEAN                                     DEG      DEG            WIND                       DOM
DAY   TEMP    HIGH   TIME     LOW    TIME      DAYS     DAYS    RAIN   SPEED    HIGH    TIME      DIR
--------------------------------------------------------------------------------------------------------
01    05.6    10.6   15:11   -00.2   06:43     12.7     00.0    00.0   05.6     42.5    00:48     NNW
02    05.9    13.2   16:24   -01.5   06:43     12.4     00.0    00.0   04.6     18.5    11:49     WSW
03    07.9    14.3   16:35    03.2   07:24     10.4     00.0    00.0   02.3     14.8    19:05      W 
04    07.6    13.5   13:55    02.9   00:00     10.7     00.0    00.0   05.1     27.8    14:20      E 
05    05.0    09.3   14:35    00.8   00:00     13.3     00.0    00.0   09.0     44.4    12:53      NE
06    04.5    09.0   15:35    00.3   05:02     13.8     00.0    00.0   09.0     40.7    15:00      NE
07    04.7    11.2   15:42   -00.2   03:26     13.6     00.0    00.0   05.9     27.8    10:13     ENE
08    05.8    10.1   14:10    01.2   00:24     12.5     00.0    00.0   05.8     27.8    11:14      E 
09    06.1    13.7   16:27   -01.2   07:14     12.2     00.0    00.0   04.2     22.2    11:39      W 
10    07.3    16.5   16:02   -00.5   06:54     11.0     00.0    00.0   04.0     20.4    18:15      S 
11    06.5    12.2   12:54    01.8   22:45     11.8     00.0    00.0   08.9     35.1    12:45     ESE
12    05.0    10.3   13:24    00.2   07:09     13.3     00.0    00.0   05.5     29.6    13:54     ENE
13    04.5    11.3   15:44   -01.6   06:32     13.8     00.0    00.0   05.1     24.1    16:13      E 
14    08.7    15.2   15:12    04.1   04:04     09.6     00.0    00.0   03.8     16.6    18:28     NNE
15    09.1    15.9   16:26    03.9   05:24     09.2     00.0    00.0   03.3     18.5    18:32     SSE
16    11.3    17.4   14:59    06.6   06:38     07.0     00.0    00.0   06.3     29.6    18:43      NW
17    11.4    15.6   15:43    08.0   23:46     06.9     00.0    00.0   04.9     25.9    16:18     ENE
18    09.8    14.2   12:53    05.6   00:00     08.5     00.0    00.0   06.1     29.6    13:23      E 
19    07.9    14.4   14:25    02.6   06:47     10.4     00.0    00.0   05.5     27.8    16:01      E 
20    07.5    14.2   15:38    01.7   04:34     10.8     00.0    00.0   06.1     29.6    13:35      NE
21    07.7    14.1   15:30    01.9   06:27     10.6     00.0    00.0   04.0     27.8    13:12      N 
22    08.9    16.1   16:00    00.7   05:00     09.4     00.0    00.0   03.7     24.1    13:12      SE
23    10.9    19.3   17:18    02.7   06:27     07.4     00.0    00.0   04.6     18.5    08:27     WNW
24    13.3    22.5   16:53    04.2   06:32     05.0     00.0    00.0   04.3     18.5    19:12     WSW
25    13.3    22.2   14:54    05.3   06:34     05.0     00.0    00.0   03.3     18.5    18:24      W 
26    13.4    22.5   16:37    04.7   06:52     04.9     00.0    00.0   02.7     16.6    18:13     SSE
27    11.4    19.9   15:29    03.8   07:34     06.9     00.0    00.0   03.7     20.4    15:49     ESE
28    10.3    21.3   15:28    00.7   07:40     08.0     00.0    00.2   03.8     25.9    16:25     SSE
29    12.3    18.7   16:54    06.4   00:21     06.0     00.0    00.0   04.6     18.5    19:16      NE
30    11.1    13.7   16:53    08.3   05:30     07.2     00.0    00.8   06.0     22.2    15:28      E 
31    10.6    12.6   18:21    09.7   23:37     07.7     00.0    33.4   05.1     20.4    12:25     NNW
--------------------------------------------------------------------------------------------------------
08.6 (8.9)   22.5  day 26    -01.6  day 13   301.9    000.0   034.4   05.1     44.4   day 06     ENE
Min <=   0: 6
Max Rain: 33.4 ON 31-03-22
Days of Rain: 3 (> .2mm) 1 (> 2mm) 1 (> 20mm)