MONTHLY CLIMATOLOGICAL SUMMARY for MAR. 2020

NAME: Estensemeteo   CITY: Ferrara STATE: Italy
ELEV: 11 LAT: 044:48:49 LONG: -011:41:15

                            TEMPERATURE ( C), RAIN (mm), WIND SPEED (kmh)

                                               HEAT     COOL           AVG
      MEAN                                     DEG      DEG            WIND                       DOM
DAY   TEMP    HIGH   TIME     LOW    TIME      DAYS     DAYS    RAIN   SPEED    HIGH    TIME      DIR
--------------------------------------------------------------------------------------------------------
01    07.5    08.8   01:13    04.6   00:00     10.8     00.0    02.5   04.0     18.5    17:54     WNW
02    08.2    13.9   16:15    02.7   06:52     10.1     00.0    02.8   09.9     33.3    16:04      SE
03    08.3    10.8   14:25    04.5   07:14     10.0     00.0    00.8   06.7     29.6    00:52      SW
04    08.8    12.4   15:31    05.7   22:55     09.5     00.0    00.3   07.4     29.6    07:55     NNE
05    07.1    12.5   13:57    00.7   04:07     11.2     00.0    03.3   07.2     31.4    21:52      E 
06    08.1    11.5   14:09    04.7   05:55     10.2     00.0    04.3   06.9     29.6    04:40     WNW
07    09.8    13.3   15:23    06.8   01:17     08.5     00.0    00.0   05.6     42.5    12:22     NNE
08    09.9    14.7   14:04    06.2   23:23     08.4     00.0    00.0   04.4     18.5    19:32      SE
09    08.6    13.9   12:45    03.2   06:19     09.7     00.0    00.0   04.6     22.2    12:23     ESE
10    09.6    15.7   16:42    04.4   03:58     08.7     00.0    00.0   05.3     18.5    13:57      W 
11    11.0    18.7   15:38    05.9   06:08     07.3     00.0    00.0   04.6     22.2    17:39      E 
12    10.8    18.5   15:18    04.1   06:46     07.5     00.0    00.0   03.2     20.4    20:17     ENE
13    13.0    17.0   14:57    09.1   07:19     05.3     00.0    00.0   04.6     20.4    17:22     NNE
14    11.0    14.8   13:58    07.0   00:00     07.3     00.0    00.0   07.2     29.6    19:20     NNE
15    09.3    14.1   15:02    03.9   06:01     09.0     00.0    00.0   06.3     29.6    12:01      NE
16    09.3    16.3   16:14    03.2   05:33     09.0     00.0    00.0   03.4     18.5    15:27      E 
17    10.0    17.5   15:13    02.2   06:45     08.3     00.0    00.0   02.5     20.4    18:42     SSE
18    12.6    20.1   16:28    05.0   05:05     05.7     00.0    00.0   02.7     14.8    11:15     WNW
19    13.7    21.9   16:07    07.6   07:08     04.6     00.0    00.0   03.9     18.5    18:10      SW
20    12.4    20.1   14:04    06.0   06:47     05.9     00.0    00.0   04.2     22.2    14:53     ESE
21    12.0    18.9   15:12    05.1   06:58     06.3     00.0    00.0   04.3     24.1    16:55     ENE
22    11.3    13.8   16:32    08.6   00:00     07.0     00.0    00.0   10.5     35.1    13:14     ENE
23    06.5    09.6   15:32    03.1   23:52     11.8     00.0    00.0   14.7     48.1    08:57      E 
24    06.2    11.1   14:36    00.6   05:20     12.1     00.0    00.0   09.9     44.4    13:18     ENE
25    06.4    08.4   13:08    04.9   23:59     11.9     00.0    00.0   21.0     53.6    07:28      NE
26    05.8    07.8   23:53    03.1   08:26     12.5     00.0    02.8   15.3     48.1    12:38     NNE
27    09.8    13.1   15:25    06.9   04:01     08.5     00.0    00.0   05.5     27.8    01:09     NNE
28    12.1    18.7   15:58    06.6   06:36     06.2     00.0    00.0   05.6     18.5    14:17     WNW
29    13.4    20.8   15:53    06.4   07:30     04.9     00.0    00.0   04.7     27.8    18:28     SSE
30    11.1    16.7   13:23    05.8   00:00     07.2     00.0    04.8   13.1     48.1    21:24     ENE
31    06.9    10.6   16:36    03.8   23:25     11.4     00.0    04.8   13.4     48.1    11:09     ENE
--------------------------------------------------------------------------------------------------------
09.7 (9.8)   21.9  day 19     00.6  day 24   266.8    000.0   026.4   07.2     53.7   day 25     ENE
Max Rain: 4.8 ON 30-03-20
Days of Rain: 9 (> .2mm) 7 (> 2mm) 0 (> 20mm)